{"id":9929,"date":"2022-04-08T16:35:00","date_gmt":"2022-04-08T16:35:00","guid":{"rendered":"https:\/\/gifex.com\/fr\/?post_type=ficha&#038;p=9929"},"modified":"2022-08-14T15:45:32","modified_gmt":"2022-08-14T15:45:32","slug":"carte-de-l-industrie-nucleaire-en-france","status":"publish","type":"ficha","link":"https:\/\/gifex.com\/fr\/fichier\/carte-de-l-industrie-nucleaire-en-france\/","title":{"rendered":"Carte de l&#8217;industrie nucl\u00e9aire en France"},"content":{"rendered":"<p>Carte de l&#8217;industrie nucl\u00e9aire en France,\u00a0mise en place dans les ann\u00e9es 1950 et 1960 avec la mise en service de r\u00e9acteurs \u00e0 uranium naturel graphite gaz\u00a0(Marcoule,\u00a0Chinon,\u00a0Saint-Laurent\u00a0et\u00a0Bugey), d&#8217;un\u00a0r\u00e9acteur \u00e0 eau lourde\u00a0(Brennilis) et de\u00a0Chooz A, un\u00a0r\u00e9acteur \u00e0 eau pressuris\u00e9e\u00a0(REP).<\/p>\n<figure id=\"attachment_9936\" aria-describedby=\"caption-attachment-9936\" style=\"width: 360px\" class=\"wp-caption alignright\"><a href=\"https:\/\/gifex.com\/fr\/wp-content\/uploads\/9929\/Carte-des-centrales-nucleaires-francaises-classees-par-types-2012.png\" target=\"_blank\" rel=\"noopener\"><img fetchpriority=\"high\" decoding=\"async\" class=\"wp-image-9936\" style=\"width: 100%; max-width: 360px; height: auto;\" title=\"Carte des centrales nucl\u00e9aires fran\u00e7aises, class\u00e9es par types.\" src=\"https:\/\/gifex.com\/fr\/wp-content\/uploads\/9929\/Carte-des-centrales-nucleaires-francaises-classees-par-types-2012-300x300.png\" alt=\"Carte des centrales nucl\u00e9aires fran\u00e7aises, class\u00e9es par types.\" width=\"360\" height=\"360\" srcset=\"https:\/\/gifex.com\/fr\/wp-content\/uploads\/9929\/Carte-des-centrales-nucleaires-francaises-classees-par-types-2012-300x300.png 300w, https:\/\/gifex.com\/fr\/wp-content\/uploads\/9929\/Carte-des-centrales-nucleaires-francaises-classees-par-types-2012-1024x1024.png 1024w, https:\/\/gifex.com\/fr\/wp-content\/uploads\/9929\/Carte-des-centrales-nucleaires-francaises-classees-par-types-2012-150x150.png 150w, https:\/\/gifex.com\/fr\/wp-content\/uploads\/9929\/Carte-des-centrales-nucleaires-francaises-classees-par-types-2012-768x768.png 768w, https:\/\/gifex.com\/fr\/wp-content\/uploads\/9929\/Carte-des-centrales-nucleaires-francaises-classees-par-types-2012-1536x1536.png 1536w, https:\/\/gifex.com\/fr\/wp-content\/uploads\/9929\/Carte-des-centrales-nucleaires-francaises-classees-par-types-2012.png 2048w, https:\/\/gifex.com\/fr\/wp-content\/uploads\/9929\/Carte-des-centrales-nucleaires-francaises-classees-par-types-2012-1600x1600.png 1600w\" sizes=\"(max-width: 360px) 100vw, 360px\" \/><\/a><figcaption id=\"caption-attachment-9936\" class=\"wp-caption-text\"><label style=\"font-size: 15px;\">Carte des centrales nucl\u00e9aires fran\u00e7aises, class\u00e9es par types.<\/label><\/figcaption><\/figure>\n<p>Apr\u00e8s le d\u00e9ploiement du programme nucl\u00e9aire militaire, l&#8217;industrie nucl\u00e9aire\u00a0est progressivement devenue la principale source de\u00a0production d&#8217;\u00e9lectricit\u00e9\u00a0en France. Le nucl\u00e9aire couvre, en 2016, 72\u00a0% de la production fran\u00e7aise d&#8217;\u00e9lectricit\u00e9, qui repr\u00e9sente elle-m\u00eame 27\u00a0% de la consommation finale d&#8217;\u00e9nergie du pays.<\/p>\n<p>La fili\u00e8re nucl\u00e9aire fran\u00e7aise rassemble 2\u00a0500\u00a0entreprises employant en 2015 pr\u00e8s de 220\u00a0000\u00a0salari\u00e9s (emplois directs et indirects) particuli\u00e8rement qualifi\u00e9s et g\u00e9n\u00e8re un chiffre d&#8217;affaires de 50\u00a0Md\u20ac dont 14\u00a0Md\u20ac de valeur ajout\u00e9e, selon la\u00a0direction g\u00e9n\u00e9rale des entreprises\u00a0(DGE) du\u00a0minist\u00e8re de l&#8217;\u00c9conomie et des Finances.<\/p>\n<p>La France d\u00e9cide de r\u00e9duire la part du nucl\u00e9aire dans la production d&#8217;\u00e9lectricit\u00e9 \u00e0 50\u00a0% \u00e0 l&#8217;horizon 2025, lors de l&#8217;adoption de la\u00a0loi relative \u00e0 la transition \u00e9nerg\u00e9tique pour la croissance verte\u00a0de 2015. Le gouvernement a act\u00e9, en\u00a0<time class=\"nowrap\" datetime=\"2017-11\" data-sort-value=\"2017-11\">novembre 2017<\/time>, du report au-del\u00e0 de 2025 de la baisse de la part du nucl\u00e9aire de 75 \u00e0 50\u00a0% de la production d&#8217;\u00e9lectricit\u00e9, dont le calendrier a \u00e9t\u00e9 fix\u00e9 en 2019 par la\u00a0programmation pluriannuelle de l&#8217;\u00e9nergie, avec report \u00e0 2035 de l&#8217;objectif de 50\u00a0%. En 2020, la\u00a0centrale nucl\u00e9aire de Fessenheim, premi\u00e8re centrale REP de la fili\u00e8re \u00e0 900\u00a0MW\u00a0de France, est mise d\u00e9finitivement \u00e0 l&#8217;arr\u00eat.<\/p>\n<p>En f\u00e9vrier 2022, le pr\u00e9sident Macron annonce la relance d&#8217;un programme nucl\u00e9aire de six nouveaux r\u00e9acteurs.<\/p>\n","protected":false},"excerpt":{"rendered":"<p>L&#8217;industrie nucl\u00e9aire en France,\u00a0mise en place dans les ann\u00e9es 1950 et 1960 avec la mise en service de r\u00e9acteurs \u00e0 uranium naturel graphite gaz\u00a0(Marcoule,\u00a0Chinon,\u00a0Saint-Laurent\u00a0et\u00a0Bugey), d&#8217;un\u00a0r\u00e9acteur \u00e0 eau lourde\u00a0(Brennilis) et de\u00a0Chooz A, un\u00a0r\u00e9acteur \u00e0 eau pressuris\u00e9e\u00a0(REP).<\/p>\n","protected":false},"author":1,"featured_media":11618,"template":"","categoria_ficha":[45],"class_list":["post-9929","ficha","type-ficha","status-publish","has-post-thumbnail","hentry","categoria_ficha-cartes-de-la-france"],"acf":[],"_links":{"self":[{"href":"https:\/\/gifex.com\/fr\/wp-json\/wp\/v2\/ficha\/9929","targetHints":{"allow":["GET"]}}],"collection":[{"href":"https:\/\/gifex.com\/fr\/wp-json\/wp\/v2\/ficha"}],"about":[{"href":"https:\/\/gifex.com\/fr\/wp-json\/wp\/v2\/types\/ficha"}],"author":[{"embeddable":true,"href":"https:\/\/gifex.com\/fr\/wp-json\/wp\/v2\/users\/1"}],"version-history":[{"count":8,"href":"https:\/\/gifex.com\/fr\/wp-json\/wp\/v2\/ficha\/9929\/revisions"}],"predecessor-version":[{"id":20966,"href":"https:\/\/gifex.com\/fr\/wp-json\/wp\/v2\/ficha\/9929\/revisions\/20966"}],"wp:featuredmedia":[{"embeddable":true,"href":"https:\/\/gifex.com\/fr\/wp-json\/wp\/v2\/media\/11618"}],"wp:attachment":[{"href":"https:\/\/gifex.com\/fr\/wp-json\/wp\/v2\/media?parent=9929"}],"wp:term":[{"taxonomy":"categoria_ficha","embeddable":true,"href":"https:\/\/gifex.com\/fr\/wp-json\/wp\/v2\/categoria_ficha?post=9929"}],"curies":[{"name":"wp","href":"https:\/\/api.w.org\/{rel}","templated":true}]}}

Carte de l&#8217;industrie nucléaire en France

<p>Carte de l&#8217;industrie nucléaire en France, mise en place dans les années 1950 et 1960 avec la mise en service de réacteurs à uranium naturel graphite gaz (Marcoule, Chinon, Saint-Laurent et Bugey), d&#8217;un réacteur à eau lourde (Brennilis) et de Chooz A, un réacteur à eau pressurisée (REP).</p>
<figure id="attachment_9936" aria-describedby="caption-attachment-9936" style="width: 360px" class="wp-caption alignright"><a href="https://gifex.com/fr/wp-content/uploads/9929/Carte-des-centrales-nucleaires-francaises-classees-par-types-2012.png" target="_blank" rel="noopener"><img fetchpriority="high" decoding="async" class="wp-image-9936" style="width: 100%; max-width: 360px; height: auto;" title="Carte des centrales nucléaires françaises, classées par types." src="https://gifex.com/fr/wp-content/uploads/9929/Carte-des-centrales-nucleaires-francaises-classees-par-types-2012-300x300.png" alt="Carte des centrales nucléaires françaises, classées par types." width="360" height="360" srcset="https://gifex.com/fr/wp-content/uploads/9929/Carte-des-centrales-nucleaires-francaises-classees-par-types-2012-300x300.png 300w, https://gifex.com/fr/wp-content/uploads/9929/Carte-des-centrales-nucleaires-francaises-classees-par-types-2012-1024x1024.png 1024w, https://gifex.com/fr/wp-content/uploads/9929/Carte-des-centrales-nucleaires-francaises-classees-par-types-2012-150x150.png 150w, https://gifex.com/fr/wp-content/uploads/9929/Carte-des-centrales-nucleaires-francaises-classees-par-types-2012-768x768.png 768w, https://gifex.com/fr/wp-content/uploads/9929/Carte-des-centrales-nucleaires-francaises-classees-par-types-2012-1536x1536.png 1536w, https://gifex.com/fr/wp-content/uploads/9929/Carte-des-centrales-nucleaires-francaises-classees-par-types-2012.png 2048w, https://gifex.com/fr/wp-content/uploads/9929/Carte-des-centrales-nucleaires-francaises-classees-par-types-2012-1600x1600.png 1600w" sizes="(max-width: 360px) 100vw, 360px" /></a><figcaption id="caption-attachment-9936" class="wp-caption-text"><label style="font-size: 15px;">Carte des centrales nucléaires françaises, classées par types.</label></figcaption></figure>
<p>Après le déploiement du programme nucléaire militaire, l&#8217;industrie nucléaire est progressivement devenue la principale source de production d&#8217;électricité en France. Le nucléaire couvre, en 2016, 72 % de la production française d&#8217;électricité, qui représente elle-même 27 % de la consommation finale d&#8217;énergie du pays.</p>
<p>La filière nucléaire française rassemble 2 500 entreprises employant en 2015 près de 220 000 salariés (emplois directs et indirects) particulièrement qualifiés et génère un chiffre d&#8217;affaires de 50 Md€ dont 14 Md€ de valeur ajoutée, selon la direction générale des entreprises (DGE) du ministère de l&#8217;Économie et des Finances.</p>
<p>La France décide de réduire la part du nucléaire dans la production d&#8217;électricité à 50 % à l&#8217;horizon 2025, lors de l&#8217;adoption de la loi relative à la transition énergétique pour la croissance verte de 2015. Le gouvernement a acté, en <time class="nowrap" datetime="2017-11" data-sort-value="2017-11">novembre 2017</time>, du report au-delà de 2025 de la baisse de la part du nucléaire de 75 à 50 % de la production d&#8217;électricité, dont le calendrier a été fixé en 2019 par la programmation pluriannuelle de l&#8217;énergie, avec report à 2035 de l&#8217;objectif de 50 %. En 2020, la centrale nucléaire de Fessenheim, première centrale REP de la filière à 900 MW de France, est mise définitivement à l&#8217;arrêt.</p>
<p>En février 2022, le président Macron annonce la relance d&#8217;un programme nucléaire de six nouveaux réacteurs.</p>

<p>L&#8217;industrie nucléaire en France, mise en place dans les années 1950 et 1960 avec la mise en service de réacteurs à uranium naturel graphite gaz (Marcoule, Chinon, Saint-Laurent et Bugey), d&#8217;un réacteur à eau lourde (Brennilis) et de Chooz A, un réacteur à eau pressurisée (REP).</p>
