{"id":951,"date":"2022-02-04T00:16:27","date_gmt":"2022-02-04T00:16:27","guid":{"rendered":"https:\/\/gifex.com\/fr\/?post_type=ficha&#038;p=951"},"modified":"2024-04-20T12:23:51","modified_gmt":"2024-04-20T12:23:51","slug":"ou-se-trouve-le-montenegro","status":"publish","type":"ficha","link":"https:\/\/gifex.com\/fr\/fichier\/ou-se-trouve-le-montenegro\/","title":{"rendered":"O\u00f9 se trouve le Mont\u00e9n\u00e9gro ?"},"content":{"rendered":"<p style=\"text-align: center;\"><label style=\"font-size: 15px;\">Carte de localisation du Mont\u00e9n\u00e9gro sur le globe.<\/label><\/p>\n<p>Le Mont\u00e9n\u00e9gro (en orange sur les cartes ci-dessus et ci-dessous) se situe en Europe du Sud-Est, dans les <a href=\"https:\/\/gifex.com\/fr\/fichier\/carte-des-balkans\/\" rel=\"noopener\" target=\"_blank\">Balkans<\/a>, bord\u00e9 par la mer Adriatique au sud-ouest et frontalier avec la Serbie au nord-est, la Bosnie-Herz\u00e9govine au nord et \u00e0 l&#8217;ouest, le Kosovo \u00e0 l&#8217;est, l&#8217;Albanie au sud-est, la Croatie au sud-ouest, et ayant une fronti\u00e8re maritime avec l&#8217;Italie.<\/p>\n<p>Le Mont\u00e9n\u00e9gro est centr\u00e9 aux coordonn\u00e9es ; 42\u00b030\u2032Nord 19\u00b018\u2032Est.<\/p>\n<figure id=\"attachment_45762\" aria-describedby=\"caption-attachment-45762\" style=\"width: 400px\" class=\"wp-caption aligncenter\"><a href=\"https:\/\/gifex.com\/fr\/wp-content\/uploads\/951\/Carte-de-localisation-du-Montenegro-en-Europe.png\" target=\"_blank\" rel=\"noopener\"><img fetchpriority=\"high\" decoding=\"async\" class=\"wp-image-45762\" title=\"Carte de localisation du Mont\u00e9n\u00e9gro en Europe du Sud-Est.\" src=\"https:\/\/gifex.com\/fr\/wp-content\/uploads\/951\/Carte-de-localisation-du-Montenegro-en-Europe-300x257.png\" alt=\"Carte de localisation du Mont\u00e9n\u00e9gro en Europe du Sud-Est.\" width=\"400\" height=\"342\" srcset=\"https:\/\/gifex.com\/fr\/wp-content\/uploads\/951\/Carte-de-localisation-du-Montenegro-en-Europe-300x257.png 300w, https:\/\/gifex.com\/fr\/wp-content\/uploads\/951\/Carte-de-localisation-du-Montenegro-en-Europe-1024x876.png 1024w, https:\/\/gifex.com\/fr\/wp-content\/uploads\/951\/Carte-de-localisation-du-Montenegro-en-Europe-768x657.png 768w, https:\/\/gifex.com\/fr\/wp-content\/uploads\/951\/Carte-de-localisation-du-Montenegro-en-Europe-1536x1313.png 1536w, https:\/\/gifex.com\/fr\/wp-content\/uploads\/951\/Carte-de-localisation-du-Montenegro-en-Europe-2048x1751.png 2048w, https:\/\/gifex.com\/fr\/wp-content\/uploads\/951\/Carte-de-localisation-du-Montenegro-en-Europe-1600x1368.png 1600w\" sizes=\"(max-width: 400px) 100vw, 400px\" \/><\/a><figcaption id=\"caption-attachment-45762\" class=\"wp-caption-text\"><label style=\"font-size: 15px;\">Carte de localisation du Mont\u00e9n\u00e9gro en Europe du Sud-Est.<\/label><\/figcaption><\/figure>\n","protected":false},"excerpt":{"rendered":"<p>Le Mont\u00e9n\u00e9gro (en orange sur les cartes ci-dessus et ci-dessous) se situe en Europe du Sud-Est, dans les Balkans, bord\u00e9 par la mer Adriatique au sud-ouest &#8230;<\/p>\n","protected":false},"author":1,"featured_media":45763,"template":"","categoria_ficha":[129],"class_list":["post-951","ficha","type-ficha","status-publish","has-post-thumbnail","hentry","categoria_ficha-cartes-du-montenegro"],"acf":[],"_links":{"self":[{"href":"https:\/\/gifex.com\/fr\/wp-json\/wp\/v2\/ficha\/951","targetHints":{"allow":["GET"]}}],"collection":[{"href":"https:\/\/gifex.com\/fr\/wp-json\/wp\/v2\/ficha"}],"about":[{"href":"https:\/\/gifex.com\/fr\/wp-json\/wp\/v2\/types\/ficha"}],"author":[{"embeddable":true,"href":"https:\/\/gifex.com\/fr\/wp-json\/wp\/v2\/users\/1"}],"version-history":[{"count":6,"href":"https:\/\/gifex.com\/fr\/wp-json\/wp\/v2\/ficha\/951\/revisions"}],"predecessor-version":[{"id":46369,"href":"https:\/\/gifex.com\/fr\/wp-json\/wp\/v2\/ficha\/951\/revisions\/46369"}],"wp:featuredmedia":[{"embeddable":true,"href":"https:\/\/gifex.com\/fr\/wp-json\/wp\/v2\/media\/45763"}],"wp:attachment":[{"href":"https:\/\/gifex.com\/fr\/wp-json\/wp\/v2\/media?parent=951"}],"wp:term":[{"taxonomy":"categoria_ficha","embeddable":true,"href":"https:\/\/gifex.com\/fr\/wp-json\/wp\/v2\/categoria_ficha?post=951"}],"curies":[{"name":"wp","href":"https:\/\/api.w.org\/{rel}","templated":true}]}}

Où se trouve le Monténégro ?

<p style="text-align: center;"><label style="font-size: 15px;">Carte de localisation du Monténégro sur le globe.</label></p>
<p>Le Monténégro (en orange sur les cartes ci-dessus et ci-dessous) se situe en Europe du Sud-Est, dans les <a href="https://gifex.com/fr/fichier/carte-des-balkans/" rel="noopener" target="_blank">Balkans</a>, bordé par la mer Adriatique au sud-ouest et frontalier avec la Serbie au nord-est, la Bosnie-Herzégovine au nord et à l&#8217;ouest, le Kosovo à l&#8217;est, l&#8217;Albanie au sud-est, la Croatie au sud-ouest, et ayant une frontière maritime avec l&#8217;Italie.</p>
<p>Le Monténégro est centré aux coordonnées ; 42°30′Nord 19°18′Est.</p>
<figure id="attachment_45762" aria-describedby="caption-attachment-45762" style="width: 400px" class="wp-caption aligncenter"><a href="https://gifex.com/fr/wp-content/uploads/951/Carte-de-localisation-du-Montenegro-en-Europe.png" target="_blank" rel="noopener"><img fetchpriority="high" decoding="async" class="wp-image-45762" title="Carte de localisation du Monténégro en Europe du Sud-Est." src="https://gifex.com/fr/wp-content/uploads/951/Carte-de-localisation-du-Montenegro-en-Europe-300x257.png" alt="Carte de localisation du Monténégro en Europe du Sud-Est." width="400" height="342" srcset="https://gifex.com/fr/wp-content/uploads/951/Carte-de-localisation-du-Montenegro-en-Europe-300x257.png 300w, https://gifex.com/fr/wp-content/uploads/951/Carte-de-localisation-du-Montenegro-en-Europe-1024x876.png 1024w, https://gifex.com/fr/wp-content/uploads/951/Carte-de-localisation-du-Montenegro-en-Europe-768x657.png 768w, https://gifex.com/fr/wp-content/uploads/951/Carte-de-localisation-du-Montenegro-en-Europe-1536x1313.png 1536w, https://gifex.com/fr/wp-content/uploads/951/Carte-de-localisation-du-Montenegro-en-Europe-2048x1751.png 2048w, https://gifex.com/fr/wp-content/uploads/951/Carte-de-localisation-du-Montenegro-en-Europe-1600x1368.png 1600w" sizes="(max-width: 400px) 100vw, 400px" /></a><figcaption id="caption-attachment-45762" class="wp-caption-text"><label style="font-size: 15px;">Carte de localisation du Monténégro en Europe du Sud-Est.</label></figcaption></figure>

<p>Le Monténégro (en orange sur les cartes ci-dessus et ci-dessous) se situe en Europe du Sud-Est, dans les Balkans, bordé par la mer Adriatique au sud-ouest &#8230;</p>
