{"id":9385,"date":"2022-03-31T15:57:08","date_gmt":"2022-03-31T15:57:08","guid":{"rendered":"https:\/\/gifex.com\/fr\/?post_type=ficha&#038;p=9385"},"modified":"2022-11-29T21:31:50","modified_gmt":"2022-11-29T21:31:50","slug":"evolution-de-loccupation-du-sol-de-la-commune-de-bruges","status":"publish","type":"ficha","link":"https:\/\/gifex.com\/fr\/fichier\/evolution-de-loccupation-du-sol-de-la-commune-de-bruges\/","title":{"rendered":"\u00c9volution de l&#8217;occupation du sol de la commune de Bruges"},"content":{"rendered":"<p style=\"text-align: center;\"><label style=\"font-size: 15px;\">Cartes de l&#8217;\u00e9volution de l&#8217;occupation du sol dans le temps au sein de l&#8217;actuelle commune de Bruges.<\/label><\/p>\n<p>La zone dans laquelle Bruges s&#8217;est d\u00e9velopp\u00e9e se situe \u00e0 la fronti\u00e8re d&#8217;une zone limono-sableuse et des polders marins, \u00e0 environ 15 km de la mer du Nord. La plus grande partie de la ville peut \u00eatre compt\u00e9e comme faisant partie d&#8217;une zone sablonneuse.<\/p>\n<p>Auparavant, la mer atteignait le nord de Bruges. La ville \u00e9tait alors reli\u00e9e \u00e0 la c\u00f4te par un chenal naturel, le <em>getijdengeul<\/em> qui \u00e9tait soumis \u00e0 l&#8217;action des mar\u00e9es. La pold\u00e9risation progressive \u00e0 partir du xie si\u00e8cle a fait dispara\u00eetre ces chenaux. Aujourd&#8217;hui, le c\u0153ur historique de Bruges se situe \u00e0 une quinzaine de kilom\u00e8tres de la mer du Nord. Le rattachement progressif des villes alentour a permis de faire de Bruges une ville c\u00f4ti\u00e8re dont le port est Zeebruges. Les deux ensembles sont reli\u00e9s depuis 1907 par le canal Baudouin, d&#8217;une longueur de 12 kilom\u00e8tres.<\/p>\n<p>La ville est toujours travers\u00e9e par une rivi\u00e8re, la Reie, qui est aujourd&#8217;hui canalis\u00e9e dans Bruges.<\/p>\n","protected":false},"excerpt":{"rendered":"<p>Cartes de l&#8217;\u00e9volution de l&#8217;occupation du sol dans le temps au sein de l&#8217;actuelle commune de Bruges. La zone dans laquelle Bruges s&#8217;est d\u00e9velopp\u00e9e se situe \u00e0 la fr<\/p>\n","protected":false},"author":1,"featured_media":9391,"template":"","categoria_ficha":[1765],"class_list":["post-9385","ficha","type-ficha","status-publish","has-post-thumbnail","hentry","categoria_ficha-cartes-de-bruges"],"acf":[],"_links":{"self":[{"href":"https:\/\/gifex.com\/fr\/wp-json\/wp\/v2\/ficha\/9385","targetHints":{"allow":["GET"]}}],"collection":[{"href":"https:\/\/gifex.com\/fr\/wp-json\/wp\/v2\/ficha"}],"about":[{"href":"https:\/\/gifex.com\/fr\/wp-json\/wp\/v2\/types\/ficha"}],"author":[{"embeddable":true,"href":"https:\/\/gifex.com\/fr\/wp-json\/wp\/v2\/users\/1"}],"version-history":[{"count":3,"href":"https:\/\/gifex.com\/fr\/wp-json\/wp\/v2\/ficha\/9385\/revisions"}],"predecessor-version":[{"id":26579,"href":"https:\/\/gifex.com\/fr\/wp-json\/wp\/v2\/ficha\/9385\/revisions\/26579"}],"wp:featuredmedia":[{"embeddable":true,"href":"https:\/\/gifex.com\/fr\/wp-json\/wp\/v2\/media\/9391"}],"wp:attachment":[{"href":"https:\/\/gifex.com\/fr\/wp-json\/wp\/v2\/media?parent=9385"}],"wp:term":[{"taxonomy":"categoria_ficha","embeddable":true,"href":"https:\/\/gifex.com\/fr\/wp-json\/wp\/v2\/categoria_ficha?post=9385"}],"curies":[{"name":"wp","href":"https:\/\/api.w.org\/{rel}","templated":true}]}}

Évolution de l&#8217;occupation du sol de la commune de Bruges

<p style="text-align: center;"><label style="font-size: 15px;">Cartes de l&#8217;évolution de l&#8217;occupation du sol dans le temps au sein de l&#8217;actuelle commune de Bruges.</label></p>
<p>La zone dans laquelle Bruges s&#8217;est développée se situe à la frontière d&#8217;une zone limono-sableuse et des polders marins, à environ 15 km de la mer du Nord. La plus grande partie de la ville peut être comptée comme faisant partie d&#8217;une zone sablonneuse.</p>
<p>Auparavant, la mer atteignait le nord de Bruges. La ville était alors reliée à la côte par un chenal naturel, le <em>getijdengeul</em> qui était soumis à l&#8217;action des marées. La poldérisation progressive à partir du xie siècle a fait disparaître ces chenaux. Aujourd&#8217;hui, le cœur historique de Bruges se situe à une quinzaine de kilomètres de la mer du Nord. Le rattachement progressif des villes alentour a permis de faire de Bruges une ville côtière dont le port est Zeebruges. Les deux ensembles sont reliés depuis 1907 par le canal Baudouin, d&#8217;une longueur de 12 kilomètres.</p>
<p>La ville est toujours traversée par une rivière, la Reie, qui est aujourd&#8217;hui canalisée dans Bruges.</p>

<p>Cartes de l&#8217;évolution de l&#8217;occupation du sol dans le temps au sein de l&#8217;actuelle commune de Bruges. La zone dans laquelle Bruges s&#8217;est développée se situe à la fr</p>
