{"id":9342,"date":"2022-03-30T22:40:07","date_gmt":"2022-03-30T22:40:07","guid":{"rendered":"https:\/\/gifex.com\/fr\/?post_type=ficha&#038;p=9342"},"modified":"2022-11-29T21:33:13","modified_gmt":"2022-11-29T21:33:13","slug":"les-sections-et-quartiers-de-la-commune-de-bruges","status":"publish","type":"ficha","link":"https:\/\/gifex.com\/fr\/fichier\/les-sections-et-quartiers-de-la-commune-de-bruges\/","title":{"rendered":"Les sections et quartiers de la commune de Bruges"},"content":{"rendered":"<p style=\"text-align: center;\"><label style=\"font-size: 15px;\">Carte des sections de la commune de Bruges<\/label><\/p>\n<figure id=\"attachment_9369\" aria-describedby=\"caption-attachment-9369\" style=\"width: 360px\" class=\"wp-caption alignright\"><a href=\"https:\/\/gifex.com\/fr\/wp-content\/uploads\/9342\/Quartiers-dans-les-sections-urbaines-de-Bruges.jpg\" target=\"_blank\" rel=\"noopener\"><img fetchpriority=\"high\" decoding=\"async\" class=\"wp-image-9369\" style=\"width: 100%; max-width: 360px; height: auto;\" title=\"Quartiers dans les sections urbaines de Bruges\" src=\"https:\/\/gifex.com\/fr\/wp-content\/uploads\/9342\/Quartiers-dans-les-sections-urbaines-de-Bruges-283x300.jpg\" alt=\"Quartiers dans les sections urbaines de Bruges\" width=\"360\" height=\"381\" srcset=\"https:\/\/gifex.com\/fr\/wp-content\/uploads\/9342\/Quartiers-dans-les-sections-urbaines-de-Bruges-283x300.jpg 283w, https:\/\/gifex.com\/fr\/wp-content\/uploads\/9342\/Quartiers-dans-les-sections-urbaines-de-Bruges-768x814.jpg 768w, https:\/\/gifex.com\/fr\/wp-content\/uploads\/9342\/Quartiers-dans-les-sections-urbaines-de-Bruges-300x318.jpg 300w, https:\/\/gifex.com\/fr\/wp-content\/uploads\/9342\/Quartiers-dans-les-sections-urbaines-de-Bruges.jpg 923w\" sizes=\"(max-width: 360px) 100vw, 360px\" \/><\/a><figcaption id=\"caption-attachment-9369\" class=\"wp-caption-text\"><label style=\"font-size: 15px;\">Quartiers dans les sections urbaines de Bruges.<\/label><\/figcaption><\/figure>\n<p>Au fil des ann\u00e9es, la superficie de la commune\/ville de Bruges a consid\u00e9rablement augment\u00e9.\u00a0Vous trouverez ci-dessous un aper\u00e7u des municipalit\u00e9s et des zones r\u00e9sidentielles annex\u00e9es\u00a0<i>(l&#8217;ann\u00e9e au cours de laquelle la fusion a eu lieu plus les municipalit\u00e9s incorpor\u00e9es)<\/i>\u00a0.<\/p>\n<ul>\n<li>1899 &#8211; Commune de Saint-Pierre-sur-la-Digue , quartier r\u00e9sidentiel de Saint-Joseph et plus tard zone industrielle de Zwankendamme<\/li>\n<li>1901 &#8211; plus tard Zeebruges<\/li>\n<li>1932 &#8211; quartier r\u00e9sidentiel de Zwankendamme<\/li>\n<li>1971 &#8211; les communes d&#8217; Assebroek, Dudzele, Koolkerke, Lissewege, Saint-Andr\u00e9, Sainte-Croix et Saint-Michel<\/li>\n<\/ul>\n<p>Les cartes (\u00e0 droite) donnent un aper\u00e7u des quartiers de Bruges, bas\u00e9 sur la division des quartiers par la police de Bruges et le plan de structure de Bruges, compl\u00e9t\u00e9 sur la base de diverses sources non officielles correspondantes.<\/p>\n<figure id=\"attachment_9368\" aria-describedby=\"caption-attachment-9368\" style=\"width: 360px\" class=\"wp-caption alignright\"><a href=\"https:\/\/gifex.com\/fr\/wp-content\/uploads\/9342\/Quartiers-du-centre-ville-de-Bruges.jpg\" target=\"_blank\" rel=\"noopener\"><img decoding=\"async\" class=\"wp-image-9368\" style=\"width: 100%; max-width: 360px; height: auto;\" title=\"Quartiers du centre ville de Bruges\" src=\"https:\/\/gifex.com\/fr\/wp-content\/uploads\/9342\/Quartiers-du-centre-ville-de-Bruges-211x300.jpg\" alt=\"Quartiers du centre ville de Bruges\" width=\"360\" height=\"512\" srcset=\"https:\/\/gifex.com\/fr\/wp-content\/uploads\/9342\/Quartiers-du-centre-ville-de-Bruges-211x300.jpg 211w, https:\/\/gifex.com\/fr\/wp-content\/uploads\/9342\/Quartiers-du-centre-ville-de-Bruges-721x1024.jpg 721w, https:\/\/gifex.com\/fr\/wp-content\/uploads\/9342\/Quartiers-du-centre-ville-de-Bruges-768x1091.jpg 768w, https:\/\/gifex.com\/fr\/wp-content\/uploads\/9342\/Quartiers-du-centre-ville-de-Bruges-300x426.jpg 300w, https:\/\/gifex.com\/fr\/wp-content\/uploads\/9342\/Quartiers-du-centre-ville-de-Bruges.jpg 998w\" sizes=\"(max-width: 360px) 100vw, 360px\" \/><\/a><figcaption id=\"caption-attachment-9368\" class=\"wp-caption-text\"><label style=\"font-size: 15px;\">Quartiers du centre ville de Bruges.<\/label><\/figcaption><\/figure>\n<p>Seules les municipalit\u00e9s qui se sont jointes \u00e0 la ville en\u00a01971\u00a0peuvent s&#8217;appeler des arrondissements.<\/p>\n<p>Voici les sections (<i>deelgemeenten<\/i>) de la commune\u00a0:<\/p>\n<div class=\"boxscrl\">\n<table width=\"285\">\n<tbody>\n<tr>\n<td rowspan=\"2\" width=\"28\">#<\/td>\n<td rowspan=\"2\" width=\"119\">Nom<\/td>\n<td width=\"53\">Surface<\/td>\n<td width=\"85\">Population<\/td>\n<\/tr>\n<tr>\n<td width=\"53\">(km\u00b2)<\/td>\n<td width=\"85\">(31\/12\/2014)<\/td>\n<\/tr>\n<tr>\n<td rowspan=\"5\" width=\"28\">I<\/td>\n<td width=\"119\">Bruges\u00a0(section)<\/td>\n<td width=\"53\">29,91<\/td>\n<td width=\"85\">36.967<\/td>\n<\/tr>\n<tr>\n<td width=\"119\">&#8211; Centre<\/td>\n<td width=\"53\"><\/td>\n<td width=\"85\">19.418<\/td>\n<\/tr>\n<tr>\n<td width=\"119\">&#8211;\u00a0Christ-Roi<\/td>\n<td width=\"53\">1,01<\/td>\n<td width=\"85\">4.583<\/td>\n<\/tr>\n<tr>\n<td width=\"119\">&#8211;\u00a0Saint-Joseph<\/td>\n<td width=\"53\"><\/td>\n<td width=\"85\">5.416<\/td>\n<\/tr>\n<tr>\n<td width=\"119\">&#8211;\u00a0Saint-Pierre<\/td>\n<td width=\"53\">13,70<\/td>\n<td width=\"85\">7.55<\/td>\n<\/tr>\n<tr>\n<td width=\"28\">II<\/td>\n<td width=\"119\">Koolkerke<\/td>\n<td width=\"53\">4,17<\/td>\n<td width=\"85\">3.361<\/td>\n<\/tr>\n<tr>\n<td width=\"28\">III<\/td>\n<td width=\"119\">Saint-Andr\u00e9<\/td>\n<td width=\"53\">20,65<\/td>\n<td width=\"85\">19.818<\/td>\n<\/tr>\n<tr>\n<td width=\"28\">IV<\/td>\n<td width=\"119\">Saint-Michel<\/td>\n<td width=\"53\">9,59<\/td>\n<td width=\"85\">12.045<\/td>\n<\/tr>\n<tr>\n<td width=\"28\">V<\/td>\n<td width=\"119\">Assebrouck<\/td>\n<td width=\"53\">8,52<\/td>\n<td width=\"85\">19.737<\/td>\n<\/tr>\n<tr>\n<td width=\"28\">VI<\/td>\n<td width=\"119\">Sainte-Croix<\/td>\n<td width=\"53\">16,84<\/td>\n<td width=\"85\">15.892<\/td>\n<\/tr>\n<tr>\n<td width=\"28\">VII<\/td>\n<td width=\"119\">Dudzele<\/td>\n<td width=\"53\">21,92<\/td>\n<td width=\"85\">2.565<\/td>\n<\/tr>\n<tr>\n<td rowspan=\"4\" width=\"28\">VIII<\/td>\n<td width=\"119\">Lissewege<\/td>\n<td width=\"53\"><\/td>\n<td width=\"85\">7.412<\/td>\n<\/tr>\n<tr>\n<td width=\"119\">&#8211; Lissewege<\/td>\n<td width=\"53\">11,44<\/td>\n<td width=\"85\">2.431<\/td>\n<\/tr>\n<tr>\n<td width=\"119\">&#8211;\u00a0Zeebrugge<\/td>\n<td width=\"53\"><\/td>\n<td width=\"85\">4.301<\/td>\n<\/tr>\n<tr>\n<td width=\"119\">&#8211;\u00a0Zwankendamme<\/td>\n<td width=\"53\"><\/td>\n<td width=\"85\">680<\/td>\n<\/tr>\n<\/tbody>\n<\/table>\n<\/div>\n<p>Communes p\u00e9riph\u00e9riques ;<\/p>\n<div class=\"boxscrl\">\n<table width=\"221\">\n<tbody>\n<tr>\n<td width=\"116\">a. Blankenberghe<\/td>\n<td width=\"105\">e.\u00a0Oostkamp<\/td>\n<\/tr>\n<tr>\n<td width=\"116\">b . Zuyenkerque<\/td>\n<td width=\"105\">f.\u00a0Beernem<\/td>\n<\/tr>\n<tr>\n<td width=\"116\">c.\u00a0Jabbeke<\/td>\n<td width=\"105\">g.\u00a0Damme<\/td>\n<\/tr>\n<tr>\n<td width=\"116\">d. Zedelghem<\/td>\n<td width=\"105\">h.\u00a0Knokke-Heist<\/td>\n<\/tr>\n<\/tbody>\n<\/table>\n<\/div>\n","protected":false},"excerpt":{"rendered":"<p>Carte des sections de la commune de Bruges. Au fil des ann\u00e9es, la superficie de la commune\/ville de Bruges a consid\u00e9rablement augment\u00e9.\u00a0<\/p>\n","protected":false},"author":1,"featured_media":9344,"template":"","categoria_ficha":[1765],"class_list":["post-9342","ficha","type-ficha","status-publish","has-post-thumbnail","hentry","categoria_ficha-cartes-de-bruges"],"acf":[],"_links":{"self":[{"href":"https:\/\/gifex.com\/fr\/wp-json\/wp\/v2\/ficha\/9342","targetHints":{"allow":["GET"]}}],"collection":[{"href":"https:\/\/gifex.com\/fr\/wp-json\/wp\/v2\/ficha"}],"about":[{"href":"https:\/\/gifex.com\/fr\/wp-json\/wp\/v2\/types\/ficha"}],"author":[{"embeddable":true,"href":"https:\/\/gifex.com\/fr\/wp-json\/wp\/v2\/users\/1"}],"version-history":[{"count":20,"href":"https:\/\/gifex.com\/fr\/wp-json\/wp\/v2\/ficha\/9342\/revisions"}],"predecessor-version":[{"id":26580,"href":"https:\/\/gifex.com\/fr\/wp-json\/wp\/v2\/ficha\/9342\/revisions\/26580"}],"wp:featuredmedia":[{"embeddable":true,"href":"https:\/\/gifex.com\/fr\/wp-json\/wp\/v2\/media\/9344"}],"wp:attachment":[{"href":"https:\/\/gifex.com\/fr\/wp-json\/wp\/v2\/media?parent=9342"}],"wp:term":[{"taxonomy":"categoria_ficha","embeddable":true,"href":"https:\/\/gifex.com\/fr\/wp-json\/wp\/v2\/categoria_ficha?post=9342"}],"curies":[{"name":"wp","href":"https:\/\/api.w.org\/{rel}","templated":true}]}}

<p style="text-align: center;"><label style="font-size: 15px;">Carte des sections de la commune de Bruges</label></p>
<figure id="attachment_9369" aria-describedby="caption-attachment-9369" style="width: 360px" class="wp-caption alignright"><a href="https://gifex.com/fr/wp-content/uploads/9342/Quartiers-dans-les-sections-urbaines-de-Bruges.jpg" target="_blank" rel="noopener"><img fetchpriority="high" decoding="async" class="wp-image-9369" style="width: 100%; max-width: 360px; height: auto;" title="Quartiers dans les sections urbaines de Bruges" src="https://gifex.com/fr/wp-content/uploads/9342/Quartiers-dans-les-sections-urbaines-de-Bruges-283x300.jpg" alt="Quartiers dans les sections urbaines de Bruges" width="360" height="381" srcset="https://gifex.com/fr/wp-content/uploads/9342/Quartiers-dans-les-sections-urbaines-de-Bruges-283x300.jpg 283w, https://gifex.com/fr/wp-content/uploads/9342/Quartiers-dans-les-sections-urbaines-de-Bruges-768x814.jpg 768w, https://gifex.com/fr/wp-content/uploads/9342/Quartiers-dans-les-sections-urbaines-de-Bruges-300x318.jpg 300w, https://gifex.com/fr/wp-content/uploads/9342/Quartiers-dans-les-sections-urbaines-de-Bruges.jpg 923w" sizes="(max-width: 360px) 100vw, 360px" /></a><figcaption id="caption-attachment-9369" class="wp-caption-text"><label style="font-size: 15px;">Quartiers dans les sections urbaines de Bruges.</label></figcaption></figure>
<p>Au fil des années, la superficie de la commune/ville de Bruges a considérablement augmenté. Vous trouverez ci-dessous un aperçu des municipalités et des zones résidentielles annexées <i>(l&#8217;année au cours de laquelle la fusion a eu lieu plus les municipalités incorporées)</i> .</p>
<ul>
<li>1899 &#8211; Commune de Saint-Pierre-sur-la-Digue , quartier résidentiel de Saint-Joseph et plus tard zone industrielle de Zwankendamme</li>
<li>1901 &#8211; plus tard Zeebruges</li>
<li>1932 &#8211; quartier résidentiel de Zwankendamme</li>
<li>1971 &#8211; les communes d&#8217; Assebroek, Dudzele, Koolkerke, Lissewege, Saint-André, Sainte-Croix et Saint-Michel</li>
</ul>
<p>Les cartes (à droite) donnent un aperçu des quartiers de Bruges, basé sur la division des quartiers par la police de Bruges et le plan de structure de Bruges, complété sur la base de diverses sources non officielles correspondantes.</p>
<figure id="attachment_9368" aria-describedby="caption-attachment-9368" style="width: 360px" class="wp-caption alignright"><a href="https://gifex.com/fr/wp-content/uploads/9342/Quartiers-du-centre-ville-de-Bruges.jpg" target="_blank" rel="noopener"><img decoding="async" class="wp-image-9368" style="width: 100%; max-width: 360px; height: auto;" title="Quartiers du centre ville de Bruges" src="https://gifex.com/fr/wp-content/uploads/9342/Quartiers-du-centre-ville-de-Bruges-211x300.jpg" alt="Quartiers du centre ville de Bruges" width="360" height="512" srcset="https://gifex.com/fr/wp-content/uploads/9342/Quartiers-du-centre-ville-de-Bruges-211x300.jpg 211w, https://gifex.com/fr/wp-content/uploads/9342/Quartiers-du-centre-ville-de-Bruges-721x1024.jpg 721w, https://gifex.com/fr/wp-content/uploads/9342/Quartiers-du-centre-ville-de-Bruges-768x1091.jpg 768w, https://gifex.com/fr/wp-content/uploads/9342/Quartiers-du-centre-ville-de-Bruges-300x426.jpg 300w, https://gifex.com/fr/wp-content/uploads/9342/Quartiers-du-centre-ville-de-Bruges.jpg 998w" sizes="(max-width: 360px) 100vw, 360px" /></a><figcaption id="caption-attachment-9368" class="wp-caption-text"><label style="font-size: 15px;">Quartiers du centre ville de Bruges.</label></figcaption></figure>
<p>Seules les municipalités qui se sont jointes à la ville en 1971 peuvent s&#8217;appeler des arrondissements.</p>
<p>Voici les sections (<i>deelgemeenten</i>) de la commune :</p>
<div class="boxscrl">
<table width="285">
<tbody>
<tr>
<td rowspan="2" width="28">#</td>
<td rowspan="2" width="119">Nom</td>
<td width="53">Surface</td>
<td width="85">Population</td>
</tr>
<tr>
<td width="53">(km²)</td>
<td width="85">(31/12/2014)</td>
</tr>
<tr>
<td rowspan="5" width="28">I</td>
<td width="119">Bruges (section)</td>
<td width="53">29,91</td>
<td width="85">36.967</td>
</tr>
<tr>
<td width="119">&#8211; Centre</td>
<td width="53"></td>
<td width="85">19.418</td>
</tr>
<tr>
<td width="119">&#8211; Christ-Roi</td>
<td width="53">1,01</td>
<td width="85">4.583</td>
</tr>
<tr>
<td width="119">&#8211; Saint-Joseph</td>
<td width="53"></td>
<td width="85">5.416</td>
</tr>
<tr>
<td width="119">&#8211; Saint-Pierre</td>
<td width="53">13,70</td>
<td width="85">7.55</td>
</tr>
<tr>
<td width="28">II</td>
<td width="119">Koolkerke</td>
<td width="53">4,17</td>
<td width="85">3.361</td>
</tr>
<tr>
<td width="28">III</td>
<td width="119">Saint-André</td>
<td width="53">20,65</td>
<td width="85">19.818</td>
</tr>
<tr>
<td width="28">IV</td>
<td width="119">Saint-Michel</td>
<td width="53">9,59</td>
<td width="85">12.045</td>
</tr>
<tr>
<td width="28">V</td>
<td width="119">Assebrouck</td>
<td width="53">8,52</td>
<td width="85">19.737</td>
</tr>
<tr>
<td width="28">VI</td>
<td width="119">Sainte-Croix</td>
<td width="53">16,84</td>
<td width="85">15.892</td>
</tr>
<tr>
<td width="28">VII</td>
<td width="119">Dudzele</td>
<td width="53">21,92</td>
<td width="85">2.565</td>
</tr>
<tr>
<td rowspan="4" width="28">VIII</td>
<td width="119">Lissewege</td>
<td width="53"></td>
<td width="85">7.412</td>
</tr>
<tr>
<td width="119">&#8211; Lissewege</td>
<td width="53">11,44</td>
<td width="85">2.431</td>
</tr>
<tr>
<td width="119">&#8211; Zeebrugge</td>
<td width="53"></td>
<td width="85">4.301</td>
</tr>
<tr>
<td width="119">&#8211; Zwankendamme</td>
<td width="53"></td>
<td width="85">680</td>
</tr>
</tbody>
</table>
</div>
<p>Communes périphériques ;</p>
<div class="boxscrl">
<table width="221">
<tbody>
<tr>
<td width="116">a. Blankenberghe</td>
<td width="105">e. Oostkamp</td>
</tr>
<tr>
<td width="116">b . Zuyenkerque</td>
<td width="105">f. Beernem</td>
</tr>
<tr>
<td width="116">c. Jabbeke</td>
<td width="105">g. Damme</td>
</tr>
<tr>
<td width="116">d. Zedelghem</td>
<td width="105">h. Knokke-Heist</td>
</tr>
</tbody>
</table>
</div>

<p>Carte des sections de la commune de Bruges. Au fil des années, la superficie de la commune/ville de Bruges a considérablement augmenté. </p>
