{"id":9303,"date":"2022-03-30T15:36:52","date_gmt":"2022-03-30T15:36:52","guid":{"rendered":"https:\/\/gifex.com\/fr\/?post_type=ficha&#038;p=9303"},"modified":"2023-03-24T19:25:27","modified_gmt":"2023-03-24T19:25:27","slug":"carte-de-bruges","status":"publish","type":"ficha","link":"https:\/\/gifex.com\/fr\/fichier\/carte-de-bruges\/","title":{"rendered":"Carte de Bruges"},"content":{"rendered":"<p>Carte de Bruges, la capitale et la plus grande ville de la province de Flandre occidentale dans la r\u00e9gion flamande de Belgique, dans le nord-ouest du pays, et la septi\u00e8me plus grande ville du pays en termes de population, est \u00e9galement le chef-lieu du\u00a0canton \u00e9lectoral de Bruges\u00a0, lui-m\u00eame compos\u00e9 de quatre\u00a0cantons judiciaires\u00a0et est le si\u00e8ge du\u00a0dioc\u00e8se de Bruges\u00a0et d&#8217;une\u00a0cour d&#8217;assises\u00a0.<\/p>\n<figure id=\"attachment_9310\" aria-describedby=\"caption-attachment-9310\" style=\"width: 360px\" class=\"wp-caption alignright\"><a href=\"https:\/\/gifex.com\/fr\/wp-content\/uploads\/9303\/Vue-de-Bruges-depuis-le-beffroi-2005.jpg\" target=\"_blank\" rel=\"noopener\"><img fetchpriority=\"high\" decoding=\"async\" class=\"wp-image-9310\" style=\"width: 100%; max-width: 360px; height: auto;\" title=\"Vue de Bruges depuis le beffroi\" src=\"https:\/\/gifex.com\/fr\/wp-content\/uploads\/9303\/Vue-de-Bruges-depuis-le-beffroi-2005-300x225.jpg\" alt=\"Vue de Bruges depuis le beffroi\" width=\"360\" height=\"270\" srcset=\"https:\/\/gifex.com\/fr\/wp-content\/uploads\/9303\/Vue-de-Bruges-depuis-le-beffroi-2005-300x225.jpg 300w, https:\/\/gifex.com\/fr\/wp-content\/uploads\/9303\/Vue-de-Bruges-depuis-le-beffroi-2005-1024x768.jpg 1024w, https:\/\/gifex.com\/fr\/wp-content\/uploads\/9303\/Vue-de-Bruges-depuis-le-beffroi-2005-768x576.jpg 768w, https:\/\/gifex.com\/fr\/wp-content\/uploads\/9303\/Vue-de-Bruges-depuis-le-beffroi-2005-1536x1152.jpg 1536w, https:\/\/gifex.com\/fr\/wp-content\/uploads\/9303\/Vue-de-Bruges-depuis-le-beffroi-2005-800x600.jpg 800w, https:\/\/gifex.com\/fr\/wp-content\/uploads\/9303\/Vue-de-Bruges-depuis-le-beffroi-2005.jpg 1600w\" sizes=\"(max-width: 360px) 100vw, 360px\" \/><\/a><figcaption id=\"caption-attachment-9310\" class=\"wp-caption-text\"><label style=\"font-size: 15px;\">Vue de Bruges depuis le beffroi.<\/label><\/figcaption><\/figure>\n<p>La superficie de l&#8217;ensemble de la ville s&#8217;\u00e9l\u00e8ve \u00e0 plus de 13.840 hectares (138,4 km\u00b2), dont 1.075 hectares par la c\u00f4te, au vaste port de Bruges-Zeebruges. Le centre-ville historique est un important site du patrimoine mondial de l&#8217;UNESCO. Il est de forme ovale et s&#8217;\u00e9tend sur environ 430 hectares. La population totale de la ville est de 117 073 (1er janvier 2008), dont environ 20 000 vivent dans le centre-ville. La zone m\u00e9tropolitaine, y compris la zone de banlieue ext\u00e9rieure, couvre une superficie de 616 km\u00b2 et compte un total de 255 844 habitants au 1er janvier 2008.<\/p>\n<p>Avec quelques autres villes du nord bas\u00e9es sur des canaux, comme Amsterdam et Saint-P\u00e9tersbourg, elle est parfois appel\u00e9e la Venise du Nord. Bruges a une importance \u00e9conomique significative, gr\u00e2ce \u00e0 son port, et \u00e9tait autrefois l&#8217;une des principales villes commerciales du monde. \u00a0La ville est \u00e9galement une attraction touristique de renomm\u00e9e mondiale\u00a0et est bien connue comme si\u00e8ge du Coll\u00e8ge d&#8217;Europe, un institut universitaire d&#8217;\u00e9tudes europ\u00e9ennes.<\/p>\n","protected":false},"excerpt":{"rendered":"<p>Carte de Bruges, la capitale et la plus grande ville de la province de Flandre occidentale dans la r\u00e9gion flamande de Belgique, dans le nord-ouest du pays, et la septi\u00e8me plus grande ville du pays en termes de population, est \u00e9galement le chef-lieu du\u00a0canton \u00e9lectoral de Bruges\u00a0, lui-m\u00eame compos\u00e9 de quatre\u00a0cantons judiciaires\u00a0et est le si\u00e8ge [&hellip;]<\/p>\n","protected":false},"author":1,"featured_media":33664,"template":"","categoria_ficha":[1765],"class_list":["post-9303","ficha","type-ficha","status-publish","has-post-thumbnail","hentry","categoria_ficha-cartes-de-bruges"],"acf":[],"_links":{"self":[{"href":"https:\/\/gifex.com\/fr\/wp-json\/wp\/v2\/ficha\/9303","targetHints":{"allow":["GET"]}}],"collection":[{"href":"https:\/\/gifex.com\/fr\/wp-json\/wp\/v2\/ficha"}],"about":[{"href":"https:\/\/gifex.com\/fr\/wp-json\/wp\/v2\/types\/ficha"}],"author":[{"embeddable":true,"href":"https:\/\/gifex.com\/fr\/wp-json\/wp\/v2\/users\/1"}],"version-history":[{"count":7,"href":"https:\/\/gifex.com\/fr\/wp-json\/wp\/v2\/ficha\/9303\/revisions"}],"predecessor-version":[{"id":36494,"href":"https:\/\/gifex.com\/fr\/wp-json\/wp\/v2\/ficha\/9303\/revisions\/36494"}],"wp:featuredmedia":[{"embeddable":true,"href":"https:\/\/gifex.com\/fr\/wp-json\/wp\/v2\/media\/33664"}],"wp:attachment":[{"href":"https:\/\/gifex.com\/fr\/wp-json\/wp\/v2\/media?parent=9303"}],"wp:term":[{"taxonomy":"categoria_ficha","embeddable":true,"href":"https:\/\/gifex.com\/fr\/wp-json\/wp\/v2\/categoria_ficha?post=9303"}],"curies":[{"name":"wp","href":"https:\/\/api.w.org\/{rel}","templated":true}]}}

<p>Carte de Bruges, la capitale et la plus grande ville de la province de Flandre occidentale dans la région flamande de Belgique, dans le nord-ouest du pays, et la septième plus grande ville du pays en termes de population, est également le chef-lieu du canton électoral de Bruges , lui-même composé de quatre cantons judiciaires et est le siège du diocèse de Bruges et d&#8217;une cour d&#8217;assises .</p>
<figure id="attachment_9310" aria-describedby="caption-attachment-9310" style="width: 360px" class="wp-caption alignright"><a href="https://gifex.com/fr/wp-content/uploads/9303/Vue-de-Bruges-depuis-le-beffroi-2005.jpg" target="_blank" rel="noopener"><img fetchpriority="high" decoding="async" class="wp-image-9310" style="width: 100%; max-width: 360px; height: auto;" title="Vue de Bruges depuis le beffroi" src="https://gifex.com/fr/wp-content/uploads/9303/Vue-de-Bruges-depuis-le-beffroi-2005-300x225.jpg" alt="Vue de Bruges depuis le beffroi" width="360" height="270" srcset="https://gifex.com/fr/wp-content/uploads/9303/Vue-de-Bruges-depuis-le-beffroi-2005-300x225.jpg 300w, https://gifex.com/fr/wp-content/uploads/9303/Vue-de-Bruges-depuis-le-beffroi-2005-1024x768.jpg 1024w, https://gifex.com/fr/wp-content/uploads/9303/Vue-de-Bruges-depuis-le-beffroi-2005-768x576.jpg 768w, https://gifex.com/fr/wp-content/uploads/9303/Vue-de-Bruges-depuis-le-beffroi-2005-1536x1152.jpg 1536w, https://gifex.com/fr/wp-content/uploads/9303/Vue-de-Bruges-depuis-le-beffroi-2005-800x600.jpg 800w, https://gifex.com/fr/wp-content/uploads/9303/Vue-de-Bruges-depuis-le-beffroi-2005.jpg 1600w" sizes="(max-width: 360px) 100vw, 360px" /></a><figcaption id="caption-attachment-9310" class="wp-caption-text"><label style="font-size: 15px;">Vue de Bruges depuis le beffroi.</label></figcaption></figure>
<p>La superficie de l&#8217;ensemble de la ville s&#8217;élève à plus de 13.840 hectares (138,4 km²), dont 1.075 hectares par la côte, au vaste port de Bruges-Zeebruges. Le centre-ville historique est un important site du patrimoine mondial de l&#8217;UNESCO. Il est de forme ovale et s&#8217;étend sur environ 430 hectares. La population totale de la ville est de 117 073 (1er janvier 2008), dont environ 20 000 vivent dans le centre-ville. La zone métropolitaine, y compris la zone de banlieue extérieure, couvre une superficie de 616 km² et compte un total de 255 844 habitants au 1er janvier 2008.</p>
<p>Avec quelques autres villes du nord basées sur des canaux, comme Amsterdam et Saint-Pétersbourg, elle est parfois appelée la Venise du Nord. Bruges a une importance économique significative, grâce à son port, et était autrefois l&#8217;une des principales villes commerciales du monde.  La ville est également une attraction touristique de renommée mondiale et est bien connue comme siège du Collège d&#8217;Europe, un institut universitaire d&#8217;études européennes.</p>

<p>Carte de Bruges, la capitale et la plus grande ville de la province de Flandre occidentale dans la région flamande de Belgique, dans le nord-ouest du pays, et la septième plus grande ville du pays en termes de population, est également le chef-lieu du canton électoral de Bruges , lui-même composé de quatre cantons judiciaires et est le siège [&hellip;]</p>
