{"id":9219,"date":"2022-03-29T18:48:58","date_gmt":"2022-03-29T18:48:58","guid":{"rendered":"https:\/\/gifex.com\/fr\/?post_type=ficha&#038;p=9219"},"modified":"2023-03-24T19:25:54","modified_gmt":"2023-03-24T19:25:54","slug":"carte-du-reseau-d-autobus-de-liege","status":"publish","type":"ficha","link":"https:\/\/gifex.com\/fr\/fichier\/carte-du-reseau-d-autobus-de-liege\/","title":{"rendered":"Carte du r\u00e9seau d&#8217;autobus de Li\u00e8ge"},"content":{"rendered":"<p>Carte du r\u00e9seau d&#8217;autobus Li\u00e8ge. Le r\u00e9seau d&#8217;autobus de la de la Direction Li\u00e8ge-Verviers, partie de l&#8217;Op\u00e9rateur de Transports de Wallonie (ex-SRWT), qui est la soci\u00e9t\u00e9 publique de transports de la R\u00e9gion wallonne en Belgique.<\/p>\n<figure id=\"attachment_9226\" aria-describedby=\"caption-attachment-9226\" style=\"width: 360px\" class=\"wp-caption alignright\"><a href=\"https:\/\/gifex.com\/fr\/wp-content\/uploads\/9219\/Autobus-de-la-TEC-a-Liege.jpg\" target=\"_blank\" rel=\"noopener\"><img fetchpriority=\"high\" decoding=\"async\" class=\"wp-image-9226\" style=\"width: 100%; max-width: 360px; height: auto;\" title=\"Autobus de la TEC \u00e0 Li\u00e8ge\" src=\"https:\/\/gifex.com\/fr\/wp-content\/uploads\/9219\/Autobus-de-la-TEC-a-Liege-300x225.jpg\" alt=\"Autobus de la TEC \u00e0 Li\u00e8ge\" width=\"360\" height=\"270\" srcset=\"https:\/\/gifex.com\/fr\/wp-content\/uploads\/9219\/Autobus-de-la-TEC-a-Liege-300x225.jpg 300w, https:\/\/gifex.com\/fr\/wp-content\/uploads\/9219\/Autobus-de-la-TEC-a-Liege-1024x768.jpg 1024w, https:\/\/gifex.com\/fr\/wp-content\/uploads\/9219\/Autobus-de-la-TEC-a-Liege-768x576.jpg 768w, https:\/\/gifex.com\/fr\/wp-content\/uploads\/9219\/Autobus-de-la-TEC-a-Liege-1536x1152.jpg 1536w, https:\/\/gifex.com\/fr\/wp-content\/uploads\/9219\/Autobus-de-la-TEC-a-Liege-2048x1536.jpg 2048w, https:\/\/gifex.com\/fr\/wp-content\/uploads\/9219\/Autobus-de-la-TEC-a-Liege-800x600.jpg 800w, https:\/\/gifex.com\/fr\/wp-content\/uploads\/9219\/Autobus-de-la-TEC-a-Liege-1600x1200.jpg 1600w\" sizes=\"(max-width: 360px) 100vw, 360px\" \/><\/a><figcaption id=\"caption-attachment-9226\" class=\"wp-caption-text\"><label style=\"font-size: 15px;\">Autobus de la TEC \u00e0 Li\u00e8ge.<\/label><\/figcaption><\/figure>\n<p>Son r\u00e9seau est compos\u00e9 de 203 lignes d&#8217;autobus repr\u00e9sentant plus de 30 % des d\u00e9placements en transports en commun en Wallonie.<\/p>\n<p>Le 1er mars 2018, le gouvernement Wallon a vot\u00e9 la fusion des 6 soci\u00e9t\u00e9s actuelles (SRWT et 5 soci\u00e9t\u00e9s d&#8217;exploitations) au sein d&#8217;une nouvelle structure unique, l&#8217;Op\u00e9rateur de Transport de Wallonie (OTW). La marque commerciale TEC, reste cependant d&#8217;application.<\/p>\n<p>Un vaste projet de \u00ab tram \u00bb, reliant le centre \u00e0 la p\u00e9riph\u00e9rie, est en cours \u00e0 Li\u00e8ge. Il devrait \u00eatre op\u00e9rationnel en mai 20233 pour relier Sclessin \u00e0 Bressoux ou Coronmeuse, en passant par la Gare de Li\u00e8ge-Guillemins, la Place Saint-Lambert, et le centre de Li\u00e8ge.<\/p>\n","protected":false},"excerpt":{"rendered":"<p>Le r\u00e9seau d&#8217;autobus de la de la Direction Li\u00e8ge-Verviers, partie de l&#8217;Op\u00e9rateur de Transports de Wallonie (ex-SRWT), qui est la soci\u00e9t\u00e9 publique de transports de la R\u00e9gion wallonne en Belgique.<\/p>\n","protected":false},"author":1,"featured_media":11660,"template":"","categoria_ficha":[1764],"class_list":["post-9219","ficha","type-ficha","status-publish","has-post-thumbnail","hentry","categoria_ficha-cartes-de-liege"],"acf":[],"_links":{"self":[{"href":"https:\/\/gifex.com\/fr\/wp-json\/wp\/v2\/ficha\/9219","targetHints":{"allow":["GET"]}}],"collection":[{"href":"https:\/\/gifex.com\/fr\/wp-json\/wp\/v2\/ficha"}],"about":[{"href":"https:\/\/gifex.com\/fr\/wp-json\/wp\/v2\/types\/ficha"}],"author":[{"embeddable":true,"href":"https:\/\/gifex.com\/fr\/wp-json\/wp\/v2\/users\/1"}],"version-history":[{"count":11,"href":"https:\/\/gifex.com\/fr\/wp-json\/wp\/v2\/ficha\/9219\/revisions"}],"predecessor-version":[{"id":36496,"href":"https:\/\/gifex.com\/fr\/wp-json\/wp\/v2\/ficha\/9219\/revisions\/36496"}],"wp:featuredmedia":[{"embeddable":true,"href":"https:\/\/gifex.com\/fr\/wp-json\/wp\/v2\/media\/11660"}],"wp:attachment":[{"href":"https:\/\/gifex.com\/fr\/wp-json\/wp\/v2\/media?parent=9219"}],"wp:term":[{"taxonomy":"categoria_ficha","embeddable":true,"href":"https:\/\/gifex.com\/fr\/wp-json\/wp\/v2\/categoria_ficha?post=9219"}],"curies":[{"name":"wp","href":"https:\/\/api.w.org\/{rel}","templated":true}]}}

Carte du réseau d&#8217;autobus de Liège

<p>Carte du réseau d&#8217;autobus Liège. Le réseau d&#8217;autobus de la de la Direction Liège-Verviers, partie de l&#8217;Opérateur de Transports de Wallonie (ex-SRWT), qui est la société publique de transports de la Région wallonne en Belgique.</p>
<figure id="attachment_9226" aria-describedby="caption-attachment-9226" style="width: 360px" class="wp-caption alignright"><a href="https://gifex.com/fr/wp-content/uploads/9219/Autobus-de-la-TEC-a-Liege.jpg" target="_blank" rel="noopener"><img fetchpriority="high" decoding="async" class="wp-image-9226" style="width: 100%; max-width: 360px; height: auto;" title="Autobus de la TEC à Liège" src="https://gifex.com/fr/wp-content/uploads/9219/Autobus-de-la-TEC-a-Liege-300x225.jpg" alt="Autobus de la TEC à Liège" width="360" height="270" srcset="https://gifex.com/fr/wp-content/uploads/9219/Autobus-de-la-TEC-a-Liege-300x225.jpg 300w, https://gifex.com/fr/wp-content/uploads/9219/Autobus-de-la-TEC-a-Liege-1024x768.jpg 1024w, https://gifex.com/fr/wp-content/uploads/9219/Autobus-de-la-TEC-a-Liege-768x576.jpg 768w, https://gifex.com/fr/wp-content/uploads/9219/Autobus-de-la-TEC-a-Liege-1536x1152.jpg 1536w, https://gifex.com/fr/wp-content/uploads/9219/Autobus-de-la-TEC-a-Liege-2048x1536.jpg 2048w, https://gifex.com/fr/wp-content/uploads/9219/Autobus-de-la-TEC-a-Liege-800x600.jpg 800w, https://gifex.com/fr/wp-content/uploads/9219/Autobus-de-la-TEC-a-Liege-1600x1200.jpg 1600w" sizes="(max-width: 360px) 100vw, 360px" /></a><figcaption id="caption-attachment-9226" class="wp-caption-text"><label style="font-size: 15px;">Autobus de la TEC à Liège.</label></figcaption></figure>
<p>Son réseau est composé de 203 lignes d&#8217;autobus représentant plus de 30 % des déplacements en transports en commun en Wallonie.</p>
<p>Le 1er mars 2018, le gouvernement Wallon a voté la fusion des 6 sociétés actuelles (SRWT et 5 sociétés d&#8217;exploitations) au sein d&#8217;une nouvelle structure unique, l&#8217;Opérateur de Transport de Wallonie (OTW). La marque commerciale TEC, reste cependant d&#8217;application.</p>
<p>Un vaste projet de « tram », reliant le centre à la périphérie, est en cours à Liège. Il devrait être opérationnel en mai 20233 pour relier Sclessin à Bressoux ou Coronmeuse, en passant par la Gare de Liège-Guillemins, la Place Saint-Lambert, et le centre de Liège.</p>

<p>Le réseau d&#8217;autobus de la de la Direction Liège-Verviers, partie de l&#8217;Opérateur de Transports de Wallonie (ex-SRWT), qui est la société publique de transports de la Région wallonne en Belgique.</p>
