{"id":9197,"date":"2022-03-29T17:14:53","date_gmt":"2022-03-29T17:14:53","guid":{"rendered":"https:\/\/gifex.com\/fr\/?post_type=ficha&#038;p=9197"},"modified":"2022-08-14T13:05:17","modified_gmt":"2022-08-14T13:05:17","slug":"carte-de-l-agglomeration-operationnelle-de-liege","status":"publish","type":"ficha","link":"https:\/\/gifex.com\/fr\/fichier\/carte-de-l-agglomeration-operationnelle-de-liege\/","title":{"rendered":"Carte de l&#8217;agglom\u00e9ration op\u00e9rationnelle de Li\u00e8ge"},"content":{"rendered":"<p>Carte de l&#8217;agglom\u00e9ration op\u00e9rationnelle de Li\u00e8ge montre\u00a0son agglom\u00e9ration morphologique ajust\u00e9e aux limites des communes. Elle est compos\u00e9e des 13 communes suivantes : Li\u00e8ge, Ans, Beyne-Heusay, Chaudfontaine, Engis, Fl\u00e9malle, Fl\u00e9ron, Gr\u00e2ce-Hollogne, Herstal, Oupeye, Saint-Nicolas, Seraing et Soumagne.<\/p>\n<p>L&#8217;agglom\u00e9ration op\u00e9rationnelle s&#8217;obtient en ajustant l&#8217;agglom\u00e9ration morphologique aux limites des communes. La banlieue est la zone p\u00e9riph\u00e9rique de la ville, rurale sur le plan morphologique, mais urbaine sur le plan fonctionnel. Avec l&#8217;agglom\u00e9ration op\u00e9rationnelle, elle forme la r\u00e9gion urbaine.<\/p>\n<div class=\"row\">\n<div class=\"col-sm\">\n<figure id=\"attachment_9195\" aria-describedby=\"caption-attachment-9195\" style=\"width: 400px\" class=\"wp-caption aligncenter\"><a href=\"https:\/\/gifex.com\/fr\/wp-content\/uploads\/9194\/Carte-de-l-agglomeration-morphologique-de-la-ville-de-Liege-2011.png\" target=\"_blank\" rel=\"noopener\"><img fetchpriority=\"high\" decoding=\"async\" class=\"wp-image-9195\" style=\"width: 100%; max-width: 390px; height: auto;\" title=\"Carte de l'agglom\u00e9ration morphologique de la ville de Li\u00e8ge\" src=\"https:\/\/gifex.com\/fr\/wp-content\/uploads\/9194\/Carte-de-l-agglomeration-morphologique-de-la-ville-de-Liege-2011-300x212.png\" alt=\"Carte de l'agglom\u00e9ration morphologique de la ville de Li\u00e8ge\" width=\"400\" height=\"283\" srcset=\"https:\/\/gifex.com\/fr\/wp-content\/uploads\/9194\/Carte-de-l-agglomeration-morphologique-de-la-ville-de-Liege-2011-300x212.png 300w, https:\/\/gifex.com\/fr\/wp-content\/uploads\/9194\/Carte-de-l-agglomeration-morphologique-de-la-ville-de-Liege-2011-1024x724.png 1024w, https:\/\/gifex.com\/fr\/wp-content\/uploads\/9194\/Carte-de-l-agglomeration-morphologique-de-la-ville-de-Liege-2011-768x543.png 768w, https:\/\/gifex.com\/fr\/wp-content\/uploads\/9194\/Carte-de-l-agglomeration-morphologique-de-la-ville-de-Liege-2011.png 1146w\" sizes=\"(max-width: 400px) 100vw, 400px\" \/><\/a><figcaption id=\"caption-attachment-9195\" class=\"wp-caption-text\"><label style=\"font-size: 15px;\">Carte de l&#8217;agglom\u00e9ration morphologique de la ville de Li\u00e8ge.<\/label><\/figcaption><\/figure>\n<\/div>\n<div class=\"col-sm\">\n<figure id=\"attachment_9204\" aria-describedby=\"caption-attachment-9204\" style=\"width: 400px\" class=\"wp-caption aligncenter\"><a href=\"https:\/\/gifex.com\/fr\/wp-content\/uploads\/9203\/Carte-du-complexe-residentiel-urbain-de-Liege-2017.png\" target=\"_blank\" rel=\"noopener\"><img decoding=\"async\" class=\"wp-image-9204\" style=\"width: 100%; max-width: 390px; height: auto;\" title=\"Carte du complexe r\u00e9sidentiel urbain de Li\u00e8ge\" src=\"https:\/\/gifex.com\/fr\/wp-content\/uploads\/9203\/Carte-du-complexe-residentiel-urbain-de-Liege-2017-300x212.png\" alt=\"Carte du complexe r\u00e9sidentiel urbain de Li\u00e8ge\" width=\"400\" height=\"283\" srcset=\"https:\/\/gifex.com\/fr\/wp-content\/uploads\/9203\/Carte-du-complexe-residentiel-urbain-de-Liege-2017-300x212.png 300w, https:\/\/gifex.com\/fr\/wp-content\/uploads\/9203\/Carte-du-complexe-residentiel-urbain-de-Liege-2017-1024x724.png 1024w, https:\/\/gifex.com\/fr\/wp-content\/uploads\/9203\/Carte-du-complexe-residentiel-urbain-de-Liege-2017-768x543.png 768w, https:\/\/gifex.com\/fr\/wp-content\/uploads\/9203\/Carte-du-complexe-residentiel-urbain-de-Liege-2017.png 1146w\" sizes=\"(max-width: 400px) 100vw, 400px\" \/><\/a><figcaption id=\"caption-attachment-9204\" class=\"wp-caption-text\"><label style=\"font-size: 15px;\">Carte du complexe r\u00e9sidentiel urbain de Li\u00e8ge.<\/label><\/figcaption><\/figure>\n<\/div>\n<\/div>\n<div class=\"row\">\n<div class=\"col-sm\">\n<figure id=\"attachment_9201\" aria-describedby=\"caption-attachment-9201\" style=\"width: 400px\" class=\"wp-caption aligncenter\"><a href=\"https:\/\/gifex.com\/fr\/wp-content\/uploads\/9200\/Carte-de-la-region-urbaine-de-Liege-2017.png\" target=\"_blank\" rel=\"noopener\"><img decoding=\"async\" class=\"wp-image-9201\" style=\"width: 100%; max-width: 390px; height: auto;\" title=\"Carte de la r\u00e9gion urbaine de Li\u00e8ge\" src=\"https:\/\/gifex.com\/fr\/wp-content\/uploads\/9200\/Carte-de-la-region-urbaine-de-Liege-2017-300x221.png\" alt=\"Carte de la r\u00e9gion urbaine de Li\u00e8ge\" width=\"400\" height=\"295\" srcset=\"https:\/\/gifex.com\/fr\/wp-content\/uploads\/9200\/Carte-de-la-region-urbaine-de-Liege-2017-300x221.png 300w, https:\/\/gifex.com\/fr\/wp-content\/uploads\/9200\/Carte-de-la-region-urbaine-de-Liege-2017-768x566.png 768w, https:\/\/gifex.com\/fr\/wp-content\/uploads\/9200\/Carte-de-la-region-urbaine-de-Liege-2017.png 1000w\" sizes=\"(max-width: 400px) 100vw, 400px\" \/><\/a><figcaption id=\"caption-attachment-9201\" class=\"wp-caption-text\"><label style=\"font-size: 15px;\">Carte de la r\u00e9gion urbaine de Li\u00e8ge.<\/label><\/figcaption><\/figure>\n<\/div>\n<\/div>\n","protected":false},"excerpt":{"rendered":"<p>L&#8217;agglom\u00e9ration op\u00e9rationnelle de Li\u00e8ge montre\u00a0son agglom\u00e9ration morphologique ajust\u00e9e aux limites des communes. Elle est compos\u00e9e des 13 communes suivantes : Li\u00e8ge, An<\/p>\n","protected":false},"author":1,"featured_media":9198,"template":"","categoria_ficha":[1764],"class_list":["post-9197","ficha","type-ficha","status-publish","has-post-thumbnail","hentry","categoria_ficha-cartes-de-liege"],"acf":[],"_links":{"self":[{"href":"https:\/\/gifex.com\/fr\/wp-json\/wp\/v2\/ficha\/9197","targetHints":{"allow":["GET"]}}],"collection":[{"href":"https:\/\/gifex.com\/fr\/wp-json\/wp\/v2\/ficha"}],"about":[{"href":"https:\/\/gifex.com\/fr\/wp-json\/wp\/v2\/types\/ficha"}],"author":[{"embeddable":true,"href":"https:\/\/gifex.com\/fr\/wp-json\/wp\/v2\/users\/1"}],"version-history":[{"count":5,"href":"https:\/\/gifex.com\/fr\/wp-json\/wp\/v2\/ficha\/9197\/revisions"}],"predecessor-version":[{"id":20903,"href":"https:\/\/gifex.com\/fr\/wp-json\/wp\/v2\/ficha\/9197\/revisions\/20903"}],"wp:featuredmedia":[{"embeddable":true,"href":"https:\/\/gifex.com\/fr\/wp-json\/wp\/v2\/media\/9198"}],"wp:attachment":[{"href":"https:\/\/gifex.com\/fr\/wp-json\/wp\/v2\/media?parent=9197"}],"wp:term":[{"taxonomy":"categoria_ficha","embeddable":true,"href":"https:\/\/gifex.com\/fr\/wp-json\/wp\/v2\/categoria_ficha?post=9197"}],"curies":[{"name":"wp","href":"https:\/\/api.w.org\/{rel}","templated":true}]}}

Carte de l&#8217;agglomération opérationnelle de Liège

<p>Carte de l&#8217;agglomération opérationnelle de Liège montre son agglomération morphologique ajustée aux limites des communes. Elle est composée des 13 communes suivantes : Liège, Ans, Beyne-Heusay, Chaudfontaine, Engis, Flémalle, Fléron, Grâce-Hollogne, Herstal, Oupeye, Saint-Nicolas, Seraing et Soumagne.</p>
<p>L&#8217;agglomération opérationnelle s&#8217;obtient en ajustant l&#8217;agglomération morphologique aux limites des communes. La banlieue est la zone périphérique de la ville, rurale sur le plan morphologique, mais urbaine sur le plan fonctionnel. Avec l&#8217;agglomération opérationnelle, elle forme la région urbaine.</p>
<div class="row">
<div class="col-sm">
<figure id="attachment_9195" aria-describedby="caption-attachment-9195" style="width: 400px" class="wp-caption aligncenter"><a href="https://gifex.com/fr/wp-content/uploads/9194/Carte-de-l-agglomeration-morphologique-de-la-ville-de-Liege-2011.png" target="_blank" rel="noopener"><img fetchpriority="high" decoding="async" class="wp-image-9195" style="width: 100%; max-width: 390px; height: auto;" title="Carte de l'agglomération morphologique de la ville de Liège" src="https://gifex.com/fr/wp-content/uploads/9194/Carte-de-l-agglomeration-morphologique-de-la-ville-de-Liege-2011-300x212.png" alt="Carte de l'agglomération morphologique de la ville de Liège" width="400" height="283" srcset="https://gifex.com/fr/wp-content/uploads/9194/Carte-de-l-agglomeration-morphologique-de-la-ville-de-Liege-2011-300x212.png 300w, https://gifex.com/fr/wp-content/uploads/9194/Carte-de-l-agglomeration-morphologique-de-la-ville-de-Liege-2011-1024x724.png 1024w, https://gifex.com/fr/wp-content/uploads/9194/Carte-de-l-agglomeration-morphologique-de-la-ville-de-Liege-2011-768x543.png 768w, https://gifex.com/fr/wp-content/uploads/9194/Carte-de-l-agglomeration-morphologique-de-la-ville-de-Liege-2011.png 1146w" sizes="(max-width: 400px) 100vw, 400px" /></a><figcaption id="caption-attachment-9195" class="wp-caption-text"><label style="font-size: 15px;">Carte de l&#8217;agglomération morphologique de la ville de Liège.</label></figcaption></figure>
</div>
<div class="col-sm">
<figure id="attachment_9204" aria-describedby="caption-attachment-9204" style="width: 400px" class="wp-caption aligncenter"><a href="https://gifex.com/fr/wp-content/uploads/9203/Carte-du-complexe-residentiel-urbain-de-Liege-2017.png" target="_blank" rel="noopener"><img decoding="async" class="wp-image-9204" style="width: 100%; max-width: 390px; height: auto;" title="Carte du complexe résidentiel urbain de Liège" src="https://gifex.com/fr/wp-content/uploads/9203/Carte-du-complexe-residentiel-urbain-de-Liege-2017-300x212.png" alt="Carte du complexe résidentiel urbain de Liège" width="400" height="283" srcset="https://gifex.com/fr/wp-content/uploads/9203/Carte-du-complexe-residentiel-urbain-de-Liege-2017-300x212.png 300w, https://gifex.com/fr/wp-content/uploads/9203/Carte-du-complexe-residentiel-urbain-de-Liege-2017-1024x724.png 1024w, https://gifex.com/fr/wp-content/uploads/9203/Carte-du-complexe-residentiel-urbain-de-Liege-2017-768x543.png 768w, https://gifex.com/fr/wp-content/uploads/9203/Carte-du-complexe-residentiel-urbain-de-Liege-2017.png 1146w" sizes="(max-width: 400px) 100vw, 400px" /></a><figcaption id="caption-attachment-9204" class="wp-caption-text"><label style="font-size: 15px;">Carte du complexe résidentiel urbain de Liège.</label></figcaption></figure>
</div>
</div>
<div class="row">
<div class="col-sm">
<figure id="attachment_9201" aria-describedby="caption-attachment-9201" style="width: 400px" class="wp-caption aligncenter"><a href="https://gifex.com/fr/wp-content/uploads/9200/Carte-de-la-region-urbaine-de-Liege-2017.png" target="_blank" rel="noopener"><img decoding="async" class="wp-image-9201" style="width: 100%; max-width: 390px; height: auto;" title="Carte de la région urbaine de Liège" src="https://gifex.com/fr/wp-content/uploads/9200/Carte-de-la-region-urbaine-de-Liege-2017-300x221.png" alt="Carte de la région urbaine de Liège" width="400" height="295" srcset="https://gifex.com/fr/wp-content/uploads/9200/Carte-de-la-region-urbaine-de-Liege-2017-300x221.png 300w, https://gifex.com/fr/wp-content/uploads/9200/Carte-de-la-region-urbaine-de-Liege-2017-768x566.png 768w, https://gifex.com/fr/wp-content/uploads/9200/Carte-de-la-region-urbaine-de-Liege-2017.png 1000w" sizes="(max-width: 400px) 100vw, 400px" /></a><figcaption id="caption-attachment-9201" class="wp-caption-text"><label style="font-size: 15px;">Carte de la région urbaine de Liège.</label></figcaption></figure>
</div>
</div>

<p>L&#8217;agglomération opérationnelle de Liège montre son agglomération morphologique ajustée aux limites des communes. Elle est composée des 13 communes suivantes : Liège, An</p>
