{"id":9181,"date":"2022-03-29T14:46:51","date_gmt":"2022-03-29T14:46:51","guid":{"rendered":"https:\/\/gifex.com\/fr\/?post_type=ficha&#038;p=9181"},"modified":"2022-08-14T13:07:45","modified_gmt":"2022-08-14T13:07:45","slug":"plan-des-coteaux-de-la-citadelle-de-liege","status":"publish","type":"ficha","link":"https:\/\/gifex.com\/fr\/fichier\/plan-des-coteaux-de-la-citadelle-de-liege\/","title":{"rendered":"Plan des Coteaux de la Citadelle de Li\u00e8ge"},"content":{"rendered":"<figure id=\"attachment_9183\" aria-describedby=\"caption-attachment-9183\" style=\"width: 360px\" class=\"wp-caption alignright\"><a href=\"https:\/\/gifex.com\/fr\/wp-content\/uploads\/9181\/Vue-depuis-le-palais-Curtius-place-Saint-Barthelemy-sur-les-coteaux-de-la-Citadelle-2013.jpg\" target=\"_blank\" rel=\"noopener\"><img fetchpriority=\"high\" decoding=\"async\" class=\"wp-image-9183\" style=\"width: 100%; max-width: 360px; height: auto;\" title=\"Vue depuis le palais Curtius place Saint-Barth\u00e9lemy sur les coteaux de la Citadelle\" src=\"https:\/\/gifex.com\/fr\/wp-content\/uploads\/9181\/Vue-depuis-le-palais-Curtius-place-Saint-Barthelemy-sur-les-coteaux-de-la-Citadelle-2013-300x225.jpg\" alt=\"Vue depuis le palais Curtius place Saint-Barth\u00e9lemy sur les coteaux de la Citadelle\" width=\"360\" height=\"270\" srcset=\"https:\/\/gifex.com\/fr\/wp-content\/uploads\/9181\/Vue-depuis-le-palais-Curtius-place-Saint-Barthelemy-sur-les-coteaux-de-la-Citadelle-2013-300x225.jpg 300w, https:\/\/gifex.com\/fr\/wp-content\/uploads\/9181\/Vue-depuis-le-palais-Curtius-place-Saint-Barthelemy-sur-les-coteaux-de-la-Citadelle-2013-1024x768.jpg 1024w, https:\/\/gifex.com\/fr\/wp-content\/uploads\/9181\/Vue-depuis-le-palais-Curtius-place-Saint-Barthelemy-sur-les-coteaux-de-la-Citadelle-2013-768x576.jpg 768w, https:\/\/gifex.com\/fr\/wp-content\/uploads\/9181\/Vue-depuis-le-palais-Curtius-place-Saint-Barthelemy-sur-les-coteaux-de-la-Citadelle-2013-1536x1152.jpg 1536w, https:\/\/gifex.com\/fr\/wp-content\/uploads\/9181\/Vue-depuis-le-palais-Curtius-place-Saint-Barthelemy-sur-les-coteaux-de-la-Citadelle-2013-2048x1536.jpg 2048w, https:\/\/gifex.com\/fr\/wp-content\/uploads\/9181\/Vue-depuis-le-palais-Curtius-place-Saint-Barthelemy-sur-les-coteaux-de-la-Citadelle-2013-800x600.jpg 800w, https:\/\/gifex.com\/fr\/wp-content\/uploads\/9181\/Vue-depuis-le-palais-Curtius-place-Saint-Barthelemy-sur-les-coteaux-de-la-Citadelle-2013-1600x1200.jpg 1600w\" sizes=\"(max-width: 360px) 100vw, 360px\" \/><\/a><figcaption id=\"caption-attachment-9183\" class=\"wp-caption-text\"><label style=\"font-size: 15px;\">Vue depuis le palais Curtius place Saint-Barth\u00e9lemy sur les coteaux de la Citadelle.<\/label><\/figcaption><\/figure>\n<p>Plan des Coteaux de la Citadelle de Li\u00e8ge,\u00a0un espace champ\u00eatre de plus de 90 hectares situ\u00e9 en partie dans le centre historique de Li\u00e8ge, dont pr\u00e8s de la moiti\u00e9 sont class\u00e9s au patrimoine naturel de la R\u00e9gion wallonne. Le site compte plus de soixante monuments class\u00e9s au patrimoine mat\u00e9riel par la R\u00e9gion wallonne et comporte 13 kilom\u00e8tres de promenades p\u00e9destres fl\u00e9ch\u00e9es.<\/p>\n<p>Les coteaux tiennent leur d\u00e9nomination de la pr\u00e9sence \u00e0 leur sommet de l&#8217;ancienne citadelle de Li\u00e8ge.<\/p>\n<p>Cet espace, qui pr\u00e9sente une diff\u00e9rence d&#8217;altitude verticale de 90 m\u00e8tres est principalement constitu\u00e9 par le versant gauche de la vall\u00e9e de la Meuse s&#8217;\u00e9tendant depuis la rue Montagne Sainte-Walburge jusqu&#8217;\u00e0 la rue Fond des Tawes mais aussi par le versant droit du vallon sec des Tawes qui servait jadis de glacis nord-est \u00e0 la citadelle.<\/p>\n<figure id=\"attachment_9184\" aria-describedby=\"caption-attachment-9184\" style=\"width: 360px\" class=\"wp-caption alignright\"><a href=\"https:\/\/gifex.com\/fr\/wp-content\/uploads\/9181\/Carte-de-localisation-des-huit-sites-des-Coteaux-de-la-Citadelle.png\" target=\"_blank\" rel=\"noopener\"><img decoding=\"async\" class=\"wp-image-9184\" style=\"width: 100%; max-width: 360px; height: auto;\" title=\"Carte de localisation des huit sites des Coteaux de la Citadelle\" src=\"https:\/\/gifex.com\/fr\/wp-content\/uploads\/9181\/Carte-de-localisation-des-huit-sites-des-Coteaux-de-la-Citadelle-300x224.png\" alt=\"Carte de localisation des huit sites des Coteaux de la Citadelle\" width=\"360\" height=\"269\" srcset=\"https:\/\/gifex.com\/fr\/wp-content\/uploads\/9181\/Carte-de-localisation-des-huit-sites-des-Coteaux-de-la-Citadelle-300x224.png 300w, https:\/\/gifex.com\/fr\/wp-content\/uploads\/9181\/Carte-de-localisation-des-huit-sites-des-Coteaux-de-la-Citadelle-768x573.png 768w, https:\/\/gifex.com\/fr\/wp-content\/uploads\/9181\/Carte-de-localisation-des-huit-sites-des-Coteaux-de-la-Citadelle-800x600.png 800w, https:\/\/gifex.com\/fr\/wp-content\/uploads\/9181\/Carte-de-localisation-des-huit-sites-des-Coteaux-de-la-Citadelle.png 903w\" sizes=\"(max-width: 360px) 100vw, 360px\" \/><\/a><figcaption id=\"caption-attachment-9184\" class=\"wp-caption-text\"><label style=\"font-size: 15px;\">Carte de localisation des huit sites des Coteaux de la Citadelle.<\/label><\/figcaption><\/figure>\n<p>40,07 hectares de cette surface sont class\u00e9s en tant que Site de grand int\u00e9r\u00eat biologique (SGIB) par la R\u00e9gion wallonne. Plus de nonante esp\u00e8ces animales dont seize \u00e0 valeur patrimoniale, y sont pr\u00e9sentes.<\/p>\n<p>Plus de soixante monuments et sites, t\u00e9moins de l&#8217;\u00e9volution de la Cit\u00e9 de Li\u00e8ge depuis le viiie si\u00e8cle, sont \u00e9galement class\u00e9s au patrimoine mat\u00e9riel de l&#8217;Institut du patrimoine wallon.<\/p>\n<p>Les coteaux sont divis\u00e9s en huit sites ayant chacun leur attrait propre. De l&#8217;ouest vers l&#8217;est, il s&#8217;agit de : Favechamps, Le P\u00e9ri, Terrasses des Minimes, Montagne de Bueren, Parc de la citadelle, Bois des Carm\u00e9lites, Ferme et bois Fabry et Coteau de Vivegnis.<\/p>\n","protected":false},"excerpt":{"rendered":"<p>Les Coteaux de la Citadelle de Li\u00e8ge,\u00a0un espace champ\u00eatre de plus de 90 hectares situ\u00e9 en partie dans le centre historique de Li\u00e8ge, dont pr\u00e8s de la moiti\u00e9 sont<\/p>\n","protected":false},"author":1,"featured_media":11655,"template":"","categoria_ficha":[1764],"class_list":["post-9181","ficha","type-ficha","status-publish","has-post-thumbnail","hentry","categoria_ficha-cartes-de-liege"],"acf":[],"_links":{"self":[{"href":"https:\/\/gifex.com\/fr\/wp-json\/wp\/v2\/ficha\/9181","targetHints":{"allow":["GET"]}}],"collection":[{"href":"https:\/\/gifex.com\/fr\/wp-json\/wp\/v2\/ficha"}],"about":[{"href":"https:\/\/gifex.com\/fr\/wp-json\/wp\/v2\/types\/ficha"}],"author":[{"embeddable":true,"href":"https:\/\/gifex.com\/fr\/wp-json\/wp\/v2\/users\/1"}],"version-history":[{"count":5,"href":"https:\/\/gifex.com\/fr\/wp-json\/wp\/v2\/ficha\/9181\/revisions"}],"predecessor-version":[{"id":20906,"href":"https:\/\/gifex.com\/fr\/wp-json\/wp\/v2\/ficha\/9181\/revisions\/20906"}],"wp:featuredmedia":[{"embeddable":true,"href":"https:\/\/gifex.com\/fr\/wp-json\/wp\/v2\/media\/11655"}],"wp:attachment":[{"href":"https:\/\/gifex.com\/fr\/wp-json\/wp\/v2\/media?parent=9181"}],"wp:term":[{"taxonomy":"categoria_ficha","embeddable":true,"href":"https:\/\/gifex.com\/fr\/wp-json\/wp\/v2\/categoria_ficha?post=9181"}],"curies":[{"name":"wp","href":"https:\/\/api.w.org\/{rel}","templated":true}]}}

Plan des Coteaux de la Citadelle de Liège

<figure id="attachment_9183" aria-describedby="caption-attachment-9183" style="width: 360px" class="wp-caption alignright"><a href="https://gifex.com/fr/wp-content/uploads/9181/Vue-depuis-le-palais-Curtius-place-Saint-Barthelemy-sur-les-coteaux-de-la-Citadelle-2013.jpg" target="_blank" rel="noopener"><img fetchpriority="high" decoding="async" class="wp-image-9183" style="width: 100%; max-width: 360px; height: auto;" title="Vue depuis le palais Curtius place Saint-Barthélemy sur les coteaux de la Citadelle" src="https://gifex.com/fr/wp-content/uploads/9181/Vue-depuis-le-palais-Curtius-place-Saint-Barthelemy-sur-les-coteaux-de-la-Citadelle-2013-300x225.jpg" alt="Vue depuis le palais Curtius place Saint-Barthélemy sur les coteaux de la Citadelle" width="360" height="270" srcset="https://gifex.com/fr/wp-content/uploads/9181/Vue-depuis-le-palais-Curtius-place-Saint-Barthelemy-sur-les-coteaux-de-la-Citadelle-2013-300x225.jpg 300w, https://gifex.com/fr/wp-content/uploads/9181/Vue-depuis-le-palais-Curtius-place-Saint-Barthelemy-sur-les-coteaux-de-la-Citadelle-2013-1024x768.jpg 1024w, https://gifex.com/fr/wp-content/uploads/9181/Vue-depuis-le-palais-Curtius-place-Saint-Barthelemy-sur-les-coteaux-de-la-Citadelle-2013-768x576.jpg 768w, https://gifex.com/fr/wp-content/uploads/9181/Vue-depuis-le-palais-Curtius-place-Saint-Barthelemy-sur-les-coteaux-de-la-Citadelle-2013-1536x1152.jpg 1536w, https://gifex.com/fr/wp-content/uploads/9181/Vue-depuis-le-palais-Curtius-place-Saint-Barthelemy-sur-les-coteaux-de-la-Citadelle-2013-2048x1536.jpg 2048w, https://gifex.com/fr/wp-content/uploads/9181/Vue-depuis-le-palais-Curtius-place-Saint-Barthelemy-sur-les-coteaux-de-la-Citadelle-2013-800x600.jpg 800w, https://gifex.com/fr/wp-content/uploads/9181/Vue-depuis-le-palais-Curtius-place-Saint-Barthelemy-sur-les-coteaux-de-la-Citadelle-2013-1600x1200.jpg 1600w" sizes="(max-width: 360px) 100vw, 360px" /></a><figcaption id="caption-attachment-9183" class="wp-caption-text"><label style="font-size: 15px;">Vue depuis le palais Curtius place Saint-Barthélemy sur les coteaux de la Citadelle.</label></figcaption></figure>
<p>Plan des Coteaux de la Citadelle de Liège, un espace champêtre de plus de 90 hectares situé en partie dans le centre historique de Liège, dont près de la moitié sont classés au patrimoine naturel de la Région wallonne. Le site compte plus de soixante monuments classés au patrimoine matériel par la Région wallonne et comporte 13 kilomètres de promenades pédestres fléchées.</p>
<p>Les coteaux tiennent leur dénomination de la présence à leur sommet de l&#8217;ancienne citadelle de Liège.</p>
<p>Cet espace, qui présente une différence d&#8217;altitude verticale de 90 mètres est principalement constitué par le versant gauche de la vallée de la Meuse s&#8217;étendant depuis la rue Montagne Sainte-Walburge jusqu&#8217;à la rue Fond des Tawes mais aussi par le versant droit du vallon sec des Tawes qui servait jadis de glacis nord-est à la citadelle.</p>
<figure id="attachment_9184" aria-describedby="caption-attachment-9184" style="width: 360px" class="wp-caption alignright"><a href="https://gifex.com/fr/wp-content/uploads/9181/Carte-de-localisation-des-huit-sites-des-Coteaux-de-la-Citadelle.png" target="_blank" rel="noopener"><img decoding="async" class="wp-image-9184" style="width: 100%; max-width: 360px; height: auto;" title="Carte de localisation des huit sites des Coteaux de la Citadelle" src="https://gifex.com/fr/wp-content/uploads/9181/Carte-de-localisation-des-huit-sites-des-Coteaux-de-la-Citadelle-300x224.png" alt="Carte de localisation des huit sites des Coteaux de la Citadelle" width="360" height="269" srcset="https://gifex.com/fr/wp-content/uploads/9181/Carte-de-localisation-des-huit-sites-des-Coteaux-de-la-Citadelle-300x224.png 300w, https://gifex.com/fr/wp-content/uploads/9181/Carte-de-localisation-des-huit-sites-des-Coteaux-de-la-Citadelle-768x573.png 768w, https://gifex.com/fr/wp-content/uploads/9181/Carte-de-localisation-des-huit-sites-des-Coteaux-de-la-Citadelle-800x600.png 800w, https://gifex.com/fr/wp-content/uploads/9181/Carte-de-localisation-des-huit-sites-des-Coteaux-de-la-Citadelle.png 903w" sizes="(max-width: 360px) 100vw, 360px" /></a><figcaption id="caption-attachment-9184" class="wp-caption-text"><label style="font-size: 15px;">Carte de localisation des huit sites des Coteaux de la Citadelle.</label></figcaption></figure>
<p>40,07 hectares de cette surface sont classés en tant que Site de grand intérêt biologique (SGIB) par la Région wallonne. Plus de nonante espèces animales dont seize à valeur patrimoniale, y sont présentes.</p>
<p>Plus de soixante monuments et sites, témoins de l&#8217;évolution de la Cité de Liège depuis le viiie siècle, sont également classés au patrimoine matériel de l&#8217;Institut du patrimoine wallon.</p>
<p>Les coteaux sont divisés en huit sites ayant chacun leur attrait propre. De l&#8217;ouest vers l&#8217;est, il s&#8217;agit de : Favechamps, Le Péri, Terrasses des Minimes, Montagne de Bueren, Parc de la citadelle, Bois des Carmélites, Ferme et bois Fabry et Coteau de Vivegnis.</p>

<p>Les Coteaux de la Citadelle de Liège, un espace champêtre de plus de 90 hectares situé en partie dans le centre historique de Liège, dont près de la moitié sont</p>
