{"id":9163,"date":"2022-03-29T12:14:05","date_gmt":"2022-03-29T12:14:05","guid":{"rendered":"https:\/\/gifex.com\/fr\/?post_type=ficha&#038;p=9163"},"modified":"2022-08-13T22:41:32","modified_gmt":"2022-08-13T22:41:32","slug":"quelles-sont-les-sections-de-liege","status":"publish","type":"ficha","link":"https:\/\/gifex.com\/fr\/fichier\/quelles-sont-les-sections-de-liege\/","title":{"rendered":"Quelles sont les sections de Li\u00e8ge ?"},"content":{"rendered":"<figure id=\"attachment_9174\" aria-describedby=\"caption-attachment-9174\" style=\"width: 360px\" class=\"wp-caption alignright\"><a href=\"https:\/\/gifex.com\/fr\/wp-content\/uploads\/9163\/Carte-des-quartiers-de-Liege-2017.png\" target=\"_blank\" rel=\"noopener\"><img fetchpriority=\"high\" decoding=\"async\" class=\"wp-image-9174\" style=\"width: 100%; max-width: 360px; height: auto;\" title=\"Carte des quartiers administratifs de Li\u00e8ge\" src=\"https:\/\/gifex.com\/fr\/wp-content\/uploads\/9163\/Carte-des-quartiers-de-Liege-2017-237x300.png\" alt=\"Carte des quartiers administratifs de Li\u00e8ge\" width=\"360\" height=\"455\" srcset=\"https:\/\/gifex.com\/fr\/wp-content\/uploads\/9163\/Carte-des-quartiers-de-Liege-2017-237x300.png 237w, https:\/\/gifex.com\/fr\/wp-content\/uploads\/9163\/Carte-des-quartiers-de-Liege-2017-300x379.png 300w, https:\/\/gifex.com\/fr\/wp-content\/uploads\/9163\/Carte-des-quartiers-de-Liege-2017.png 714w\" sizes=\"(max-width: 360px) 100vw, 360px\" \/><\/a><figcaption id=\"caption-attachment-9174\" class=\"wp-caption-text\"><label style=\"font-size: 15px;\">Carte des quartiers administratifs de Li\u00e8ge<\/label><\/figcaption><\/figure>\n<p>Carte des 10 sections de Li\u00e8ge. Les anciennes communes d&#8217;Angleur, Bressoux, Ch\u00ean\u00e9e, Glain, Grivegn\u00e9e, Jupille-sur-Meuse, Rocourt et Wandre furent int\u00e9gr\u00e9es \u00e0 la ville de Li\u00e8ge ainsi qu&#8217;un ancien quartier d&#8217;Ougr\u00e9e, Sclessin, et quelques rues d&#8217;Ans, Saint-Nicolas et Vottem), lors de la fusion des communes en 1977.<\/p>\n<p>La commune de Li\u00e8ge est divis\u00e9e en sections qui sont elles-m\u00eames divis\u00e9es en quartiers administratifs. Li\u00e8ge rec\u00e8le aussi de nombreux lieux-dits et sous-quartiers populaires.<\/p>\n<p>Localisez la section sur la carte avec son num\u00e9ro.<\/p>\n<div class=\"boxscrl\">\n<table>\n<tbody>\n<tr>\n<td valign=\"top\" width=\"50%\">\n<ul>\n<li>I.\u00a0Rocourt<\/li>\n<li>II.\u00a0Li\u00e8ge<\/li>\n<li>III.\u00a0Glain<\/li>\n<li>IV.\u00a0Sclessin<\/li>\n<li>V.\u00a0Angleur<\/li>\n<\/ul>\n<\/td>\n<td valign=\"top\" width=\"50%\">\n<ul>\n<li>VI.\u00a0Ch\u00ean\u00e9e<\/li>\n<li>VII.\u00a0Grivegn\u00e9e<\/li>\n<li>VIII.\u00a0Bressoux<\/li>\n<li>IX.\u00a0Jupille-sur-Meuse<\/li>\n<li>X.\u00a0Wandre<\/li>\n<\/ul>\n<\/td>\n<\/tr>\n<\/tbody>\n<\/table>\n<\/div>\n","protected":false},"excerpt":{"rendered":"<p>Carte des 10 sections de Li\u00e8ge. Les anciennes communes d&#8217;Angleur, Bressoux, Ch\u00ean\u00e9e, Glain, Grivegn\u00e9e, Jupille-sur-Meuse, Rocourt et Wandre furent int\u00e9gr\u00e9es \u00e0 la ville de Li\u00e8ge ainsi qu&#8217;un ancien quartier d&#8217;Ougr\u00e9e,<\/p>\n","protected":false},"author":1,"featured_media":9165,"template":"","categoria_ficha":[1764],"class_list":["post-9163","ficha","type-ficha","status-publish","has-post-thumbnail","hentry","categoria_ficha-cartes-de-liege"],"acf":[],"_links":{"self":[{"href":"https:\/\/gifex.com\/fr\/wp-json\/wp\/v2\/ficha\/9163","targetHints":{"allow":["GET"]}}],"collection":[{"href":"https:\/\/gifex.com\/fr\/wp-json\/wp\/v2\/ficha"}],"about":[{"href":"https:\/\/gifex.com\/fr\/wp-json\/wp\/v2\/types\/ficha"}],"author":[{"embeddable":true,"href":"https:\/\/gifex.com\/fr\/wp-json\/wp\/v2\/users\/1"}],"version-history":[{"count":8,"href":"https:\/\/gifex.com\/fr\/wp-json\/wp\/v2\/ficha\/9163\/revisions"}],"predecessor-version":[{"id":20851,"href":"https:\/\/gifex.com\/fr\/wp-json\/wp\/v2\/ficha\/9163\/revisions\/20851"}],"wp:featuredmedia":[{"embeddable":true,"href":"https:\/\/gifex.com\/fr\/wp-json\/wp\/v2\/media\/9165"}],"wp:attachment":[{"href":"https:\/\/gifex.com\/fr\/wp-json\/wp\/v2\/media?parent=9163"}],"wp:term":[{"taxonomy":"categoria_ficha","embeddable":true,"href":"https:\/\/gifex.com\/fr\/wp-json\/wp\/v2\/categoria_ficha?post=9163"}],"curies":[{"name":"wp","href":"https:\/\/api.w.org\/{rel}","templated":true}]}}

Quelles sont les sections de Liège ?

<figure id="attachment_9174" aria-describedby="caption-attachment-9174" style="width: 360px" class="wp-caption alignright"><a href="https://gifex.com/fr/wp-content/uploads/9163/Carte-des-quartiers-de-Liege-2017.png" target="_blank" rel="noopener"><img fetchpriority="high" decoding="async" class="wp-image-9174" style="width: 100%; max-width: 360px; height: auto;" title="Carte des quartiers administratifs de Liège" src="https://gifex.com/fr/wp-content/uploads/9163/Carte-des-quartiers-de-Liege-2017-237x300.png" alt="Carte des quartiers administratifs de Liège" width="360" height="455" srcset="https://gifex.com/fr/wp-content/uploads/9163/Carte-des-quartiers-de-Liege-2017-237x300.png 237w, https://gifex.com/fr/wp-content/uploads/9163/Carte-des-quartiers-de-Liege-2017-300x379.png 300w, https://gifex.com/fr/wp-content/uploads/9163/Carte-des-quartiers-de-Liege-2017.png 714w" sizes="(max-width: 360px) 100vw, 360px" /></a><figcaption id="caption-attachment-9174" class="wp-caption-text"><label style="font-size: 15px;">Carte des quartiers administratifs de Liège</label></figcaption></figure>
<p>Carte des 10 sections de Liège. Les anciennes communes d&#8217;Angleur, Bressoux, Chênée, Glain, Grivegnée, Jupille-sur-Meuse, Rocourt et Wandre furent intégrées à la ville de Liège ainsi qu&#8217;un ancien quartier d&#8217;Ougrée, Sclessin, et quelques rues d&#8217;Ans, Saint-Nicolas et Vottem), lors de la fusion des communes en 1977.</p>
<p>La commune de Liège est divisée en sections qui sont elles-mêmes divisées en quartiers administratifs. Liège recèle aussi de nombreux lieux-dits et sous-quartiers populaires.</p>
<p>Localisez la section sur la carte avec son numéro.</p>
<div class="boxscrl">
<table>
<tbody>
<tr>
<td valign="top" width="50%">
<ul>
<li>I. Rocourt</li>
<li>II. Liège</li>
<li>III. Glain</li>
<li>IV. Sclessin</li>
<li>V. Angleur</li>
</ul>
</td>
<td valign="top" width="50%">
<ul>
<li>VI. Chênée</li>
<li>VII. Grivegnée</li>
<li>VIII. Bressoux</li>
<li>IX. Jupille-sur-Meuse</li>
<li>X. Wandre</li>
</ul>
</td>
</tr>
</tbody>
</table>
</div>

<p>Carte des 10 sections de Liège. Les anciennes communes d&#8217;Angleur, Bressoux, Chênée, Glain, Grivegnée, Jupille-sur-Meuse, Rocourt et Wandre furent intégrées à la ville de Liège ainsi qu&#8217;un ancien quartier d&#8217;Ougrée,</p>
