{"id":8968,"date":"2022-03-27T15:14:06","date_gmt":"2022-03-27T15:14:06","guid":{"rendered":"https:\/\/gifex.com\/fr\/?post_type=ficha&#038;p=8968"},"modified":"2023-01-29T17:06:36","modified_gmt":"2023-01-29T17:06:36","slug":"image-satellite-de-la-ville-de-gand","status":"publish","type":"ficha","link":"https:\/\/gifex.com\/fr\/fichier\/image-satellite-de-la-ville-de-gand\/","title":{"rendered":"Image satellite de la ville de Gand"},"content":{"rendered":"<p>Image satellite de la ville de Gand, situ\u00e9 au milieu d&#8217;une zone urbaine avec Bruxelles au sud-est et Anvers au nord-est \u00e0 environ 50 km chacune, tandis que Bruges, Courtrai et Roulers sont \u00e0 environ 40 km \u00e0 l&#8217;ouest. La ville se situe au confluent de l&#8217;Escaut et de la Lys. Avec une superficie de 156,18 km\u00b2, Gand compte 262 219 habitants (au 1er janvier 2019) et une croissance d\u00e9mographique de 0,6 %.<\/p>\n","protected":false},"excerpt":{"rendered":"<p>La ville de Gand, situ\u00e9 au milieu d&#8217;une zone urbaine avec Bruxelles au sud-est et Anvers au nord-est \u00e0 environ 50 km chacune, tandis que Bruges, Courtra<\/p>\n","protected":false},"author":1,"featured_media":8969,"template":"","categoria_ficha":[1761],"class_list":["post-8968","ficha","type-ficha","status-publish","has-post-thumbnail","hentry","categoria_ficha-cartes-de-gand"],"acf":[],"_links":{"self":[{"href":"https:\/\/gifex.com\/fr\/wp-json\/wp\/v2\/ficha\/8968","targetHints":{"allow":["GET"]}}],"collection":[{"href":"https:\/\/gifex.com\/fr\/wp-json\/wp\/v2\/ficha"}],"about":[{"href":"https:\/\/gifex.com\/fr\/wp-json\/wp\/v2\/types\/ficha"}],"author":[{"embeddable":true,"href":"https:\/\/gifex.com\/fr\/wp-json\/wp\/v2\/users\/1"}],"version-history":[{"count":9,"href":"https:\/\/gifex.com\/fr\/wp-json\/wp\/v2\/ficha\/8968\/revisions"}],"predecessor-version":[{"id":31780,"href":"https:\/\/gifex.com\/fr\/wp-json\/wp\/v2\/ficha\/8968\/revisions\/31780"}],"wp:featuredmedia":[{"embeddable":true,"href":"https:\/\/gifex.com\/fr\/wp-json\/wp\/v2\/media\/8969"}],"wp:attachment":[{"href":"https:\/\/gifex.com\/fr\/wp-json\/wp\/v2\/media?parent=8968"}],"wp:term":[{"taxonomy":"categoria_ficha","embeddable":true,"href":"https:\/\/gifex.com\/fr\/wp-json\/wp\/v2\/categoria_ficha?post=8968"}],"curies":[{"name":"wp","href":"https:\/\/api.w.org\/{rel}","templated":true}]}}

<p>Image satellite de la ville de Gand, situé au milieu d&#8217;une zone urbaine avec Bruxelles au sud-est et Anvers au nord-est à environ 50 km chacune, tandis que Bruges, Courtrai et Roulers sont à environ 40 km à l&#8217;ouest. La ville se situe au confluent de l&#8217;Escaut et de la Lys. Avec une superficie de 156,18 km², Gand compte 262 219 habitants (au 1er janvier 2019) et une croissance démographique de 0,6 %.</p>

<p>La ville de Gand, situé au milieu d&#8217;une zone urbaine avec Bruxelles au sud-est et Anvers au nord-est à environ 50 km chacune, tandis que Bruges, Courtra</p>
