{"id":8930,"date":"2022-03-26T22:24:39","date_gmt":"2022-03-26T22:24:39","guid":{"rendered":"https:\/\/gifex.com\/fr\/?post_type=ficha&#038;p=8930"},"modified":"2023-03-24T19:31:15","modified_gmt":"2023-03-24T19:31:15","slug":"plan-du-port-de-gand","status":"publish","type":"ficha","link":"https:\/\/gifex.com\/fr\/fichier\/plan-du-port-de-gand\/","title":{"rendered":"Plan du port de Gand"},"content":{"rendered":"<p style=\"text-align: center;\"><label style=\"font-size: 15px;\">Plan du port de Gand<\/label><\/p>\n<figure id=\"attachment_8893\" aria-describedby=\"caption-attachment-8893\" style=\"width: 360px\" class=\"wp-caption alignright\"><a href=\"https:\/\/gifex.com\/fr\/wp-content\/uploads\/8862\/Le-canal-Gand-Terneuzen-relie-Gand-a-l-estuaire-de-l-Escaut-occidental.jpg\" target=\"_blank\" rel=\"noopener\"><img fetchpriority=\"high\" decoding=\"async\" class=\"wp-image-8893\" style=\"width: 100%; max-width: 360px; height: auto;\" title=\"Le canal Gand-Terneuzen relie Gand \u00e0 l'estuaire de l'Escaut occidental \" src=\"https:\/\/gifex.com\/fr\/wp-content\/uploads\/8862\/Le-canal-Gand-Terneuzen-relie-Gand-a-l-estuaire-de-l-Escaut-occidental-300x201.jpg\" alt=\"Le canal Gand-Terneuzen relie Gand \u00e0 l'estuaire de l'Escaut occidental \" width=\"360\" height=\"241\" srcset=\"https:\/\/gifex.com\/fr\/wp-content\/uploads\/8862\/Le-canal-Gand-Terneuzen-relie-Gand-a-l-estuaire-de-l-Escaut-occidental-300x201.jpg 300w, https:\/\/gifex.com\/fr\/wp-content\/uploads\/8862\/Le-canal-Gand-Terneuzen-relie-Gand-a-l-estuaire-de-l-Escaut-occidental-1024x686.jpg 1024w, https:\/\/gifex.com\/fr\/wp-content\/uploads\/8862\/Le-canal-Gand-Terneuzen-relie-Gand-a-l-estuaire-de-l-Escaut-occidental-768x515.jpg 768w, https:\/\/gifex.com\/fr\/wp-content\/uploads\/8862\/Le-canal-Gand-Terneuzen-relie-Gand-a-l-estuaire-de-l-Escaut-occidental-1536x1029.jpg 1536w, https:\/\/gifex.com\/fr\/wp-content\/uploads\/8862\/Le-canal-Gand-Terneuzen-relie-Gand-a-l-estuaire-de-l-Escaut-occidental-2048x1372.jpg 2048w, https:\/\/gifex.com\/fr\/wp-content\/uploads\/8862\/Le-canal-Gand-Terneuzen-relie-Gand-a-l-estuaire-de-l-Escaut-occidental-1600x1072.jpg 1600w\" sizes=\"(max-width: 360px) 100vw, 360px\" \/><\/a><figcaption id=\"caption-attachment-8893\" class=\"wp-caption-text\"><label style=\"font-size: 15px;\">Le canal Gand-Terneuzen relie Gand \u00e0 l&#8217;estuaire de l&#8217;Escaut occidental.<\/label><\/figcaption><\/figure>\n<p>Le port de Gand est le troisi\u00e8me port maritime le plus actif de Belgique, situ\u00e9 \u00e0 Gand, en Flandre orientale dans la R\u00e9gion flamande. Le premier port de Gand \u00e9tait situ\u00e9 sur l&#8217;Escaut et plus tard sur la Lys. Depuis le Moyen \u00c2ge, Gand cherche un lien avec la mer. Au XIIIe si\u00e8cle via le canal de la Lieve jusqu&#8217;au Zwin pr\u00e8s de Damme, au XVIe si\u00e8cle via le canal de Sas, au XVIIe si\u00e8cle via le canal canal Gand-Terneuzen qui se connecte via l&#8217;Escaut occidental \u00e0 la mer du Nord. Le port de Gand est accessible aux navires de la taille Panamax et, en f\u00e9vrier 2015, la construction d&#8217;une nouvelle \u00e9cluse \u00e0 Terneuzen a \u00e9t\u00e9 annonc\u00e9e, qui maintiendra une quasi-parit\u00e9 avec celles du projet d&#8217;expansion du canal de Panama.<\/p>\n<p>Le port mesure 32 kilom\u00e8tres de long et s&#8217;\u00e9tend du c\u00f4t\u00e9 sud des deux rives du canal Gand-Terneuzen. Le domaine couvre une superficie de 4648 ha (2016). Le canal et les quais couvrent 623 ha ; 4025 ha sont occup\u00e9s par des terres. Ghent Port Company g\u00e8re le port. Le port est principalement utilis\u00e9 pour le chargement et le d\u00e9chargement de marchandises en vrac. Les deux tiers du trafic proviennent de la sid\u00e9rurgie.<\/p>\n<figure id=\"attachment_8932\" aria-describedby=\"caption-attachment-8932\" style=\"width: 360px\" class=\"wp-caption alignright\"><a href=\"https:\/\/gifex.com\/fr\/wp-content\/uploads\/8930\/DFDS-Tor-Magnolia-dans-le-port-de-GandBelgique-2011.png\" target=\"_blank\" rel=\"noopener\"><img decoding=\"async\" class=\"wp-image-8932\" style=\"width: 100%; max-width: 360px; height: auto;\" title=\"DFDS - Tor Magnolia dans le port de Gand\" src=\"https:\/\/gifex.com\/fr\/wp-content\/uploads\/8930\/DFDS-Tor-Magnolia-dans-le-port-de-GandBelgique-2011-300x187.png\" alt=\"DFDS - Tor Magnolia dans le port de Gand\" width=\"360\" height=\"225\" srcset=\"https:\/\/gifex.com\/fr\/wp-content\/uploads\/8930\/DFDS-Tor-Magnolia-dans-le-port-de-GandBelgique-2011-300x187.png 300w, https:\/\/gifex.com\/fr\/wp-content\/uploads\/8930\/DFDS-Tor-Magnolia-dans-le-port-de-GandBelgique-2011-1024x640.png 1024w, https:\/\/gifex.com\/fr\/wp-content\/uploads\/8930\/DFDS-Tor-Magnolia-dans-le-port-de-GandBelgique-2011-768x480.png 768w, https:\/\/gifex.com\/fr\/wp-content\/uploads\/8930\/DFDS-Tor-Magnolia-dans-le-port-de-GandBelgique-2011-1536x959.png 1536w, https:\/\/gifex.com\/fr\/wp-content\/uploads\/8930\/DFDS-Tor-Magnolia-dans-le-port-de-GandBelgique-2011-2048x1279.png 2048w, https:\/\/gifex.com\/fr\/wp-content\/uploads\/8930\/DFDS-Tor-Magnolia-dans-le-port-de-GandBelgique-2011-1600x999.png 1600w\" sizes=\"(max-width: 360px) 100vw, 360px\" \/><\/a><figcaption id=\"caption-attachment-8932\" class=\"wp-caption-text\"><label style=\"font-size: 15px;\">DFDS &#8211; Tor Magnolia dans le port de Gand.<\/label><\/figcaption><\/figure>\n<p>En 2016, le port emploie 62 000 personnes, dont 27 600 directement et le reste indirectement.<\/p>\n<p>Le port est situ\u00e9 au nord du centre-ville. Le port est situ\u00e9 sur le territoire de la municipalit\u00e9 de Gand, qui s&#8217;\u00e9tend sur plusieurs kilom\u00e8tres vers le nord le long du canal pour englober le port. Les navires atteignent le port via l&#8217;Escaut occidental et naviguent via Terneuzen aux Pays- Bas sur le canal, en passant par Zelzate en Belgique jusqu&#8217;\u00e0 Gand. Plusieurs grandes entreprises sont implant\u00e9es le long du port, dont Sidmar, Volvo Cars, Volvo Trucks, Volvo Parts, Honda, and Stora Enso.<\/p>\n","protected":false},"excerpt":{"rendered":"<p>Le port de Gand est le troisi\u00e8me port maritime le plus actif de Belgique, situ\u00e9 \u00e0 Gand, en Flandre orientale dans la R\u00e9gion flamande. Le premier port de Gand \u00e9t<\/p>\n","protected":false},"author":1,"featured_media":11668,"template":"","categoria_ficha":[1761],"class_list":["post-8930","ficha","type-ficha","status-publish","has-post-thumbnail","hentry","categoria_ficha-cartes-de-gand"],"acf":[],"_links":{"self":[{"href":"https:\/\/gifex.com\/fr\/wp-json\/wp\/v2\/ficha\/8930","targetHints":{"allow":["GET"]}}],"collection":[{"href":"https:\/\/gifex.com\/fr\/wp-json\/wp\/v2\/ficha"}],"about":[{"href":"https:\/\/gifex.com\/fr\/wp-json\/wp\/v2\/types\/ficha"}],"author":[{"embeddable":true,"href":"https:\/\/gifex.com\/fr\/wp-json\/wp\/v2\/users\/1"}],"version-history":[{"count":11,"href":"https:\/\/gifex.com\/fr\/wp-json\/wp\/v2\/ficha\/8930\/revisions"}],"predecessor-version":[{"id":36508,"href":"https:\/\/gifex.com\/fr\/wp-json\/wp\/v2\/ficha\/8930\/revisions\/36508"}],"wp:featuredmedia":[{"embeddable":true,"href":"https:\/\/gifex.com\/fr\/wp-json\/wp\/v2\/media\/11668"}],"wp:attachment":[{"href":"https:\/\/gifex.com\/fr\/wp-json\/wp\/v2\/media?parent=8930"}],"wp:term":[{"taxonomy":"categoria_ficha","embeddable":true,"href":"https:\/\/gifex.com\/fr\/wp-json\/wp\/v2\/categoria_ficha?post=8930"}],"curies":[{"name":"wp","href":"https:\/\/api.w.org\/{rel}","templated":true}]}}

<p style="text-align: center;"><label style="font-size: 15px;">Plan du port de Gand</label></p>
<figure id="attachment_8893" aria-describedby="caption-attachment-8893" style="width: 360px" class="wp-caption alignright"><a href="https://gifex.com/fr/wp-content/uploads/8862/Le-canal-Gand-Terneuzen-relie-Gand-a-l-estuaire-de-l-Escaut-occidental.jpg" target="_blank" rel="noopener"><img fetchpriority="high" decoding="async" class="wp-image-8893" style="width: 100%; max-width: 360px; height: auto;" title="Le canal Gand-Terneuzen relie Gand à l'estuaire de l'Escaut occidental " src="https://gifex.com/fr/wp-content/uploads/8862/Le-canal-Gand-Terneuzen-relie-Gand-a-l-estuaire-de-l-Escaut-occidental-300x201.jpg" alt="Le canal Gand-Terneuzen relie Gand à l'estuaire de l'Escaut occidental " width="360" height="241" srcset="https://gifex.com/fr/wp-content/uploads/8862/Le-canal-Gand-Terneuzen-relie-Gand-a-l-estuaire-de-l-Escaut-occidental-300x201.jpg 300w, https://gifex.com/fr/wp-content/uploads/8862/Le-canal-Gand-Terneuzen-relie-Gand-a-l-estuaire-de-l-Escaut-occidental-1024x686.jpg 1024w, https://gifex.com/fr/wp-content/uploads/8862/Le-canal-Gand-Terneuzen-relie-Gand-a-l-estuaire-de-l-Escaut-occidental-768x515.jpg 768w, https://gifex.com/fr/wp-content/uploads/8862/Le-canal-Gand-Terneuzen-relie-Gand-a-l-estuaire-de-l-Escaut-occidental-1536x1029.jpg 1536w, https://gifex.com/fr/wp-content/uploads/8862/Le-canal-Gand-Terneuzen-relie-Gand-a-l-estuaire-de-l-Escaut-occidental-2048x1372.jpg 2048w, https://gifex.com/fr/wp-content/uploads/8862/Le-canal-Gand-Terneuzen-relie-Gand-a-l-estuaire-de-l-Escaut-occidental-1600x1072.jpg 1600w" sizes="(max-width: 360px) 100vw, 360px" /></a><figcaption id="caption-attachment-8893" class="wp-caption-text"><label style="font-size: 15px;">Le canal Gand-Terneuzen relie Gand à l&#8217;estuaire de l&#8217;Escaut occidental.</label></figcaption></figure>
<p>Le port de Gand est le troisième port maritime le plus actif de Belgique, situé à Gand, en Flandre orientale dans la Région flamande. Le premier port de Gand était situé sur l&#8217;Escaut et plus tard sur la Lys. Depuis le Moyen Âge, Gand cherche un lien avec la mer. Au XIIIe siècle via le canal de la Lieve jusqu&#8217;au Zwin près de Damme, au XVIe siècle via le canal de Sas, au XVIIe siècle via le canal canal Gand-Terneuzen qui se connecte via l&#8217;Escaut occidental à la mer du Nord. Le port de Gand est accessible aux navires de la taille Panamax et, en février 2015, la construction d&#8217;une nouvelle écluse à Terneuzen a été annoncée, qui maintiendra une quasi-parité avec celles du projet d&#8217;expansion du canal de Panama.</p>
<p>Le port mesure 32 kilomètres de long et s&#8217;étend du côté sud des deux rives du canal Gand-Terneuzen. Le domaine couvre une superficie de 4648 ha (2016). Le canal et les quais couvrent 623 ha ; 4025 ha sont occupés par des terres. Ghent Port Company gère le port. Le port est principalement utilisé pour le chargement et le déchargement de marchandises en vrac. Les deux tiers du trafic proviennent de la sidérurgie.</p>
<figure id="attachment_8932" aria-describedby="caption-attachment-8932" style="width: 360px" class="wp-caption alignright"><a href="https://gifex.com/fr/wp-content/uploads/8930/DFDS-Tor-Magnolia-dans-le-port-de-GandBelgique-2011.png" target="_blank" rel="noopener"><img decoding="async" class="wp-image-8932" style="width: 100%; max-width: 360px; height: auto;" title="DFDS - Tor Magnolia dans le port de Gand" src="https://gifex.com/fr/wp-content/uploads/8930/DFDS-Tor-Magnolia-dans-le-port-de-GandBelgique-2011-300x187.png" alt="DFDS - Tor Magnolia dans le port de Gand" width="360" height="225" srcset="https://gifex.com/fr/wp-content/uploads/8930/DFDS-Tor-Magnolia-dans-le-port-de-GandBelgique-2011-300x187.png 300w, https://gifex.com/fr/wp-content/uploads/8930/DFDS-Tor-Magnolia-dans-le-port-de-GandBelgique-2011-1024x640.png 1024w, https://gifex.com/fr/wp-content/uploads/8930/DFDS-Tor-Magnolia-dans-le-port-de-GandBelgique-2011-768x480.png 768w, https://gifex.com/fr/wp-content/uploads/8930/DFDS-Tor-Magnolia-dans-le-port-de-GandBelgique-2011-1536x959.png 1536w, https://gifex.com/fr/wp-content/uploads/8930/DFDS-Tor-Magnolia-dans-le-port-de-GandBelgique-2011-2048x1279.png 2048w, https://gifex.com/fr/wp-content/uploads/8930/DFDS-Tor-Magnolia-dans-le-port-de-GandBelgique-2011-1600x999.png 1600w" sizes="(max-width: 360px) 100vw, 360px" /></a><figcaption id="caption-attachment-8932" class="wp-caption-text"><label style="font-size: 15px;">DFDS &#8211; Tor Magnolia dans le port de Gand.</label></figcaption></figure>
<p>En 2016, le port emploie 62 000 personnes, dont 27 600 directement et le reste indirectement.</p>
<p>Le port est situé au nord du centre-ville. Le port est situé sur le territoire de la municipalité de Gand, qui s&#8217;étend sur plusieurs kilomètres vers le nord le long du canal pour englober le port. Les navires atteignent le port via l&#8217;Escaut occidental et naviguent via Terneuzen aux Pays- Bas sur le canal, en passant par Zelzate en Belgique jusqu&#8217;à Gand. Plusieurs grandes entreprises sont implantées le long du port, dont Sidmar, Volvo Cars, Volvo Trucks, Volvo Parts, Honda, and Stora Enso.</p>

<p>Le port de Gand est le troisième port maritime le plus actif de Belgique, situé à Gand, en Flandre orientale dans la Région flamande. Le premier port de Gand ét</p>
