{"id":8603,"date":"2022-03-23T15:57:17","date_gmt":"2022-03-23T15:57:17","guid":{"rendered":"https:\/\/gifex.com\/fr\/?post_type=ficha&#038;p=8603"},"modified":"2023-03-25T00:38:41","modified_gmt":"2023-03-25T00:38:41","slug":"ou-se-trouve-la-province-de-luxembourg","status":"publish","type":"ficha","link":"https:\/\/gifex.com\/fr\/fichier\/ou-se-trouve-la-province-de-luxembourg\/","title":{"rendered":"O\u00f9 se trouve la province de Luxembourg ?"},"content":{"rendered":"<p style=\"text-align: center;\"><label style=\"font-size: 15px;\">Carte de localisation de la province de Luxembourg<\/label><\/p>\n<p>Comme indiqu\u00e9 sur cette <strong>carte<\/strong>, la <strong>province de Luxembourg<\/strong> (en rouge) <strong>se situe \u00e0 l&#8217;extr\u00eame sud de la Belgique<\/strong>, dans la R\u00e9gion wallonne.<\/p>\n<p>Elle borde le Grand-Duch\u00e9 de Luxembourg \u00e0 l&#8217;est, les d\u00e9partements fran\u00e7ais des Ardennes, de la Meuse et de la Meurthe-et-Moselle au sud et au sud-ouest, et les provinces wallonnes de Namur et de Li\u00e8ge au nord.<\/p>\n","protected":false},"excerpt":{"rendered":"<p>Comme indiqu\u00e9 sur cette carte, la province de Luxembourg (en rouge) se situe \u00e0 l&#8217;extr\u00eame sud de la Belgique, dans la R\u00e9gion wallonne. Elle borde le Grand-Duch\u00e9 de Luxembourg \u00e0 l&#8217;es<\/p>\n","protected":false},"author":1,"featured_media":8604,"template":"","categoria_ficha":[1756],"class_list":["post-8603","ficha","type-ficha","status-publish","has-post-thumbnail","hentry","categoria_ficha-cartes-de-la-province-de-luxembourg"],"acf":[],"_links":{"self":[{"href":"https:\/\/gifex.com\/fr\/wp-json\/wp\/v2\/ficha\/8603","targetHints":{"allow":["GET"]}}],"collection":[{"href":"https:\/\/gifex.com\/fr\/wp-json\/wp\/v2\/ficha"}],"about":[{"href":"https:\/\/gifex.com\/fr\/wp-json\/wp\/v2\/types\/ficha"}],"author":[{"embeddable":true,"href":"https:\/\/gifex.com\/fr\/wp-json\/wp\/v2\/users\/1"}],"version-history":[{"count":4,"href":"https:\/\/gifex.com\/fr\/wp-json\/wp\/v2\/ficha\/8603\/revisions"}],"predecessor-version":[{"id":36521,"href":"https:\/\/gifex.com\/fr\/wp-json\/wp\/v2\/ficha\/8603\/revisions\/36521"}],"wp:featuredmedia":[{"embeddable":true,"href":"https:\/\/gifex.com\/fr\/wp-json\/wp\/v2\/media\/8604"}],"wp:attachment":[{"href":"https:\/\/gifex.com\/fr\/wp-json\/wp\/v2\/media?parent=8603"}],"wp:term":[{"taxonomy":"categoria_ficha","embeddable":true,"href":"https:\/\/gifex.com\/fr\/wp-json\/wp\/v2\/categoria_ficha?post=8603"}],"curies":[{"name":"wp","href":"https:\/\/api.w.org\/{rel}","templated":true}]}}

Où se trouve la province de Luxembourg ?

<p style="text-align: center;"><label style="font-size: 15px;">Carte de localisation de la province de Luxembourg</label></p>
<p>Comme indiqué sur cette <strong>carte</strong>, la <strong>province de Luxembourg</strong> (en rouge) <strong>se situe à l&#8217;extrême sud de la Belgique</strong>, dans la Région wallonne.</p>
<p>Elle borde le Grand-Duché de Luxembourg à l&#8217;est, les départements français des Ardennes, de la Meuse et de la Meurthe-et-Moselle au sud et au sud-ouest, et les provinces wallonnes de Namur et de Liège au nord.</p>

<p>Comme indiqué sur cette carte, la province de Luxembourg (en rouge) se situe à l&#8217;extrême sud de la Belgique, dans la Région wallonne. Elle borde le Grand-Duché de Luxembourg à l&#8217;es</p>
