{"id":8554,"date":"2022-03-23T01:03:43","date_gmt":"2022-03-23T01:03:43","guid":{"rendered":"https:\/\/gifex.com\/fr\/?post_type=ficha&#038;p=8554"},"modified":"2023-03-25T00:45:21","modified_gmt":"2023-03-25T00:45:21","slug":"carte-de-la-province-du-brabant-wallon","status":"publish","type":"ficha","link":"https:\/\/gifex.com\/fr\/fichier\/carte-de-la-province-du-brabant-wallon\/","title":{"rendered":"Carte de la province du Brabant wallon"},"content":{"rendered":"<figure id=\"attachment_8556\" aria-describedby=\"caption-attachment-8556\" style=\"width: 360px\" class=\"wp-caption alignright\"><a href=\"https:\/\/gifex.com\/fr\/wp-content\/uploads\/8554\/Rue-typique-de-Wavre-Brabant-wallon.jpg\" target=\"_blank\" rel=\"noopener\"><img fetchpriority=\"high\" decoding=\"async\" class=\"wp-image-8556\" style=\"width: 100%; max-width: 360px; height: auto;\" title=\"Rue typique de Wavre, Brabant wallon\" src=\"https:\/\/gifex.com\/fr\/wp-content\/uploads\/8554\/Rue-typique-de-Wavre-Brabant-wallon-300x300.jpg\" alt=\"Rue typique de Wavre, Brabant wallon\" width=\"360\" height=\"360\" srcset=\"https:\/\/gifex.com\/fr\/wp-content\/uploads\/8554\/Rue-typique-de-Wavre-Brabant-wallon-300x300.jpg 300w, https:\/\/gifex.com\/fr\/wp-content\/uploads\/8554\/Rue-typique-de-Wavre-Brabant-wallon-1024x1024.jpg 1024w, https:\/\/gifex.com\/fr\/wp-content\/uploads\/8554\/Rue-typique-de-Wavre-Brabant-wallon-150x150.jpg 150w, https:\/\/gifex.com\/fr\/wp-content\/uploads\/8554\/Rue-typique-de-Wavre-Brabant-wallon-768x768.jpg 768w, https:\/\/gifex.com\/fr\/wp-content\/uploads\/8554\/Rue-typique-de-Wavre-Brabant-wallon-1536x1536.jpg 1536w, https:\/\/gifex.com\/fr\/wp-content\/uploads\/8554\/Rue-typique-de-Wavre-Brabant-wallon-2048x2048.jpg 2048w, https:\/\/gifex.com\/fr\/wp-content\/uploads\/8554\/Rue-typique-de-Wavre-Brabant-wallon-1600x1600.jpg 1600w\" sizes=\"(max-width: 360px) 100vw, 360px\" \/><\/a><figcaption id=\"caption-attachment-8556\" class=\"wp-caption-text\"><label style=\"font-size: 15px;\">Rue typique de Wavre, capitale du Brabant wallon.<\/label><\/figcaption><\/figure>\n<p>Carte de la province du Brabant wallon, une province de Wallonie en Belgique. Elle borde (dans le sens des aiguilles d&#8217;une montre \u00e0 partir du nord) la province du Brabant flamand (R\u00e9gion flamande) et les provinces de Li\u00e8ge, Namur et Hainaut (Wallonie). Sa capitale et plus grande ville est Wavre.<\/p>\n<p>La population provinciale a \u00e9t\u00e9 enregistr\u00e9e \u00e0 403 599 en janvier 2019, ce qui donne une densit\u00e9 de population de 368\/km\u00b2.<\/p>\n<p>La province est compos\u00e9e du seul arrondissement administratif et judiciaire de Nivelles comprenant 27 communes, dont le chef-lieu d&#8217;arrondissement est Nivelles. Les principales communes sont Wavre, Waterloo, Braine-l&#8217;Alleud, Nivelles, Tubize, Rixensart, Ottignies-Louvain-la-Neuve et Jodoigne.<\/p>\n<p>L&#8217;ouest de la province, r\u00e9gion que l&#8217;on appelait, au temps du duch\u00e9 de Brabant, le Roman Pa\u00efs, est plus peupl\u00e9 que l&#8217;est.<\/p>\n","protected":false},"excerpt":{"rendered":"<p>Carte de la province du Brabant wallon, une province de Wallonie en Belgique. Elle borde (dans le sens des aiguilles d&#8217;une montre \u00e0 partir du nord) la province du Brabant flamand (R\u00e9gion flamande) et les prov<\/p>\n","protected":false},"author":1,"featured_media":8555,"template":"","categoria_ficha":[1758],"class_list":["post-8554","ficha","type-ficha","status-publish","has-post-thumbnail","hentry","categoria_ficha-cartes-de-la-province-du-brabant-wallon"],"acf":[],"_links":{"self":[{"href":"https:\/\/gifex.com\/fr\/wp-json\/wp\/v2\/ficha\/8554","targetHints":{"allow":["GET"]}}],"collection":[{"href":"https:\/\/gifex.com\/fr\/wp-json\/wp\/v2\/ficha"}],"about":[{"href":"https:\/\/gifex.com\/fr\/wp-json\/wp\/v2\/types\/ficha"}],"author":[{"embeddable":true,"href":"https:\/\/gifex.com\/fr\/wp-json\/wp\/v2\/users\/1"}],"version-history":[{"count":8,"href":"https:\/\/gifex.com\/fr\/wp-json\/wp\/v2\/ficha\/8554\/revisions"}],"predecessor-version":[{"id":36529,"href":"https:\/\/gifex.com\/fr\/wp-json\/wp\/v2\/ficha\/8554\/revisions\/36529"}],"wp:featuredmedia":[{"embeddable":true,"href":"https:\/\/gifex.com\/fr\/wp-json\/wp\/v2\/media\/8555"}],"wp:attachment":[{"href":"https:\/\/gifex.com\/fr\/wp-json\/wp\/v2\/media?parent=8554"}],"wp:term":[{"taxonomy":"categoria_ficha","embeddable":true,"href":"https:\/\/gifex.com\/fr\/wp-json\/wp\/v2\/categoria_ficha?post=8554"}],"curies":[{"name":"wp","href":"https:\/\/api.w.org\/{rel}","templated":true}]}}

<figure id="attachment_8556" aria-describedby="caption-attachment-8556" style="width: 360px" class="wp-caption alignright"><a href="https://gifex.com/fr/wp-content/uploads/8554/Rue-typique-de-Wavre-Brabant-wallon.jpg" target="_blank" rel="noopener"><img fetchpriority="high" decoding="async" class="wp-image-8556" style="width: 100%; max-width: 360px; height: auto;" title="Rue typique de Wavre, Brabant wallon" src="https://gifex.com/fr/wp-content/uploads/8554/Rue-typique-de-Wavre-Brabant-wallon-300x300.jpg" alt="Rue typique de Wavre, Brabant wallon" width="360" height="360" srcset="https://gifex.com/fr/wp-content/uploads/8554/Rue-typique-de-Wavre-Brabant-wallon-300x300.jpg 300w, https://gifex.com/fr/wp-content/uploads/8554/Rue-typique-de-Wavre-Brabant-wallon-1024x1024.jpg 1024w, https://gifex.com/fr/wp-content/uploads/8554/Rue-typique-de-Wavre-Brabant-wallon-150x150.jpg 150w, https://gifex.com/fr/wp-content/uploads/8554/Rue-typique-de-Wavre-Brabant-wallon-768x768.jpg 768w, https://gifex.com/fr/wp-content/uploads/8554/Rue-typique-de-Wavre-Brabant-wallon-1536x1536.jpg 1536w, https://gifex.com/fr/wp-content/uploads/8554/Rue-typique-de-Wavre-Brabant-wallon-2048x2048.jpg 2048w, https://gifex.com/fr/wp-content/uploads/8554/Rue-typique-de-Wavre-Brabant-wallon-1600x1600.jpg 1600w" sizes="(max-width: 360px) 100vw, 360px" /></a><figcaption id="caption-attachment-8556" class="wp-caption-text"><label style="font-size: 15px;">Rue typique de Wavre, capitale du Brabant wallon.</label></figcaption></figure>
<p>Carte de la province du Brabant wallon, une province de Wallonie en Belgique. Elle borde (dans le sens des aiguilles d&#8217;une montre à partir du nord) la province du Brabant flamand (Région flamande) et les provinces de Liège, Namur et Hainaut (Wallonie). Sa capitale et plus grande ville est Wavre.</p>
<p>La population provinciale a été enregistrée à 403 599 en janvier 2019, ce qui donne une densité de population de 368/km².</p>
<p>La province est composée du seul arrondissement administratif et judiciaire de Nivelles comprenant 27 communes, dont le chef-lieu d&#8217;arrondissement est Nivelles. Les principales communes sont Wavre, Waterloo, Braine-l&#8217;Alleud, Nivelles, Tubize, Rixensart, Ottignies-Louvain-la-Neuve et Jodoigne.</p>
<p>L&#8217;ouest de la province, région que l&#8217;on appelait, au temps du duché de Brabant, le Roman Païs, est plus peuplé que l&#8217;est.</p>

<p>Carte de la province du Brabant wallon, une province de Wallonie en Belgique. Elle borde (dans le sens des aiguilles d&#8217;une montre à partir du nord) la province du Brabant flamand (Région flamande) et les prov</p>
