{"id":8538,"date":"2022-03-22T22:27:23","date_gmt":"2022-03-22T22:27:23","guid":{"rendered":"https:\/\/gifex.com\/fr\/?post_type=ficha&#038;p=8538"},"modified":"2024-11-18T22:37:40","modified_gmt":"2024-11-18T22:37:40","slug":"carte-de-la-province-de-luxembourg","status":"publish","type":"ficha","link":"https:\/\/gifex.com\/fr\/fichier\/carte-de-la-province-de-luxembourg\/","title":{"rendered":"Carte de la province de Luxembourg"},"content":{"rendered":"<p>Carte de la province de Luxembourg, la province la plus m\u00e9ridionale de la Wallonie et de la Belgique. Elle borde le pays du Luxembourg \u00e0 l&#8217;est, les d\u00e9partements fran\u00e7ais des Ardennes, de la Meuse et de la Meurthe-et-Moselle au sud et au sud-ouest, et les provinces wallonnes de Namur et de Li\u00e8ge au nord. Sa capitale et plus grande ville est Arlon, dans le sud-est de la province.<\/p>\n<figure id=\"attachment_8542\" aria-describedby=\"caption-attachment-8542\" style=\"width: 360px\" class=\"wp-caption alignright\"><a href=\"https:\/\/gifex.com\/fr\/wp-content\/uploads\/8538\/Centre-ville-d-Arlon-capitale-de-la-province-de-Luxembourg.jpg\" target=\"_blank\" rel=\"noopener\"><img fetchpriority=\"high\" decoding=\"async\" class=\"wp-image-8542\" style=\"width: 100%; max-width: 360px; height: auto;\" title=\"Centre-ville d'Arlon, capitale de la province de Luxembourg\" src=\"https:\/\/gifex.com\/fr\/wp-content\/uploads\/8538\/Centre-ville-d-Arlon-capitale-de-la-province-de-Luxembourg-300x225.jpg\" alt=\"Centre-ville d'Arlon, capitale de la province de Luxembourg\" width=\"360\" height=\"270\" srcset=\"https:\/\/gifex.com\/fr\/wp-content\/uploads\/8538\/Centre-ville-d-Arlon-capitale-de-la-province-de-Luxembourg-300x225.jpg 300w, https:\/\/gifex.com\/fr\/wp-content\/uploads\/8538\/Centre-ville-d-Arlon-capitale-de-la-province-de-Luxembourg.jpg 600w\" sizes=\"(max-width: 360px) 100vw, 360px\" \/><\/a><figcaption id=\"caption-attachment-8542\" class=\"wp-caption-text\"><label style=\"font-size: 15px;\">Centre-ville d&#8217;Arlon, capitale de la province de Luxembourg.<\/label><\/figcaption><\/figure>\n<p>Elle a une superficie de 4 459 km\u00b2, ce qui en fait la plus grande province belge. Avec environ 285 000 habitants, c&#8217;est aussi la province la moins peupl\u00e9e, avec une densit\u00e9 de 64\/km\u00b2, ce qui en fait une partie relativement peu peupl\u00e9e d&#8217;une r\u00e9gion tr\u00e8s dens\u00e9ment peupl\u00e9e.<\/p>\n<p>Elle est nettement plus grande (71%), mais beaucoup moins peupl\u00e9e que le Grand-Duch\u00e9 de Luxembourg voisin. Environ quatre-vingts pour cent de la province fait partie de la r\u00e9gion dens\u00e9ment bois\u00e9e des Ardennes. La r\u00e9gion la plus m\u00e9ridionale de la province est appel\u00e9e Gaume ou Lorraine belge (ville principale : Virton).<\/p>\n<p>La r\u00e9gion du Pays d&#8217;Arlon ou Pays arlonais limitrophe du Grand-Duch\u00e9 de Luxembourg voisin a la particularit\u00e9 que nombre de ses habitants ont historiquement parl\u00e9 le luxembourgeois, une langue \u00e9troitement li\u00e9e \u00e0 l&#8217;allemand, plut\u00f4t que le fran\u00e7ais ou le wallon parl\u00e9 ailleurs dans la province.<\/p>\n<p>La province a \u00e9t\u00e9 s\u00e9par\u00e9e du Luxembourg voisin par la troisi\u00e8me partition du Luxembourg, de jure en 1830-1831 par la Conf\u00e9rence de Londres traitant des cons\u00e9quences de la R\u00e9volution belge de 1830, de facto en 1839, apr\u00e8s Guillaume I<sup>er<\/sup>, roi des Pays-Bas et Grand-Duc de Luxembourg, a accept\u00e9 ses d\u00e9cisions et ainsi la province a \u00e9t\u00e9 donn\u00e9e au Royaume de Belgique nouvellement cr\u00e9\u00e9.<\/p>\n","protected":false},"excerpt":{"rendered":"<p>Carte de la province de Luxembourg, la province la plus m\u00e9ridionale de la Wallonie et de la Belgique. Elle borde le pays du Luxembourg \u00e0 l&#8217;est, les d\u00e9partements fran\u00e7ais des Ardennes, de la Meuse et de la Meurthe-et-Moselle au sud et au sud-ouest, et les provinces wallonn<\/p>\n","protected":false},"author":1,"featured_media":8540,"template":"","categoria_ficha":[1756],"class_list":["post-8538","ficha","type-ficha","status-publish","has-post-thumbnail","hentry","categoria_ficha-cartes-de-la-province-de-luxembourg"],"acf":[],"_links":{"self":[{"href":"https:\/\/gifex.com\/fr\/wp-json\/wp\/v2\/ficha\/8538","targetHints":{"allow":["GET"]}}],"collection":[{"href":"https:\/\/gifex.com\/fr\/wp-json\/wp\/v2\/ficha"}],"about":[{"href":"https:\/\/gifex.com\/fr\/wp-json\/wp\/v2\/types\/ficha"}],"author":[{"embeddable":true,"href":"https:\/\/gifex.com\/fr\/wp-json\/wp\/v2\/users\/1"}],"version-history":[{"count":13,"href":"https:\/\/gifex.com\/fr\/wp-json\/wp\/v2\/ficha\/8538\/revisions"}],"predecessor-version":[{"id":54445,"href":"https:\/\/gifex.com\/fr\/wp-json\/wp\/v2\/ficha\/8538\/revisions\/54445"}],"wp:featuredmedia":[{"embeddable":true,"href":"https:\/\/gifex.com\/fr\/wp-json\/wp\/v2\/media\/8540"}],"wp:attachment":[{"href":"https:\/\/gifex.com\/fr\/wp-json\/wp\/v2\/media?parent=8538"}],"wp:term":[{"taxonomy":"categoria_ficha","embeddable":true,"href":"https:\/\/gifex.com\/fr\/wp-json\/wp\/v2\/categoria_ficha?post=8538"}],"curies":[{"name":"wp","href":"https:\/\/api.w.org\/{rel}","templated":true}]}}

<p>Carte de la province de Luxembourg, la province la plus méridionale de la Wallonie et de la Belgique. Elle borde le pays du Luxembourg à l&#8217;est, les départements français des Ardennes, de la Meuse et de la Meurthe-et-Moselle au sud et au sud-ouest, et les provinces wallonnes de Namur et de Liège au nord. Sa capitale et plus grande ville est Arlon, dans le sud-est de la province.</p>
<figure id="attachment_8542" aria-describedby="caption-attachment-8542" style="width: 360px" class="wp-caption alignright"><a href="https://gifex.com/fr/wp-content/uploads/8538/Centre-ville-d-Arlon-capitale-de-la-province-de-Luxembourg.jpg" target="_blank" rel="noopener"><img fetchpriority="high" decoding="async" class="wp-image-8542" style="width: 100%; max-width: 360px; height: auto;" title="Centre-ville d'Arlon, capitale de la province de Luxembourg" src="https://gifex.com/fr/wp-content/uploads/8538/Centre-ville-d-Arlon-capitale-de-la-province-de-Luxembourg-300x225.jpg" alt="Centre-ville d'Arlon, capitale de la province de Luxembourg" width="360" height="270" srcset="https://gifex.com/fr/wp-content/uploads/8538/Centre-ville-d-Arlon-capitale-de-la-province-de-Luxembourg-300x225.jpg 300w, https://gifex.com/fr/wp-content/uploads/8538/Centre-ville-d-Arlon-capitale-de-la-province-de-Luxembourg.jpg 600w" sizes="(max-width: 360px) 100vw, 360px" /></a><figcaption id="caption-attachment-8542" class="wp-caption-text"><label style="font-size: 15px;">Centre-ville d&#8217;Arlon, capitale de la province de Luxembourg.</label></figcaption></figure>
<p>Elle a une superficie de 4 459 km², ce qui en fait la plus grande province belge. Avec environ 285 000 habitants, c&#8217;est aussi la province la moins peuplée, avec une densité de 64/km², ce qui en fait une partie relativement peu peuplée d&#8217;une région très densément peuplée.</p>
<p>Elle est nettement plus grande (71%), mais beaucoup moins peuplée que le Grand-Duché de Luxembourg voisin. Environ quatre-vingts pour cent de la province fait partie de la région densément boisée des Ardennes. La région la plus méridionale de la province est appelée Gaume ou Lorraine belge (ville principale : Virton).</p>
<p>La région du Pays d&#8217;Arlon ou Pays arlonais limitrophe du Grand-Duché de Luxembourg voisin a la particularité que nombre de ses habitants ont historiquement parlé le luxembourgeois, une langue étroitement liée à l&#8217;allemand, plutôt que le français ou le wallon parlé ailleurs dans la province.</p>
<p>La province a été séparée du Luxembourg voisin par la troisième partition du Luxembourg, de jure en 1830-1831 par la Conférence de Londres traitant des conséquences de la Révolution belge de 1830, de facto en 1839, après Guillaume I<sup>er</sup>, roi des Pays-Bas et Grand-Duc de Luxembourg, a accepté ses décisions et ainsi la province a été donnée au Royaume de Belgique nouvellement créé.</p>

<p>Carte de la province de Luxembourg, la province la plus méridionale de la Wallonie et de la Belgique. Elle borde le pays du Luxembourg à l&#8217;est, les départements français des Ardennes, de la Meuse et de la Meurthe-et-Moselle au sud et au sud-ouest, et les provinces wallonn</p>
