{"id":853,"date":"2022-02-04T00:15:36","date_gmt":"2022-02-04T00:15:36","guid":{"rendered":"https:\/\/gifex.com\/fr\/?post_type=ficha&#038;p=853"},"modified":"2024-03-26T12:09:02","modified_gmt":"2024-03-26T12:09:02","slug":"carte-de-l-irlande","status":"publish","type":"ficha","link":"https:\/\/gifex.com\/fr\/fichier\/carte-de-l-irlande\/","title":{"rendered":"Carte de l&#8217;Irlande"},"content":{"rendered":"<p><strong>Carte de l&#8217;Irlande<\/strong>, \u00e9galement connue sous le nom de R\u00e9publique d&#8217;Irlande, un pays du nord-ouest de l&#8217;Europe compos\u00e9 de 26 des 32 comt\u00e9s de l&#8217;\u00eele d&#8217;Irlande. La capitale et la plus grande ville est Dublin, situ\u00e9e \u00e0 l&#8217;est de l&#8217;\u00eele. Le pays s&#8217;\u00e9tend sur 70,273\u00a0km\u00b2, environ 40% de sa population de 5,011,500 (en 2021) r\u00e9side dans la r\u00e9gion du Grand Dublin. L&#8217;\u00c9tat souverain partage sa seule fronti\u00e8re terrestre avec l&#8217;Irlande du Nord, qui fait partie du Royaume-Uni. Elle est par ailleurs entour\u00e9 par l&#8217;oc\u00e9an Atlantique, avec la mer Celtique au sud, le canal Saint-Georges au sud-est et la mer d&#8217;Irlande \u00e0 l&#8217;est. C&#8217;est une r\u00e9publique parlementaire unitaire. La l\u00e9gislature, l&#8217;Oireachtas, se compose d&#8217;une chambre basse, D\u00e1il \u00c9ireann, d&#8217;une chambre haute, Seanad \u00c9ireann, et d&#8217;un pr\u00e9sident \u00e9lu (Uachtar\u00e1n) qui sert en grande partie de chef d&#8217;\u00c9tat, mais avec des pouvoirs et des devoirs importants. Le chef du gouvernement est le Taoiseach (Premier ministre, litt\u00e9ralement \u00ab\u00a0chef\u00a0\u00bb, un titre non utilis\u00e9 en anglais), qui est \u00e9lu par le D\u00e1il et nomm\u00e9 par le pr\u00e9sident; le Taoiseach nomme \u00e0 son tour les autres ministres du gouvernement.<\/p>\n<figure id=\"attachment_45273\" aria-describedby=\"caption-attachment-45273\" style=\"width: 360px\" class=\"wp-caption alignright\"><a href=\"https:\/\/gifex.com\/fr\/wp-content\/uploads\/45272\/Carte-de-Dublin-Irlande.jpg\" target=\"_blank\" rel=\"noopener\"><img fetchpriority=\"high\" decoding=\"async\" class=\"wp-image-45273\" title=\"Carte de Dublin, Irlande\" src=\"https:\/\/gifex.com\/fr\/wp-content\/uploads\/45272\/Carte-de-Dublin-Irlande-300x256.jpg\" alt=\"Carte de Dublin, Irlande\" width=\"360\" height=\"307\" srcset=\"https:\/\/gifex.com\/fr\/wp-content\/uploads\/45272\/Carte-de-Dublin-Irlande-300x256.jpg 300w, https:\/\/gifex.com\/fr\/wp-content\/uploads\/45272\/Carte-de-Dublin-Irlande-1024x873.jpg 1024w, https:\/\/gifex.com\/fr\/wp-content\/uploads\/45272\/Carte-de-Dublin-Irlande-768x655.jpg 768w, https:\/\/gifex.com\/fr\/wp-content\/uploads\/45272\/Carte-de-Dublin-Irlande-1536x1309.jpg 1536w, https:\/\/gifex.com\/fr\/wp-content\/uploads\/45272\/Carte-de-Dublin-Irlande-2048x1746.jpg 2048w, https:\/\/gifex.com\/fr\/wp-content\/uploads\/45272\/Carte-de-Dublin-Irlande-1600x1364.jpg 1600w\" sizes=\"(max-width: 360px) 100vw, 360px\" \/><\/a><figcaption id=\"caption-attachment-45273\" class=\"wp-caption-text\"><label style=\"font-size: 15px;\">Carte de Dublin, la plus grande ville de l&#8217;\u00eele d&#8217;Irlande et de l&#8217;\u00c9tat d&#8217;Irlande, dont elle est la capitale.<\/label><\/figcaption><\/figure>\n<ul>\n<li>Superficie totale de l&#8217;Irlande 70,273 km\u00b2<\/li>\n<li>En 2021 la population de l&#8217;Irlande \u00e9tait de 5,011,500<\/li>\n<li>La capitale et plus grande ville du pays est Dublin<\/li>\n<li>Les autres villes importantes de l&#8217;Irlande sont: Cork, Limerick, Galway et Waterford.<\/li>\n<\/ul>\n<p>L&#8217;\u00c9tat libre d&#8217;Irlande a \u00e9t\u00e9 cr\u00e9\u00e9, avec le statut de Dominion, en 1922 \u00e0 la suite du trait\u00e9 anglo-irlandais. En 1937, une nouvelle constitution a \u00e9t\u00e9 adopt\u00e9e, dans laquelle l&#8217;\u00c9tat a \u00e9t\u00e9 nomm\u00e9 \u00ab Irlande \u00bb et est devenu effectivement une r\u00e9publique, avec un pr\u00e9sident \u00e9lu non ex\u00e9cutif. Elle a \u00e9t\u00e9 officiellement d\u00e9clar\u00e9e r\u00e9publique en 1949, \u00e0 la suite de la loi sur la R\u00e9publique d&#8217;Irlande de 1948. L&#8217;Irlande est devenue membre des Nations Unies en d\u00e9cembre 1955. Elle a rejoint les Communaut\u00e9s europ\u00e9ennes (CE), pr\u00e9d\u00e9cesseur de l&#8217;Union europ\u00e9enne, en 1973. L&#8217;\u00c9tat n&#8217;avait pas de relations formelles avec l&#8217;Irlande du Nord pendant la majeure partie du vingti\u00e8me si\u00e8cle, mais au cours des ann\u00e9es 1980 et 1990, les gouvernements britannique et irlandais ont travaill\u00e9 avec les partis d&#8217;Irlande du Nord en vue d&#8217;une r\u00e9solution du conflit nord-irlandais, appel\u00e9 aussi \u00ab\u00a0les Troubles\u00a0\u00bb. Depuis la signature de l&#8217;Accord du Vendredi Saint en 1998, le gouvernement irlandais et l&#8217;ex\u00e9cutif d&#8217;Irlande du Nord ont coop\u00e9r\u00e9 sur un certain nombre de domaines politiques dans le cadre du Conseil minist\u00e9riel Nord\/Sud cr\u00e9\u00e9 par l&#8217;Accord.<\/p>\n<figure id=\"attachment_45277\" aria-describedby=\"caption-attachment-45277\" style=\"width: 360px\" class=\"wp-caption alignright\"><a href=\"https:\/\/gifex.com\/fr\/wp-content\/uploads\/853\/Image-satellite-de-l-Irlande.jpg\" target=\"_blank\" rel=\"noopener\"><img decoding=\"async\" class=\"wp-image-45277\" title=\"Image satellite de l'Irlande.\" src=\"https:\/\/gifex.com\/fr\/wp-content\/uploads\/853\/Image-satellite-de-l-Irlande-218x300.jpg\" alt=\"Image satellite de l'Irlande.\" width=\"360\" height=\"495\" srcset=\"https:\/\/gifex.com\/fr\/wp-content\/uploads\/853\/Image-satellite-de-l-Irlande-218x300.jpg 218w, https:\/\/gifex.com\/fr\/wp-content\/uploads\/853\/Image-satellite-de-l-Irlande-745x1024.jpg 745w, https:\/\/gifex.com\/fr\/wp-content\/uploads\/853\/Image-satellite-de-l-Irlande-768x1056.jpg 768w, https:\/\/gifex.com\/fr\/wp-content\/uploads\/853\/Image-satellite-de-l-Irlande-1117x1536.jpg 1117w, https:\/\/gifex.com\/fr\/wp-content\/uploads\/853\/Image-satellite-de-l-Irlande-1489x2048.jpg 1489w, https:\/\/gifex.com\/fr\/wp-content\/uploads\/853\/Image-satellite-de-l-Irlande-300x413.jpg 300w, https:\/\/gifex.com\/fr\/wp-content\/uploads\/853\/Image-satellite-de-l-Irlande-1164x1600.jpg 1164w, https:\/\/gifex.com\/fr\/wp-content\/uploads\/853\/Image-satellite-de-l-Irlande.jpg 1600w\" sizes=\"(max-width: 360px) 100vw, 360px\" \/><\/a><figcaption id=\"caption-attachment-45277\" class=\"wp-caption-text\"><label style=\"font-size: 15px;\">Image satellite de l&#8217;Irlande.<\/label><\/figcaption><\/figure>\n<p>L&#8217;un des principaux centres financiers d&#8217;Europe est centr\u00e9 autour de Dublin. L&#8217;Irlande se classe parmi les dix pays les plus riches du monde en termes de PIB par habitant, bien que cela ait \u00e9t\u00e9 partiellement attribu\u00e9 aux distorsions caus\u00e9es par les pratiques d&#8217;inversion fiscale de diverses multinationales op\u00e9rant en Irlande. \u00c0 partir de 2017, un revenu national brut (RNB*) modifi\u00e9 a \u00e9t\u00e9 adopt\u00e9 par la Banque centrale d&#8217;Irlande, car l&#8217;\u00e9cart-type \u00e9tait consid\u00e9r\u00e9 comme trop fauss\u00e9 pour mesurer ou repr\u00e9senter avec pr\u00e9cision l&#8217;\u00e9conomie irlandaise. Apr\u00e8s avoir rejoint la CE, le gouvernement du pays a adopt\u00e9 une s\u00e9rie de politiques \u00e9conomiques lib\u00e9rales qui ont entra\u00een\u00e9 une croissance \u00e9conomique entre 1995 et 2007, maintenant connue sous le nom de p\u00e9riode du Tigre celtique, avant son renversement ult\u00e9rieur pendant la Grande R\u00e9cession.<\/p>\n<p>Pays d\u00e9velopp\u00e9, l&#8217;Irlande obtient de bons r\u00e9sultats dans plusieurs indicateurs de performance nationaux, notamment les soins de sant\u00e9, la libert\u00e9 \u00e9conomique et la libert\u00e9 de la presse. L&#8217;Irlande est membre de l&#8217;Union europ\u00e9enne et membre fondateur du Conseil de l&#8217;Europe et de l&#8217;OCDE. Le gouvernement irlandais a suivi une politique de neutralit\u00e9 militaire par le non-alignement depuis imm\u00e9diatement avant la Seconde Guerre mondiale et le pays n&#8217;est donc pas membre de l&#8217;OTAN, bien qu&#8217;elle soit membre du Partenariat pour la paix (PPP) et de certains aspects de la Coop\u00e9ration structur\u00e9e permanente.<\/p>\n","protected":false},"excerpt":{"rendered":"<p>Carte de l&#8217;Irlande L&#8217;Irlande, \u00e9galement connue sous le nom de R\u00e9publique d&#8217;Irlande, est un pays du nord-ouest de l&#8217;Europe compos\u00e9 de 26 des 32 comt\u00e9s de l&#8217;\u00eele d&#8217;Irlande. La capitale et la plus grande ville est Dublin, situ\u00e9e \u00e0 l&#8217;est de l&#8217;\u00eele. Le pays s&#8217;\u00e9tend sur 70,273&nbsp;km\u00b2, environ 40% de sa population de 5,011,5<\/p>\n","protected":false},"author":1,"featured_media":45238,"template":"","categoria_ficha":[118],"class_list":["post-853","ficha","type-ficha","status-publish","has-post-thumbnail","hentry","categoria_ficha-cartes-de-l-irlande"],"acf":[],"_links":{"self":[{"href":"https:\/\/gifex.com\/fr\/wp-json\/wp\/v2\/ficha\/853","targetHints":{"allow":["GET"]}}],"collection":[{"href":"https:\/\/gifex.com\/fr\/wp-json\/wp\/v2\/ficha"}],"about":[{"href":"https:\/\/gifex.com\/fr\/wp-json\/wp\/v2\/types\/ficha"}],"author":[{"embeddable":true,"href":"https:\/\/gifex.com\/fr\/wp-json\/wp\/v2\/users\/1"}],"version-history":[{"count":4,"href":"https:\/\/gifex.com\/fr\/wp-json\/wp\/v2\/ficha\/853\/revisions"}],"predecessor-version":[{"id":45278,"href":"https:\/\/gifex.com\/fr\/wp-json\/wp\/v2\/ficha\/853\/revisions\/45278"}],"wp:featuredmedia":[{"embeddable":true,"href":"https:\/\/gifex.com\/fr\/wp-json\/wp\/v2\/media\/45238"}],"wp:attachment":[{"href":"https:\/\/gifex.com\/fr\/wp-json\/wp\/v2\/media?parent=853"}],"wp:term":[{"taxonomy":"categoria_ficha","embeddable":true,"href":"https:\/\/gifex.com\/fr\/wp-json\/wp\/v2\/categoria_ficha?post=853"}],"curies":[{"name":"wp","href":"https:\/\/api.w.org\/{rel}","templated":true}]}}

<p><strong>Carte de l&#8217;Irlande</strong>, également connue sous le nom de République d&#8217;Irlande, un pays du nord-ouest de l&#8217;Europe composé de 26 des 32 comtés de l&#8217;île d&#8217;Irlande. La capitale et la plus grande ville est Dublin, située à l&#8217;est de l&#8217;île. Le pays s&#8217;étend sur 70,273 km², environ 40% de sa population de 5,011,500 (en 2021) réside dans la région du Grand Dublin. L&#8217;État souverain partage sa seule frontière terrestre avec l&#8217;Irlande du Nord, qui fait partie du Royaume-Uni. Elle est par ailleurs entouré par l&#8217;océan Atlantique, avec la mer Celtique au sud, le canal Saint-Georges au sud-est et la mer d&#8217;Irlande à l&#8217;est. C&#8217;est une république parlementaire unitaire. La législature, l&#8217;Oireachtas, se compose d&#8217;une chambre basse, Dáil Éireann, d&#8217;une chambre haute, Seanad Éireann, et d&#8217;un président élu (Uachtarán) qui sert en grande partie de chef d&#8217;État, mais avec des pouvoirs et des devoirs importants. Le chef du gouvernement est le Taoiseach (Premier ministre, littéralement « chef », un titre non utilisé en anglais), qui est élu par le Dáil et nommé par le président; le Taoiseach nomme à son tour les autres ministres du gouvernement.</p>
<figure id="attachment_45273" aria-describedby="caption-attachment-45273" style="width: 360px" class="wp-caption alignright"><a href="https://gifex.com/fr/wp-content/uploads/45272/Carte-de-Dublin-Irlande.jpg" target="_blank" rel="noopener"><img fetchpriority="high" decoding="async" class="wp-image-45273" title="Carte de Dublin, Irlande" src="https://gifex.com/fr/wp-content/uploads/45272/Carte-de-Dublin-Irlande-300x256.jpg" alt="Carte de Dublin, Irlande" width="360" height="307" srcset="https://gifex.com/fr/wp-content/uploads/45272/Carte-de-Dublin-Irlande-300x256.jpg 300w, https://gifex.com/fr/wp-content/uploads/45272/Carte-de-Dublin-Irlande-1024x873.jpg 1024w, https://gifex.com/fr/wp-content/uploads/45272/Carte-de-Dublin-Irlande-768x655.jpg 768w, https://gifex.com/fr/wp-content/uploads/45272/Carte-de-Dublin-Irlande-1536x1309.jpg 1536w, https://gifex.com/fr/wp-content/uploads/45272/Carte-de-Dublin-Irlande-2048x1746.jpg 2048w, https://gifex.com/fr/wp-content/uploads/45272/Carte-de-Dublin-Irlande-1600x1364.jpg 1600w" sizes="(max-width: 360px) 100vw, 360px" /></a><figcaption id="caption-attachment-45273" class="wp-caption-text"><label style="font-size: 15px;">Carte de Dublin, la plus grande ville de l&#8217;île d&#8217;Irlande et de l&#8217;État d&#8217;Irlande, dont elle est la capitale.</label></figcaption></figure>
<ul>
<li>Superficie totale de l&#8217;Irlande 70,273 km²</li>
<li>En 2021 la population de l&#8217;Irlande était de 5,011,500</li>
<li>La capitale et plus grande ville du pays est Dublin</li>
<li>Les autres villes importantes de l&#8217;Irlande sont: Cork, Limerick, Galway et Waterford.</li>
</ul>
<p>L&#8217;État libre d&#8217;Irlande a été créé, avec le statut de Dominion, en 1922 à la suite du traité anglo-irlandais. En 1937, une nouvelle constitution a été adoptée, dans laquelle l&#8217;État a été nommé « Irlande » et est devenu effectivement une république, avec un président élu non exécutif. Elle a été officiellement déclarée république en 1949, à la suite de la loi sur la République d&#8217;Irlande de 1948. L&#8217;Irlande est devenue membre des Nations Unies en décembre 1955. Elle a rejoint les Communautés européennes (CE), prédécesseur de l&#8217;Union européenne, en 1973. L&#8217;État n&#8217;avait pas de relations formelles avec l&#8217;Irlande du Nord pendant la majeure partie du vingtième siècle, mais au cours des années 1980 et 1990, les gouvernements britannique et irlandais ont travaillé avec les partis d&#8217;Irlande du Nord en vue d&#8217;une résolution du conflit nord-irlandais, appelé aussi « les Troubles ». Depuis la signature de l&#8217;Accord du Vendredi Saint en 1998, le gouvernement irlandais et l&#8217;exécutif d&#8217;Irlande du Nord ont coopéré sur un certain nombre de domaines politiques dans le cadre du Conseil ministériel Nord/Sud créé par l&#8217;Accord.</p>
<figure id="attachment_45277" aria-describedby="caption-attachment-45277" style="width: 360px" class="wp-caption alignright"><a href="https://gifex.com/fr/wp-content/uploads/853/Image-satellite-de-l-Irlande.jpg" target="_blank" rel="noopener"><img decoding="async" class="wp-image-45277" title="Image satellite de l'Irlande." src="https://gifex.com/fr/wp-content/uploads/853/Image-satellite-de-l-Irlande-218x300.jpg" alt="Image satellite de l'Irlande." width="360" height="495" srcset="https://gifex.com/fr/wp-content/uploads/853/Image-satellite-de-l-Irlande-218x300.jpg 218w, https://gifex.com/fr/wp-content/uploads/853/Image-satellite-de-l-Irlande-745x1024.jpg 745w, https://gifex.com/fr/wp-content/uploads/853/Image-satellite-de-l-Irlande-768x1056.jpg 768w, https://gifex.com/fr/wp-content/uploads/853/Image-satellite-de-l-Irlande-1117x1536.jpg 1117w, https://gifex.com/fr/wp-content/uploads/853/Image-satellite-de-l-Irlande-1489x2048.jpg 1489w, https://gifex.com/fr/wp-content/uploads/853/Image-satellite-de-l-Irlande-300x413.jpg 300w, https://gifex.com/fr/wp-content/uploads/853/Image-satellite-de-l-Irlande-1164x1600.jpg 1164w, https://gifex.com/fr/wp-content/uploads/853/Image-satellite-de-l-Irlande.jpg 1600w" sizes="(max-width: 360px) 100vw, 360px" /></a><figcaption id="caption-attachment-45277" class="wp-caption-text"><label style="font-size: 15px;">Image satellite de l&#8217;Irlande.</label></figcaption></figure>
<p>L&#8217;un des principaux centres financiers d&#8217;Europe est centré autour de Dublin. L&#8217;Irlande se classe parmi les dix pays les plus riches du monde en termes de PIB par habitant, bien que cela ait été partiellement attribué aux distorsions causées par les pratiques d&#8217;inversion fiscale de diverses multinationales opérant en Irlande. À partir de 2017, un revenu national brut (RNB*) modifié a été adopté par la Banque centrale d&#8217;Irlande, car l&#8217;écart-type était considéré comme trop faussé pour mesurer ou représenter avec précision l&#8217;économie irlandaise. Après avoir rejoint la CE, le gouvernement du pays a adopté une série de politiques économiques libérales qui ont entraîné une croissance économique entre 1995 et 2007, maintenant connue sous le nom de période du Tigre celtique, avant son renversement ultérieur pendant la Grande Récession.</p>
<p>Pays développé, l&#8217;Irlande obtient de bons résultats dans plusieurs indicateurs de performance nationaux, notamment les soins de santé, la liberté économique et la liberté de la presse. L&#8217;Irlande est membre de l&#8217;Union européenne et membre fondateur du Conseil de l&#8217;Europe et de l&#8217;OCDE. Le gouvernement irlandais a suivi une politique de neutralité militaire par le non-alignement depuis immédiatement avant la Seconde Guerre mondiale et le pays n&#8217;est donc pas membre de l&#8217;OTAN, bien qu&#8217;elle soit membre du Partenariat pour la paix (PPP) et de certains aspects de la Coopération structurée permanente.</p>

<p>Carte de l&#8217;Irlande L&#8217;Irlande, également connue sous le nom de République d&#8217;Irlande, est un pays du nord-ouest de l&#8217;Europe composé de 26 des 32 comtés de l&#8217;île d&#8217;Irlande. La capitale et la plus grande ville est Dublin, située à l&#8217;est de l&#8217;île. Le pays s&#8217;étend sur 70,273&nbsp;km², environ 40% de sa population de 5,011,5</p>
