{"id":8528,"date":"2022-03-22T20:52:26","date_gmt":"2022-03-22T20:52:26","guid":{"rendered":"https:\/\/gifex.com\/fr\/?post_type=ficha&#038;p=8528"},"modified":"2023-03-25T00:45:49","modified_gmt":"2023-03-25T00:45:49","slug":"carte-de-la-province-de-hainaut","status":"publish","type":"ficha","link":"https:\/\/gifex.com\/fr\/fichier\/carte-de-la-province-de-hainaut\/","title":{"rendered":"Carte de la province de Hainaut"},"content":{"rendered":"<p>Carte de la province de Hainaut, une province de Wallonie et de Belgique.<\/p>\n<figure id=\"attachment_8532\" aria-describedby=\"caption-attachment-8532\" style=\"width: 360px\" class=\"wp-caption alignright\"><a href=\"https:\/\/gifex.com\/fr\/wp-content\/uploads\/8528\/Panorama-sur-la-vieille-ville-de-Mons-Belgique.jpg\" target=\"_blank\" rel=\"noopener\"><img fetchpriority=\"high\" decoding=\"async\" class=\"wp-image-8532\" style=\"width: 100%; max-width: 360px; height: auto;\" title=\"Panorama sur la vieille ville de Mons\" src=\"https:\/\/gifex.com\/fr\/wp-content\/uploads\/8528\/Panorama-sur-la-vieille-ville-de-Mons-Belgique-300x196.jpg\" alt=\"Panorama sur la vieille ville de Mons\" width=\"360\" height=\"236\" srcset=\"https:\/\/gifex.com\/fr\/wp-content\/uploads\/8528\/Panorama-sur-la-vieille-ville-de-Mons-Belgique-300x196.jpg 300w, https:\/\/gifex.com\/fr\/wp-content\/uploads\/8528\/Panorama-sur-la-vieille-ville-de-Mons-Belgique-1024x670.jpg 1024w, https:\/\/gifex.com\/fr\/wp-content\/uploads\/8528\/Panorama-sur-la-vieille-ville-de-Mons-Belgique-768x503.jpg 768w, https:\/\/gifex.com\/fr\/wp-content\/uploads\/8528\/Panorama-sur-la-vieille-ville-de-Mons-Belgique-1536x1005.jpg 1536w, https:\/\/gifex.com\/fr\/wp-content\/uploads\/8528\/Panorama-sur-la-vieille-ville-de-Mons-Belgique-2048x1340.jpg 2048w, https:\/\/gifex.com\/fr\/wp-content\/uploads\/8528\/Panorama-sur-la-vieille-ville-de-Mons-Belgique-1600x1047.jpg 1600w\" sizes=\"(max-width: 360px) 100vw, 360px\" \/><\/a><figcaption id=\"caption-attachment-8532\" class=\"wp-caption-text\"><label style=\"font-size: 15px;\">Panorama sur la vieille ville de Mons, vu depuis le sommet du Mont H\u00e9ribus.<\/label><\/figcaption><\/figure>\n<p>Au sud se trouve le d\u00e9partement fran\u00e7ais du Nord, tandis qu&#8217;en Belgique, il borde (dans le sens des aiguilles d&#8217;une montre \u00e0 partir du nord) les provinces flamandes de Flandre occidentale, de Flandre orientale, du Brabant flamand et des provinces wallonnes du Brabant wallon et de Namur.<\/p>\n<p>Sa capitale est Mons et la ville la plus peupl\u00e9e est Charleroi, p\u00f4le urbain, \u00e9conomique et culturel de la province, capitale financi\u00e8re du Hainaut et cinqui\u00e8me ville du pays par sa population. Le Hainaut a une superficie de 3 831 km\u00b2 et, en janvier 2019, une population de 1 344 241 habitants.<\/p>\n<p>Le Hainaut est constitu\u00e9 de diff\u00e9rentes sous-r\u00e9gions, dont le Tournaisis, la Thudinie, la Botte du Hainaut, le Borinage, le Centre et le Pays de Charleroi, etc. Ces trois derni\u00e8res sont connues pour leur pass\u00e9 charbonnier.<\/p>\n","protected":false},"excerpt":{"rendered":"<p>Carte de la province de Hainaut, une province de Wallonie et de Belgique. Au sud se trouve le d\u00e9partement fran\u00e7ais du Nord, tandis qu&#8217;en Belgique, il borde (dans le sens des aiguilles d&#8217;une montre \u00e0 partir du nord) les provinces flamandes de<\/p>\n","protected":false},"author":1,"featured_media":8529,"template":"","categoria_ficha":[1754],"class_list":["post-8528","ficha","type-ficha","status-publish","has-post-thumbnail","hentry","categoria_ficha-cartes-de-la-province-de-hainaut"],"acf":[],"_links":{"self":[{"href":"https:\/\/gifex.com\/fr\/wp-json\/wp\/v2\/ficha\/8528","targetHints":{"allow":["GET"]}}],"collection":[{"href":"https:\/\/gifex.com\/fr\/wp-json\/wp\/v2\/ficha"}],"about":[{"href":"https:\/\/gifex.com\/fr\/wp-json\/wp\/v2\/types\/ficha"}],"author":[{"embeddable":true,"href":"https:\/\/gifex.com\/fr\/wp-json\/wp\/v2\/users\/1"}],"version-history":[{"count":10,"href":"https:\/\/gifex.com\/fr\/wp-json\/wp\/v2\/ficha\/8528\/revisions"}],"predecessor-version":[{"id":36532,"href":"https:\/\/gifex.com\/fr\/wp-json\/wp\/v2\/ficha\/8528\/revisions\/36532"}],"wp:featuredmedia":[{"embeddable":true,"href":"https:\/\/gifex.com\/fr\/wp-json\/wp\/v2\/media\/8529"}],"wp:attachment":[{"href":"https:\/\/gifex.com\/fr\/wp-json\/wp\/v2\/media?parent=8528"}],"wp:term":[{"taxonomy":"categoria_ficha","embeddable":true,"href":"https:\/\/gifex.com\/fr\/wp-json\/wp\/v2\/categoria_ficha?post=8528"}],"curies":[{"name":"wp","href":"https:\/\/api.w.org\/{rel}","templated":true}]}}

<p>Carte de la province de Hainaut, une province de Wallonie et de Belgique.</p>
<figure id="attachment_8532" aria-describedby="caption-attachment-8532" style="width: 360px" class="wp-caption alignright"><a href="https://gifex.com/fr/wp-content/uploads/8528/Panorama-sur-la-vieille-ville-de-Mons-Belgique.jpg" target="_blank" rel="noopener"><img fetchpriority="high" decoding="async" class="wp-image-8532" style="width: 100%; max-width: 360px; height: auto;" title="Panorama sur la vieille ville de Mons" src="https://gifex.com/fr/wp-content/uploads/8528/Panorama-sur-la-vieille-ville-de-Mons-Belgique-300x196.jpg" alt="Panorama sur la vieille ville de Mons" width="360" height="236" srcset="https://gifex.com/fr/wp-content/uploads/8528/Panorama-sur-la-vieille-ville-de-Mons-Belgique-300x196.jpg 300w, https://gifex.com/fr/wp-content/uploads/8528/Panorama-sur-la-vieille-ville-de-Mons-Belgique-1024x670.jpg 1024w, https://gifex.com/fr/wp-content/uploads/8528/Panorama-sur-la-vieille-ville-de-Mons-Belgique-768x503.jpg 768w, https://gifex.com/fr/wp-content/uploads/8528/Panorama-sur-la-vieille-ville-de-Mons-Belgique-1536x1005.jpg 1536w, https://gifex.com/fr/wp-content/uploads/8528/Panorama-sur-la-vieille-ville-de-Mons-Belgique-2048x1340.jpg 2048w, https://gifex.com/fr/wp-content/uploads/8528/Panorama-sur-la-vieille-ville-de-Mons-Belgique-1600x1047.jpg 1600w" sizes="(max-width: 360px) 100vw, 360px" /></a><figcaption id="caption-attachment-8532" class="wp-caption-text"><label style="font-size: 15px;">Panorama sur la vieille ville de Mons, vu depuis le sommet du Mont Héribus.</label></figcaption></figure>
<p>Au sud se trouve le département français du Nord, tandis qu&#8217;en Belgique, il borde (dans le sens des aiguilles d&#8217;une montre à partir du nord) les provinces flamandes de Flandre occidentale, de Flandre orientale, du Brabant flamand et des provinces wallonnes du Brabant wallon et de Namur.</p>
<p>Sa capitale est Mons et la ville la plus peuplée est Charleroi, pôle urbain, économique et culturel de la province, capitale financière du Hainaut et cinquième ville du pays par sa population. Le Hainaut a une superficie de 3 831 km² et, en janvier 2019, une population de 1 344 241 habitants.</p>
<p>Le Hainaut est constitué de différentes sous-régions, dont le Tournaisis, la Thudinie, la Botte du Hainaut, le Borinage, le Centre et le Pays de Charleroi, etc. Ces trois dernières sont connues pour leur passé charbonnier.</p>

<p>Carte de la province de Hainaut, une province de Wallonie et de Belgique. Au sud se trouve le département français du Nord, tandis qu&#8217;en Belgique, il borde (dans le sens des aiguilles d&#8217;une montre à partir du nord) les provinces flamandes de</p>
