{"id":8495,"date":"2022-03-22T17:47:44","date_gmt":"2022-03-22T17:47:44","guid":{"rendered":"https:\/\/gifex.com\/fr\/?post_type=ficha&#038;p=8495"},"modified":"2023-03-25T00:46:23","modified_gmt":"2023-03-25T00:46:23","slug":"carte-de-la-province-de-flandre-orientale","status":"publish","type":"ficha","link":"https:\/\/gifex.com\/fr\/fichier\/carte-de-la-province-de-flandre-orientale\/","title":{"rendered":"Carte de la province de Flandre-Orientale"},"content":{"rendered":"<figure id=\"attachment_8498\" aria-describedby=\"caption-attachment-8498\" style=\"width: 360px\" class=\"wp-caption alignright\"><a href=\"https:\/\/gifex.com\/fr\/wp-content\/uploads\/8495\/Vue-de-Gand-depuis-le-pont-Saint-Michel.jpg\" target=\"_blank\" rel=\"noopener\"><img fetchpriority=\"high\" decoding=\"async\" class=\"wp-image-8498\" style=\"width: 100%; max-width: 360px; height: auto;\" title=\"Vue de Gand depuis le pont Saint-Michel\" src=\"https:\/\/gifex.com\/fr\/wp-content\/uploads\/8495\/Vue-de-Gand-depuis-le-pont-Saint-Michel-300x120.jpg\" alt=\"Vue de Gand depuis le pont Saint-Michel\" width=\"360\" height=\"143\" srcset=\"https:\/\/gifex.com\/fr\/wp-content\/uploads\/8495\/Vue-de-Gand-depuis-le-pont-Saint-Michel-300x120.jpg 300w, https:\/\/gifex.com\/fr\/wp-content\/uploads\/8495\/Vue-de-Gand-depuis-le-pont-Saint-Michel-1024x408.jpg 1024w, https:\/\/gifex.com\/fr\/wp-content\/uploads\/8495\/Vue-de-Gand-depuis-le-pont-Saint-Michel-768x306.jpg 768w, https:\/\/gifex.com\/fr\/wp-content\/uploads\/8495\/Vue-de-Gand-depuis-le-pont-Saint-Michel-1536x612.jpg 1536w, https:\/\/gifex.com\/fr\/wp-content\/uploads\/8495\/Vue-de-Gand-depuis-le-pont-Saint-Michel-2048x816.jpg 2048w, https:\/\/gifex.com\/fr\/wp-content\/uploads\/8495\/Vue-de-Gand-depuis-le-pont-Saint-Michel-1600x638.jpg 1600w\" sizes=\"(max-width: 360px) 100vw, 360px\" \/><\/a><figcaption id=\"caption-attachment-8498\" class=\"wp-caption-text\"><label style=\"font-size: 15px;\">Vue de Gand depuis le pont Saint-Michel.<\/label><\/figcaption><\/figure>\n<p>Carte de la province de Flandre-Orientale, une province de Belgique. Elle borde (dans le sens des aiguilles d&#8217;une montre \u00e0 partir du nord) la province n\u00e9erlandaise de Z\u00e9lande et la province flamande d&#8217;Anvers, le Brabant flamand, le Hainaut et la Flandre occidentale. Elle a une superficie de 3 007 km\u00b2, divis\u00e9e en six districts administratifs contenant 60 communes et une population de 1 515 064 habitants en janvier 2019. La capitale est Gand, qui abrite l&#8217;Universit\u00e9 de Gand et le port de Gand.<\/p>\n<p>La province compte plusieurs r\u00e9gions g\u00e9ographiques ou touristiques :<\/p>\n<ul>\n<li>Pays de la Dendre<\/li>\n<li>Meetjesland<\/li>\n<li>Pays de Waes<\/li>\n<li>Ardennes flamandes<\/li>\n<\/ul>\n<p>Les rivi\u00e8res importantes sont l&#8217;Escaut et la Lys qui se rejoignent \u00e0 Gand. La Dendre se fond dans l&#8217;Escaut dans la ville de Termonde.<\/p>\n","protected":false},"excerpt":{"rendered":"<p>Carte de la Province de Flandre-Orientale, une province de Belgique. Elle borde (dans le sens des aiguilles d&#8217;une montre \u00e0 partir du nord) la province n\u00e9erlandaise de Z\u00e9lande et la province flamande d&#8217;Anvers, le Brabant flamand, le Hainaut et la Flandre occidentale. Elle a une superficie de 3 007<\/p>\n","protected":false},"author":1,"featured_media":8496,"template":"","categoria_ficha":[1750],"class_list":["post-8495","ficha","type-ficha","status-publish","has-post-thumbnail","hentry","categoria_ficha-cartes-de-la-province-de-flandre-orientale"],"acf":[],"_links":{"self":[{"href":"https:\/\/gifex.com\/fr\/wp-json\/wp\/v2\/ficha\/8495","targetHints":{"allow":["GET"]}}],"collection":[{"href":"https:\/\/gifex.com\/fr\/wp-json\/wp\/v2\/ficha"}],"about":[{"href":"https:\/\/gifex.com\/fr\/wp-json\/wp\/v2\/types\/ficha"}],"author":[{"embeddable":true,"href":"https:\/\/gifex.com\/fr\/wp-json\/wp\/v2\/users\/1"}],"version-history":[{"count":9,"href":"https:\/\/gifex.com\/fr\/wp-json\/wp\/v2\/ficha\/8495\/revisions"}],"predecessor-version":[{"id":36536,"href":"https:\/\/gifex.com\/fr\/wp-json\/wp\/v2\/ficha\/8495\/revisions\/36536"}],"wp:featuredmedia":[{"embeddable":true,"href":"https:\/\/gifex.com\/fr\/wp-json\/wp\/v2\/media\/8496"}],"wp:attachment":[{"href":"https:\/\/gifex.com\/fr\/wp-json\/wp\/v2\/media?parent=8495"}],"wp:term":[{"taxonomy":"categoria_ficha","embeddable":true,"href":"https:\/\/gifex.com\/fr\/wp-json\/wp\/v2\/categoria_ficha?post=8495"}],"curies":[{"name":"wp","href":"https:\/\/api.w.org\/{rel}","templated":true}]}}

<figure id="attachment_8498" aria-describedby="caption-attachment-8498" style="width: 360px" class="wp-caption alignright"><a href="https://gifex.com/fr/wp-content/uploads/8495/Vue-de-Gand-depuis-le-pont-Saint-Michel.jpg" target="_blank" rel="noopener"><img fetchpriority="high" decoding="async" class="wp-image-8498" style="width: 100%; max-width: 360px; height: auto;" title="Vue de Gand depuis le pont Saint-Michel" src="https://gifex.com/fr/wp-content/uploads/8495/Vue-de-Gand-depuis-le-pont-Saint-Michel-300x120.jpg" alt="Vue de Gand depuis le pont Saint-Michel" width="360" height="143" srcset="https://gifex.com/fr/wp-content/uploads/8495/Vue-de-Gand-depuis-le-pont-Saint-Michel-300x120.jpg 300w, https://gifex.com/fr/wp-content/uploads/8495/Vue-de-Gand-depuis-le-pont-Saint-Michel-1024x408.jpg 1024w, https://gifex.com/fr/wp-content/uploads/8495/Vue-de-Gand-depuis-le-pont-Saint-Michel-768x306.jpg 768w, https://gifex.com/fr/wp-content/uploads/8495/Vue-de-Gand-depuis-le-pont-Saint-Michel-1536x612.jpg 1536w, https://gifex.com/fr/wp-content/uploads/8495/Vue-de-Gand-depuis-le-pont-Saint-Michel-2048x816.jpg 2048w, https://gifex.com/fr/wp-content/uploads/8495/Vue-de-Gand-depuis-le-pont-Saint-Michel-1600x638.jpg 1600w" sizes="(max-width: 360px) 100vw, 360px" /></a><figcaption id="caption-attachment-8498" class="wp-caption-text"><label style="font-size: 15px;">Vue de Gand depuis le pont Saint-Michel.</label></figcaption></figure>
<p>Carte de la province de Flandre-Orientale, une province de Belgique. Elle borde (dans le sens des aiguilles d&#8217;une montre à partir du nord) la province néerlandaise de Zélande et la province flamande d&#8217;Anvers, le Brabant flamand, le Hainaut et la Flandre occidentale. Elle a une superficie de 3 007 km², divisée en six districts administratifs contenant 60 communes et une population de 1 515 064 habitants en janvier 2019. La capitale est Gand, qui abrite l&#8217;Université de Gand et le port de Gand.</p>
<p>La province compte plusieurs régions géographiques ou touristiques :</p>
<ul>
<li>Pays de la Dendre</li>
<li>Meetjesland</li>
<li>Pays de Waes</li>
<li>Ardennes flamandes</li>
</ul>
<p>Les rivières importantes sont l&#8217;Escaut et la Lys qui se rejoignent à Gand. La Dendre se fond dans l&#8217;Escaut dans la ville de Termonde.</p>

<p>Carte de la Province de Flandre-Orientale, une province de Belgique. Elle borde (dans le sens des aiguilles d&#8217;une montre à partir du nord) la province néerlandaise de Zélande et la province flamande d&#8217;Anvers, le Brabant flamand, le Hainaut et la Flandre occidentale. Elle a une superficie de 3 007</p>
