{"id":8419,"date":"2022-03-20T21:22:59","date_gmt":"2022-03-20T21:22:59","guid":{"rendered":"https:\/\/gifex.com\/fr\/?post_type=ficha&#038;p=8419"},"modified":"2023-03-25T00:50:24","modified_gmt":"2023-03-25T00:50:24","slug":"carte-du-comte-de-flandre-1609","status":"publish","type":"ficha","link":"https:\/\/gifex.com\/fr\/fichier\/carte-du-comte-de-flandre-1609\/","title":{"rendered":"Carte du comt\u00e9 de Flandre 1609"},"content":{"rendered":"<p style=\"text-align: center;\"><label style=\"font-size: 15px;\">Carte du comt\u00e9 de Flandre par Matthias Quad (cartographe) et Johannes Bussemacher (graveur et \u00e9diteur, Cologne) 1609<\/label><\/p>\n<p>Le comt\u00e9 de Flandre \u00e9tait un territoire historique des Pays-Bas ou les Plats-Pays, historiquement aussi appel\u00e9 Pays d&#8217;Embas.<\/p>\n<p>A partir de 862, les comtes de Flandre font partie des douze premiers pairs du royaume de France. Pendant des si\u00e8cles, leurs domaines autour des villes de Gand, Bruges et Ypres ont form\u00e9 l&#8217;une des r\u00e9gions les plus riches d&#8217;Europe.<\/p>\n<figure id=\"attachment_8421\" aria-describedby=\"caption-attachment-8421\" style=\"width: 360px\" class=\"wp-caption alignright\"><a href=\"https:\/\/gifex.com\/fr\/wp-content\/uploads\/8419\/Baudouin-Ier-de-Flandre-et-sa-femme-Judith-de-France.jpg\" target=\"_blank\" rel=\"noopener\"><img fetchpriority=\"high\" decoding=\"async\" class=\"wp-image-8421\" style=\"width: 100%; max-width: 360px; height: auto;\" title=\"Baudouin Ier de Flandre et sa femme Judith de France\" src=\"https:\/\/gifex.com\/fr\/wp-content\/uploads\/8419\/Baudouin-Ier-de-Flandre-et-sa-femme-Judith-de-France-210x300.jpg\" alt=\"Baudouin Ier de Flandre et sa femme Judith de France\" width=\"360\" height=\"515\" srcset=\"https:\/\/gifex.com\/fr\/wp-content\/uploads\/8419\/Baudouin-Ier-de-Flandre-et-sa-femme-Judith-de-France-210x300.jpg 210w, https:\/\/gifex.com\/fr\/wp-content\/uploads\/8419\/Baudouin-Ier-de-Flandre-et-sa-femme-Judith-de-France-716x1024.jpg 716w, https:\/\/gifex.com\/fr\/wp-content\/uploads\/8419\/Baudouin-Ier-de-Flandre-et-sa-femme-Judith-de-France-768x1098.jpg 768w, https:\/\/gifex.com\/fr\/wp-content\/uploads\/8419\/Baudouin-Ier-de-Flandre-et-sa-femme-Judith-de-France-300x429.jpg 300w, https:\/\/gifex.com\/fr\/wp-content\/uploads\/8419\/Baudouin-Ier-de-Flandre-et-sa-femme-Judith-de-France.jpg 1040w\" sizes=\"(max-width: 360px) 100vw, 360px\" \/><\/a><figcaption id=\"caption-attachment-8421\" class=\"wp-caption-text\"><label style=\"font-size: 15px;\">Baudouin Ier de Flandre et sa femme Judith de France, Baudouin Ier fut marquis ou comte de Flandre de 863 \u00e0 879.<\/label><\/figcaption><\/figure>\n<p>Jusqu&#8217;en 1477, la zone sous suzerainet\u00e9 fran\u00e7aise \u00e9tait \u00e0 l&#8217;ouest de l&#8217;Escaut et s&#8217;appelait \u00abFlandre royale\u00bb (n\u00e9erlandais : Kroon-Vlaanderen). En dehors de cela, les comtes, \u00e0 partir du XIe si\u00e8cle, d\u00e9tenaient des terres \u00e0 l&#8217;est du fleuve comme fief du Saint Empire romain germanique : \u00ab Flandre imp\u00e9riale \u00bb ( Rijks-Vlaanderen). Faisant partie des Pays-Bas bourguignons \u00e0 partir de 1384, qui avaient une relation complexe avec la France, l&#8217;ensemble du comt\u00e9 est tomb\u00e9 \u00e0 l&#8217;Empire apr\u00e8s la Paix de Madrid en 1526 et la Paix des Dames en 1529.<\/p>\n<p>Ayant d\u00e9j\u00e0 beaucoup r\u00e9cup\u00e9r\u00e9, en 1795, le reste &#8211; \u00e0 l&#8217;int\u00e9rieur des Pays-Bas autrichiens &#8211; fut \u00e9galement acquis par la France sous la Premi\u00e8re R\u00e9publique fran\u00e7aise. R\u00e9sultant de la bataille de Waterloo de la m\u00eame ann\u00e9e, il passa au nouveau Royaume-Uni des Pays-Bas en 1815. L&#8217;ancien comt\u00e9 de Flandre, \u00e0 l&#8217;exception de la Flandre fran\u00e7aise, est la seule partie du royaume fran\u00e7ais de la fin du Moyen \u00c2ge en dehors de la France actuelle (la Catalogne ayant \u00e9t\u00e9 renonc\u00e9e en 1258).<\/p>\n<p>Si le territoire n&#8217;est pas pr\u00e9cis\u00e9ment d\u00e9fini par des fronti\u00e8res nationales, il correspond de mani\u00e8re restreinte aux \u00c9tats actuels de la Belgique, des Pays-Bas et du Luxembourg, auxquels il faut ajouter une partie du nord de la France correspondant \u00e0 l&#8217;ancienne r\u00e9gion du Nord-Pas-de-Calais (parfois nomm\u00e9 \u00ab Pays-Bas fran\u00e7ais \u00bb), ainsi que la Basse-Rh\u00e9nanie \u00e0 l&#8217;ouest de l&#8217;Allemagne.<\/p>\n","protected":false},"excerpt":{"rendered":"<p>Carte du comt\u00e9 de Flandre par Matthias Quad (cartographe) et Johannes Bussemacher (graveur et \u00e9diteur, Cologne) 1609. Le comt\u00e9 de Flandre \u00e9tait un territoire<\/p>\n","protected":false},"author":1,"featured_media":11684,"template":"","categoria_ficha":[1747],"class_list":["post-8419","ficha","type-ficha","status-publish","has-post-thumbnail","hentry","categoria_ficha-cartes-de-la-region-flamande"],"acf":[],"_links":{"self":[{"href":"https:\/\/gifex.com\/fr\/wp-json\/wp\/v2\/ficha\/8419","targetHints":{"allow":["GET"]}}],"collection":[{"href":"https:\/\/gifex.com\/fr\/wp-json\/wp\/v2\/ficha"}],"about":[{"href":"https:\/\/gifex.com\/fr\/wp-json\/wp\/v2\/types\/ficha"}],"author":[{"embeddable":true,"href":"https:\/\/gifex.com\/fr\/wp-json\/wp\/v2\/users\/1"}],"version-history":[{"count":11,"href":"https:\/\/gifex.com\/fr\/wp-json\/wp\/v2\/ficha\/8419\/revisions"}],"predecessor-version":[{"id":36543,"href":"https:\/\/gifex.com\/fr\/wp-json\/wp\/v2\/ficha\/8419\/revisions\/36543"}],"wp:featuredmedia":[{"embeddable":true,"href":"https:\/\/gifex.com\/fr\/wp-json\/wp\/v2\/media\/11684"}],"wp:attachment":[{"href":"https:\/\/gifex.com\/fr\/wp-json\/wp\/v2\/media?parent=8419"}],"wp:term":[{"taxonomy":"categoria_ficha","embeddable":true,"href":"https:\/\/gifex.com\/fr\/wp-json\/wp\/v2\/categoria_ficha?post=8419"}],"curies":[{"name":"wp","href":"https:\/\/api.w.org\/{rel}","templated":true}]}}

Carte du comté de Flandre 1609

<p style="text-align: center;"><label style="font-size: 15px;">Carte du comté de Flandre par Matthias Quad (cartographe) et Johannes Bussemacher (graveur et éditeur, Cologne) 1609</label></p>
<p>Le comté de Flandre était un territoire historique des Pays-Bas ou les Plats-Pays, historiquement aussi appelé Pays d&#8217;Embas.</p>
<p>A partir de 862, les comtes de Flandre font partie des douze premiers pairs du royaume de France. Pendant des siècles, leurs domaines autour des villes de Gand, Bruges et Ypres ont formé l&#8217;une des régions les plus riches d&#8217;Europe.</p>
<figure id="attachment_8421" aria-describedby="caption-attachment-8421" style="width: 360px" class="wp-caption alignright"><a href="https://gifex.com/fr/wp-content/uploads/8419/Baudouin-Ier-de-Flandre-et-sa-femme-Judith-de-France.jpg" target="_blank" rel="noopener"><img fetchpriority="high" decoding="async" class="wp-image-8421" style="width: 100%; max-width: 360px; height: auto;" title="Baudouin Ier de Flandre et sa femme Judith de France" src="https://gifex.com/fr/wp-content/uploads/8419/Baudouin-Ier-de-Flandre-et-sa-femme-Judith-de-France-210x300.jpg" alt="Baudouin Ier de Flandre et sa femme Judith de France" width="360" height="515" srcset="https://gifex.com/fr/wp-content/uploads/8419/Baudouin-Ier-de-Flandre-et-sa-femme-Judith-de-France-210x300.jpg 210w, https://gifex.com/fr/wp-content/uploads/8419/Baudouin-Ier-de-Flandre-et-sa-femme-Judith-de-France-716x1024.jpg 716w, https://gifex.com/fr/wp-content/uploads/8419/Baudouin-Ier-de-Flandre-et-sa-femme-Judith-de-France-768x1098.jpg 768w, https://gifex.com/fr/wp-content/uploads/8419/Baudouin-Ier-de-Flandre-et-sa-femme-Judith-de-France-300x429.jpg 300w, https://gifex.com/fr/wp-content/uploads/8419/Baudouin-Ier-de-Flandre-et-sa-femme-Judith-de-France.jpg 1040w" sizes="(max-width: 360px) 100vw, 360px" /></a><figcaption id="caption-attachment-8421" class="wp-caption-text"><label style="font-size: 15px;">Baudouin Ier de Flandre et sa femme Judith de France, Baudouin Ier fut marquis ou comte de Flandre de 863 à 879.</label></figcaption></figure>
<p>Jusqu&#8217;en 1477, la zone sous suzeraineté française était à l&#8217;ouest de l&#8217;Escaut et s&#8217;appelait «Flandre royale» (néerlandais : Kroon-Vlaanderen). En dehors de cela, les comtes, à partir du XIe siècle, détenaient des terres à l&#8217;est du fleuve comme fief du Saint Empire romain germanique : « Flandre impériale » ( Rijks-Vlaanderen). Faisant partie des Pays-Bas bourguignons à partir de 1384, qui avaient une relation complexe avec la France, l&#8217;ensemble du comté est tombé à l&#8217;Empire après la Paix de Madrid en 1526 et la Paix des Dames en 1529.</p>
<p>Ayant déjà beaucoup récupéré, en 1795, le reste &#8211; à l&#8217;intérieur des Pays-Bas autrichiens &#8211; fut également acquis par la France sous la Première République française. Résultant de la bataille de Waterloo de la même année, il passa au nouveau Royaume-Uni des Pays-Bas en 1815. L&#8217;ancien comté de Flandre, à l&#8217;exception de la Flandre française, est la seule partie du royaume français de la fin du Moyen Âge en dehors de la France actuelle (la Catalogne ayant été renoncée en 1258).</p>
<p>Si le territoire n&#8217;est pas précisément défini par des frontières nationales, il correspond de manière restreinte aux États actuels de la Belgique, des Pays-Bas et du Luxembourg, auxquels il faut ajouter une partie du nord de la France correspondant à l&#8217;ancienne région du Nord-Pas-de-Calais (parfois nommé « Pays-Bas français »), ainsi que la Basse-Rhénanie à l&#8217;ouest de l&#8217;Allemagne.</p>

<p>Carte du comté de Flandre par Matthias Quad (cartographe) et Johannes Bussemacher (graveur et éditeur, Cologne) 1609. Le comté de Flandre était un territoire</p>
