{"id":8395,"date":"2022-03-20T17:32:11","date_gmt":"2022-03-20T17:32:11","guid":{"rendered":"https:\/\/gifex.com\/fr\/?post_type=ficha&#038;p=8395"},"modified":"2024-11-16T14:42:55","modified_gmt":"2024-11-16T14:42:55","slug":"ou-se-trouve-la-flandre","status":"publish","type":"ficha","link":"https:\/\/gifex.com\/fr\/fichier\/ou-se-trouve-la-flandre\/","title":{"rendered":"O\u00f9 se trouve la Flandre ?"},"content":{"rendered":"<p style=\"text-align: center;\"><label style=\"font-size: 15px;\">Carte de localisation de la Flandre en Europe.<\/label><\/p>\n<p>La R\u00e9gion flamande\u00a0(repr\u00e9sent\u00e9e en violet sur les cartes ci-dessus et ci-dessous)\u00a0se situe au nord de la Belgique. Elle est bord\u00e9e \u00e0 l&#8217;ouest par la Mer du Nord et par la France (de Bray-Dunes \u00e0 Menin dans les Hauts-de-France) ; au nord, par les Pays-Bas, dont les villes les plus proches sont : Br\u00e9da, Eindhoven et Maastricht ; au sud, par la R\u00e9gion wallonne et la R\u00e9gion de Bruxelles-Capitale qui forme une enclave.<\/p>\n<p>La R\u00e9gion flamande est centr\u00e9e aux coordonn\u00e9es : 51\u00b000\u2032Nord, 4\u00b030\u2032Est.<\/p>\n<figure id=\"attachment_54298\" aria-describedby=\"caption-attachment-54298\" style=\"width: 400px\" class=\"wp-caption aligncenter\"><a href=\"https:\/\/gifex.com\/fr\/wp-content\/uploads\/8395\/Carte-de-localisation-de-la-Flandre-en-Belgique.png\" target=\"_blank\" rel=\"noopener\"><img fetchpriority=\"high\" decoding=\"async\" class=\"wp-image-54298\" title=\"Carte de localisation de la R\u00e9gion flamande en Belgique.\" src=\"https:\/\/gifex.com\/fr\/wp-content\/uploads\/8395\/Carte-de-localisation-de-la-Flandre-en-Belgique-300x261.png\" alt=\"Carte de localisation de la R\u00e9gion flamande en Belgique.\" width=\"400\" height=\"348\" srcset=\"https:\/\/gifex.com\/fr\/wp-content\/uploads\/8395\/Carte-de-localisation-de-la-Flandre-en-Belgique-300x261.png 300w, https:\/\/gifex.com\/fr\/wp-content\/uploads\/8395\/Carte-de-localisation-de-la-Flandre-en-Belgique-1024x891.png 1024w, https:\/\/gifex.com\/fr\/wp-content\/uploads\/8395\/Carte-de-localisation-de-la-Flandre-en-Belgique-768x668.png 768w, https:\/\/gifex.com\/fr\/wp-content\/uploads\/8395\/Carte-de-localisation-de-la-Flandre-en-Belgique-1536x1336.png 1536w, https:\/\/gifex.com\/fr\/wp-content\/uploads\/8395\/Carte-de-localisation-de-la-Flandre-en-Belgique-2048x1782.png 2048w, https:\/\/gifex.com\/fr\/wp-content\/uploads\/8395\/Carte-de-localisation-de-la-Flandre-en-Belgique-1600x1392.png 1600w\" sizes=\"(max-width: 400px) 100vw, 400px\" \/><\/a><figcaption id=\"caption-attachment-54298\" class=\"wp-caption-text\"><label style=\"font-size: 15px;\">Carte de localisation de la R\u00e9gion flamande en Belgique.<\/label><\/figcaption><\/figure>\n","protected":false},"excerpt":{"rendered":"<p>La R\u00e9gion flamande\u00a0(repr\u00e9sent\u00e9e en violet sur les cartes ci-dessus et ci-dessous)\u00a0se situe au nord de la Belgique. Elle est bord\u00e9e \u00e0 l&#8217;ouest par la Mer du Nord <\/p>\n","protected":false},"author":1,"featured_media":54299,"template":"","categoria_ficha":[1747],"class_list":["post-8395","ficha","type-ficha","status-publish","has-post-thumbnail","hentry","categoria_ficha-cartes-de-la-region-flamande"],"acf":[],"_links":{"self":[{"href":"https:\/\/gifex.com\/fr\/wp-json\/wp\/v2\/ficha\/8395","targetHints":{"allow":["GET"]}}],"collection":[{"href":"https:\/\/gifex.com\/fr\/wp-json\/wp\/v2\/ficha"}],"about":[{"href":"https:\/\/gifex.com\/fr\/wp-json\/wp\/v2\/types\/ficha"}],"author":[{"embeddable":true,"href":"https:\/\/gifex.com\/fr\/wp-json\/wp\/v2\/users\/1"}],"version-history":[{"count":9,"href":"https:\/\/gifex.com\/fr\/wp-json\/wp\/v2\/ficha\/8395\/revisions"}],"predecessor-version":[{"id":54301,"href":"https:\/\/gifex.com\/fr\/wp-json\/wp\/v2\/ficha\/8395\/revisions\/54301"}],"wp:featuredmedia":[{"embeddable":true,"href":"https:\/\/gifex.com\/fr\/wp-json\/wp\/v2\/media\/54299"}],"wp:attachment":[{"href":"https:\/\/gifex.com\/fr\/wp-json\/wp\/v2\/media?parent=8395"}],"wp:term":[{"taxonomy":"categoria_ficha","embeddable":true,"href":"https:\/\/gifex.com\/fr\/wp-json\/wp\/v2\/categoria_ficha?post=8395"}],"curies":[{"name":"wp","href":"https:\/\/api.w.org\/{rel}","templated":true}]}}

Où se trouve la Flandre ?

<p style="text-align: center;"><label style="font-size: 15px;">Carte de localisation de la Flandre en Europe.</label></p>
<p>La Région flamande (représentée en violet sur les cartes ci-dessus et ci-dessous) se situe au nord de la Belgique. Elle est bordée à l&#8217;ouest par la Mer du Nord et par la France (de Bray-Dunes à Menin dans les Hauts-de-France) ; au nord, par les Pays-Bas, dont les villes les plus proches sont : Bréda, Eindhoven et Maastricht ; au sud, par la Région wallonne et la Région de Bruxelles-Capitale qui forme une enclave.</p>
<p>La Région flamande est centrée aux coordonnées : 51°00′Nord, 4°30′Est.</p>
<figure id="attachment_54298" aria-describedby="caption-attachment-54298" style="width: 400px" class="wp-caption aligncenter"><a href="https://gifex.com/fr/wp-content/uploads/8395/Carte-de-localisation-de-la-Flandre-en-Belgique.png" target="_blank" rel="noopener"><img fetchpriority="high" decoding="async" class="wp-image-54298" title="Carte de localisation de la Région flamande en Belgique." src="https://gifex.com/fr/wp-content/uploads/8395/Carte-de-localisation-de-la-Flandre-en-Belgique-300x261.png" alt="Carte de localisation de la Région flamande en Belgique." width="400" height="348" srcset="https://gifex.com/fr/wp-content/uploads/8395/Carte-de-localisation-de-la-Flandre-en-Belgique-300x261.png 300w, https://gifex.com/fr/wp-content/uploads/8395/Carte-de-localisation-de-la-Flandre-en-Belgique-1024x891.png 1024w, https://gifex.com/fr/wp-content/uploads/8395/Carte-de-localisation-de-la-Flandre-en-Belgique-768x668.png 768w, https://gifex.com/fr/wp-content/uploads/8395/Carte-de-localisation-de-la-Flandre-en-Belgique-1536x1336.png 1536w, https://gifex.com/fr/wp-content/uploads/8395/Carte-de-localisation-de-la-Flandre-en-Belgique-2048x1782.png 2048w, https://gifex.com/fr/wp-content/uploads/8395/Carte-de-localisation-de-la-Flandre-en-Belgique-1600x1392.png 1600w" sizes="(max-width: 400px) 100vw, 400px" /></a><figcaption id="caption-attachment-54298" class="wp-caption-text"><label style="font-size: 15px;">Carte de localisation de la Région flamande en Belgique.</label></figcaption></figure>

<p>La Région flamande (représentée en violet sur les cartes ci-dessus et ci-dessous) se situe au nord de la Belgique. Elle est bordée à l&#8217;ouest par la Mer du Nord </p>
