{"id":8389,"date":"2022-03-20T17:08:20","date_gmt":"2022-03-20T17:08:20","guid":{"rendered":"https:\/\/gifex.com\/fr\/?post_type=ficha&#038;p=8389"},"modified":"2024-11-17T00:32:44","modified_gmt":"2024-11-17T00:32:44","slug":"topographie-de-la-flandre","status":"publish","type":"ficha","link":"https:\/\/gifex.com\/fr\/fichier\/topographie-de-la-flandre\/","title":{"rendered":"Topographie de la Flandre"},"content":{"rendered":"<p style=\"text-align: center;\"><label style=\"font-size: 15px;\">Carte physique de la Flandre<\/label><\/p>\n<figure id=\"attachment_8018\" aria-describedby=\"caption-attachment-8018\" style=\"width: 360px\" class=\"wp-caption alignright\"><a href=\"https:\/\/gifex.com\/fr\/wp-content\/uploads\/8016\/Polders-de-Flandre-occidentale.jpg\" target=\"_blank\" rel=\"noopener\"><img fetchpriority=\"high\" decoding=\"async\" class=\"wp-image-8018\" style=\"width: 100%; max-width: 360px; height: auto;\" title=\"Les polders de l'Yser et de la Flandre occidentale pr\u00e8s de Dixmude\" src=\"https:\/\/gifex.com\/fr\/wp-content\/uploads\/8016\/Polders-de-Flandre-occidentale-300x225.jpg\" alt=\"Les polders de l'Yser et de la Flandre occidentale pr\u00e8s de Dixmude\" width=\"360\" height=\"270\" srcset=\"https:\/\/gifex.com\/fr\/wp-content\/uploads\/8016\/Polders-de-Flandre-occidentale-300x225.jpg 300w, https:\/\/gifex.com\/fr\/wp-content\/uploads\/8016\/Polders-de-Flandre-occidentale-1024x768.jpg 1024w, https:\/\/gifex.com\/fr\/wp-content\/uploads\/8016\/Polders-de-Flandre-occidentale-768x576.jpg 768w, https:\/\/gifex.com\/fr\/wp-content\/uploads\/8016\/Polders-de-Flandre-occidentale-1536x1152.jpg 1536w, https:\/\/gifex.com\/fr\/wp-content\/uploads\/8016\/Polders-de-Flandre-occidentale-2048x1536.jpg 2048w, https:\/\/gifex.com\/fr\/wp-content\/uploads\/8016\/Polders-de-Flandre-occidentale-800x600.jpg 800w, https:\/\/gifex.com\/fr\/wp-content\/uploads\/8016\/Polders-de-Flandre-occidentale-1600x1200.jpg 1600w\" sizes=\"(max-width: 360px) 100vw, 360px\" \/><\/a><figcaption id=\"caption-attachment-8018\" class=\"wp-caption-text\"><label style=\"font-size: 15px;\">Les polders de l&#8217;Yser et de la Flandre occidentale pr\u00e8s de Dixmude.<\/label><\/figcaption><\/figure>\n<p>La Flandre est principalement plate. La Campine, la r\u00e9gion du plateau dans le nord-est de la Flandre, est caract\u00e9ris\u00e9 par des dunes de sable et des zones de gen\u00eats, de bruy\u00e8res et de p\u00e2turages pauvres. Il existe de vastes blocs de plantations de conif\u00e8res. Des plateaux centraux bas et vallonn\u00e9s occupent la partie centrale de la r\u00e9gion. Le nord-ouest est constitu\u00e9 d&#8217;une basse plaine fertile. Plus \u00e0 l&#8217;ouest se trouvent les polders flamands (terres gagn\u00e9es sur la mer), qui sont sertis par des canaux de drainage et s&#8217;\u00e9tendent (10 \u00e0 16 km) vers l&#8217;int\u00e9rieur des terres. Le littoral droit et d\u00e9gag\u00e9 de la Flandre maritime est adoss\u00e9 \u00e0 un mur de dunes de sable. Les fleuves importants de la r\u00e9gion comprennent l&#8217;Escaut, la Dendre, la Dyle, la N\u00e8the, le Rupel, l&#8217;Yser et la Meuse, cette derni\u00e8re faisant partie de la fronti\u00e8re avec les Pays-Bas. La Flandre a un climat temp\u00e9r\u00e9, avec de fortes influences maritimes \u00e0 l&#8217;ouest.<\/p>\n<figure id=\"attachment_54332\" aria-describedby=\"caption-attachment-54332\" style=\"width: 400px\" class=\"wp-caption aligncenter\"><a href=\"https:\/\/gifex.com\/fr\/wp-content\/uploads\/8389\/Carte-du-relief-de-la-Flandre.jpg\" target=\"_blank\" rel=\"noopener\"><img decoding=\"async\" class=\"wp-image-54332\" title=\"Carte du relief de la Flandre.\" src=\"https:\/\/gifex.com\/fr\/wp-content\/uploads\/8389\/Carte-du-relief-de-la-Flandre-300x200.jpg\" alt=\"Carte du relief de la Flandre.\" width=\"400\" height=\"267\" srcset=\"https:\/\/gifex.com\/fr\/wp-content\/uploads\/8389\/Carte-du-relief-de-la-Flandre-300x200.jpg 300w, https:\/\/gifex.com\/fr\/wp-content\/uploads\/8389\/Carte-du-relief-de-la-Flandre-1024x683.jpg 1024w, https:\/\/gifex.com\/fr\/wp-content\/uploads\/8389\/Carte-du-relief-de-la-Flandre-768x512.jpg 768w, https:\/\/gifex.com\/fr\/wp-content\/uploads\/8389\/Carte-du-relief-de-la-Flandre-1536x1024.jpg 1536w, https:\/\/gifex.com\/fr\/wp-content\/uploads\/8389\/Carte-du-relief-de-la-Flandre-2048x1365.jpg 2048w, https:\/\/gifex.com\/fr\/wp-content\/uploads\/8389\/Carte-du-relief-de-la-Flandre-1600x1067.jpg 1600w\" sizes=\"(max-width: 400px) 100vw, 400px\" \/><\/a><figcaption id=\"caption-attachment-54332\" class=\"wp-caption-text\"><label style=\"font-size: 15px;\">Carte du relief de la Flandre <a href=\"https:\/\/gifex.com\/fr\/wp-content\/uploads\/8389\/Carte-du-relief-de-la-Flandre.pdf\" target=\"_blank\" rel=\"noopener\">(format pdf)<\/a>.<\/label><\/figcaption><\/figure>\n","protected":false},"excerpt":{"rendered":"<p>Carte physique de la Flandre. La Flandre est principalement plate. La Campine, la r\u00e9gion du plateau dans le nord-est de la Flandre, est caract\u00e9ris\u00e9 par des dunes de sable et des zones de ge<\/p>\n","protected":false},"author":1,"featured_media":8390,"template":"","categoria_ficha":[1747],"class_list":["post-8389","ficha","type-ficha","status-publish","has-post-thumbnail","hentry","categoria_ficha-cartes-de-la-region-flamande"],"acf":[],"_links":{"self":[{"href":"https:\/\/gifex.com\/fr\/wp-json\/wp\/v2\/ficha\/8389","targetHints":{"allow":["GET"]}}],"collection":[{"href":"https:\/\/gifex.com\/fr\/wp-json\/wp\/v2\/ficha"}],"about":[{"href":"https:\/\/gifex.com\/fr\/wp-json\/wp\/v2\/types\/ficha"}],"author":[{"embeddable":true,"href":"https:\/\/gifex.com\/fr\/wp-json\/wp\/v2\/users\/1"}],"version-history":[{"count":8,"href":"https:\/\/gifex.com\/fr\/wp-json\/wp\/v2\/ficha\/8389\/revisions"}],"predecessor-version":[{"id":54334,"href":"https:\/\/gifex.com\/fr\/wp-json\/wp\/v2\/ficha\/8389\/revisions\/54334"}],"wp:featuredmedia":[{"embeddable":true,"href":"https:\/\/gifex.com\/fr\/wp-json\/wp\/v2\/media\/8390"}],"wp:attachment":[{"href":"https:\/\/gifex.com\/fr\/wp-json\/wp\/v2\/media?parent=8389"}],"wp:term":[{"taxonomy":"categoria_ficha","embeddable":true,"href":"https:\/\/gifex.com\/fr\/wp-json\/wp\/v2\/categoria_ficha?post=8389"}],"curies":[{"name":"wp","href":"https:\/\/api.w.org\/{rel}","templated":true}]}}

<p style="text-align: center;"><label style="font-size: 15px;">Carte physique de la Flandre</label></p>
<figure id="attachment_8018" aria-describedby="caption-attachment-8018" style="width: 360px" class="wp-caption alignright"><a href="https://gifex.com/fr/wp-content/uploads/8016/Polders-de-Flandre-occidentale.jpg" target="_blank" rel="noopener"><img fetchpriority="high" decoding="async" class="wp-image-8018" style="width: 100%; max-width: 360px; height: auto;" title="Les polders de l'Yser et de la Flandre occidentale près de Dixmude" src="https://gifex.com/fr/wp-content/uploads/8016/Polders-de-Flandre-occidentale-300x225.jpg" alt="Les polders de l'Yser et de la Flandre occidentale près de Dixmude" width="360" height="270" srcset="https://gifex.com/fr/wp-content/uploads/8016/Polders-de-Flandre-occidentale-300x225.jpg 300w, https://gifex.com/fr/wp-content/uploads/8016/Polders-de-Flandre-occidentale-1024x768.jpg 1024w, https://gifex.com/fr/wp-content/uploads/8016/Polders-de-Flandre-occidentale-768x576.jpg 768w, https://gifex.com/fr/wp-content/uploads/8016/Polders-de-Flandre-occidentale-1536x1152.jpg 1536w, https://gifex.com/fr/wp-content/uploads/8016/Polders-de-Flandre-occidentale-2048x1536.jpg 2048w, https://gifex.com/fr/wp-content/uploads/8016/Polders-de-Flandre-occidentale-800x600.jpg 800w, https://gifex.com/fr/wp-content/uploads/8016/Polders-de-Flandre-occidentale-1600x1200.jpg 1600w" sizes="(max-width: 360px) 100vw, 360px" /></a><figcaption id="caption-attachment-8018" class="wp-caption-text"><label style="font-size: 15px;">Les polders de l&#8217;Yser et de la Flandre occidentale près de Dixmude.</label></figcaption></figure>
<p>La Flandre est principalement plate. La Campine, la région du plateau dans le nord-est de la Flandre, est caractérisé par des dunes de sable et des zones de genêts, de bruyères et de pâturages pauvres. Il existe de vastes blocs de plantations de conifères. Des plateaux centraux bas et vallonnés occupent la partie centrale de la région. Le nord-ouest est constitué d&#8217;une basse plaine fertile. Plus à l&#8217;ouest se trouvent les polders flamands (terres gagnées sur la mer), qui sont sertis par des canaux de drainage et s&#8217;étendent (10 à 16 km) vers l&#8217;intérieur des terres. Le littoral droit et dégagé de la Flandre maritime est adossé à un mur de dunes de sable. Les fleuves importants de la région comprennent l&#8217;Escaut, la Dendre, la Dyle, la Nèthe, le Rupel, l&#8217;Yser et la Meuse, cette dernière faisant partie de la frontière avec les Pays-Bas. La Flandre a un climat tempéré, avec de fortes influences maritimes à l&#8217;ouest.</p>
<figure id="attachment_54332" aria-describedby="caption-attachment-54332" style="width: 400px" class="wp-caption aligncenter"><a href="https://gifex.com/fr/wp-content/uploads/8389/Carte-du-relief-de-la-Flandre.jpg" target="_blank" rel="noopener"><img decoding="async" class="wp-image-54332" title="Carte du relief de la Flandre." src="https://gifex.com/fr/wp-content/uploads/8389/Carte-du-relief-de-la-Flandre-300x200.jpg" alt="Carte du relief de la Flandre." width="400" height="267" srcset="https://gifex.com/fr/wp-content/uploads/8389/Carte-du-relief-de-la-Flandre-300x200.jpg 300w, https://gifex.com/fr/wp-content/uploads/8389/Carte-du-relief-de-la-Flandre-1024x683.jpg 1024w, https://gifex.com/fr/wp-content/uploads/8389/Carte-du-relief-de-la-Flandre-768x512.jpg 768w, https://gifex.com/fr/wp-content/uploads/8389/Carte-du-relief-de-la-Flandre-1536x1024.jpg 1536w, https://gifex.com/fr/wp-content/uploads/8389/Carte-du-relief-de-la-Flandre-2048x1365.jpg 2048w, https://gifex.com/fr/wp-content/uploads/8389/Carte-du-relief-de-la-Flandre-1600x1067.jpg 1600w" sizes="(max-width: 400px) 100vw, 400px" /></a><figcaption id="caption-attachment-54332" class="wp-caption-text"><label style="font-size: 15px;">Carte du relief de la Flandre <a href="https://gifex.com/fr/wp-content/uploads/8389/Carte-du-relief-de-la-Flandre.pdf" target="_blank" rel="noopener">(format pdf)</a>.</label></figcaption></figure>

<p>Carte physique de la Flandre. La Flandre est principalement plate. La Campine, la région du plateau dans le nord-est de la Flandre, est caractérisé par des dunes de sable et des zones de ge</p>
