{"id":8373,"date":"2022-03-20T15:33:33","date_gmt":"2022-03-20T15:33:33","guid":{"rendered":"https:\/\/gifex.com\/fr\/?post_type=ficha&#038;p=8373"},"modified":"2024-11-16T23:26:59","modified_gmt":"2024-11-16T23:26:59","slug":"quelles-sont-les-provinces-de-flandre","status":"publish","type":"ficha","link":"https:\/\/gifex.com\/fr\/fichier\/quelles-sont-les-provinces-de-flandre\/","title":{"rendered":"Quelles sont les provinces de Flandre ?"},"content":{"rendered":"<p style=\"text-align: center;\"><label style=\"font-size: 15px;\">Carte des provinces de Flandre.<\/label><\/p>\n<p>La R\u00e9gion flamande comprend les provinces suivantes :<\/p>\n<div class=\"boxscrl\">\n<table width=\"326\">\n<tbody>\n<tr>\n<td width=\"134\">Province<\/td>\n<td width=\"66\">Pop. 2019<\/td>\n<td width=\"61\">Sup. km\u00b2<\/td>\n<td width=\"65\">Hab.\/km\u00b2<\/td>\n<\/tr>\n<tr>\n<td width=\"134\">Flandre-Occidentale<\/td>\n<td width=\"66\">1\u00a0194\u00a0950<\/td>\n<td width=\"61\">3\u00a0144<\/td>\n<td width=\"65\">380,07<\/td>\n<\/tr>\n<tr>\n<td width=\"134\">Flandre-Orientale<\/td>\n<td width=\"66\">1\u00a0513\u00a0556<\/td>\n<td width=\"61\">2\u00a0982<\/td>\n<td width=\"65\">507,56<\/td>\n<\/tr>\n<tr>\n<td width=\"134\">Anvers<\/td>\n<td width=\"66\">1\u00a0855\u00a0486<\/td>\n<td width=\"61\">2\u00a0867<\/td>\n<td width=\"65\">647,19<\/td>\n<\/tr>\n<tr>\n<td width=\"134\">Brabant flamand<\/td>\n<td width=\"66\">1\u00a0145\u00a0371<\/td>\n<td width=\"61\">2\u00a0106<\/td>\n<td width=\"65\">543,86<\/td>\n<\/tr>\n<tr>\n<td width=\"134\">Limbourg<\/td>\n<td width=\"66\">873\u00a0425<\/td>\n<td width=\"61\">2\u00a0422<\/td>\n<td width=\"65\">360,62<\/td>\n<\/tr>\n<\/tbody>\n<\/table>\n<\/div>\n<p>&nbsp;<br \/>\nLe si\u00e8ge du parlement flamand est situ\u00e9 \u00e0 Bruxelles, qui est une enclave \u00e0 l&#8217;int\u00e9rieur \u2013 mais pas une partie \u2013 de la r\u00e9gion flamande, \u00e9tant pr\u00e9cis\u00e9 que la R\u00e9gion de Bruxelles-Capitale est \u00e9rig\u00e9e en r\u00e9gion administrative de Belgique \u00e0 part enti\u00e8re. En revanche, le parlement wallon a \u00e9tabli son parlement sur le territoire de la Wallonie, plus pr\u00e9cis\u00e9ment dans la ville de Namur, Province de Namur.<\/p>\n","protected":false},"excerpt":{"rendered":"<p>Carte des provinces de Flandre. La R\u00e9gion flamande comprend les provinces suivantes : Flandre-Occidentale, Flandre-Orientale, Anvers. Brabant flamand, Limbourg <\/p>\n","protected":false},"author":1,"featured_media":54320,"template":"","categoria_ficha":[1747],"class_list":["post-8373","ficha","type-ficha","status-publish","has-post-thumbnail","hentry","categoria_ficha-cartes-de-la-region-flamande"],"acf":[],"_links":{"self":[{"href":"https:\/\/gifex.com\/fr\/wp-json\/wp\/v2\/ficha\/8373","targetHints":{"allow":["GET"]}}],"collection":[{"href":"https:\/\/gifex.com\/fr\/wp-json\/wp\/v2\/ficha"}],"about":[{"href":"https:\/\/gifex.com\/fr\/wp-json\/wp\/v2\/types\/ficha"}],"author":[{"embeddable":true,"href":"https:\/\/gifex.com\/fr\/wp-json\/wp\/v2\/users\/1"}],"version-history":[{"count":26,"href":"https:\/\/gifex.com\/fr\/wp-json\/wp\/v2\/ficha\/8373\/revisions"}],"predecessor-version":[{"id":54321,"href":"https:\/\/gifex.com\/fr\/wp-json\/wp\/v2\/ficha\/8373\/revisions\/54321"}],"wp:featuredmedia":[{"embeddable":true,"href":"https:\/\/gifex.com\/fr\/wp-json\/wp\/v2\/media\/54320"}],"wp:attachment":[{"href":"https:\/\/gifex.com\/fr\/wp-json\/wp\/v2\/media?parent=8373"}],"wp:term":[{"taxonomy":"categoria_ficha","embeddable":true,"href":"https:\/\/gifex.com\/fr\/wp-json\/wp\/v2\/categoria_ficha?post=8373"}],"curies":[{"name":"wp","href":"https:\/\/api.w.org\/{rel}","templated":true}]}}

<p style="text-align: center;"><label style="font-size: 15px;">Carte des provinces de Flandre.</label></p>
<p>La Région flamande comprend les provinces suivantes :</p>
<div class="boxscrl">
<table width="326">
<tbody>
<tr>
<td width="134">Province</td>
<td width="66">Pop. 2019</td>
<td width="61">Sup. km²</td>
<td width="65">Hab./km²</td>
</tr>
<tr>
<td width="134">Flandre-Occidentale</td>
<td width="66">1 194 950</td>
<td width="61">3 144</td>
<td width="65">380,07</td>
</tr>
<tr>
<td width="134">Flandre-Orientale</td>
<td width="66">1 513 556</td>
<td width="61">2 982</td>
<td width="65">507,56</td>
</tr>
<tr>
<td width="134">Anvers</td>
<td width="66">1 855 486</td>
<td width="61">2 867</td>
<td width="65">647,19</td>
</tr>
<tr>
<td width="134">Brabant flamand</td>
<td width="66">1 145 371</td>
<td width="61">2 106</td>
<td width="65">543,86</td>
</tr>
<tr>
<td width="134">Limbourg</td>
<td width="66">873 425</td>
<td width="61">2 422</td>
<td width="65">360,62</td>
</tr>
</tbody>
</table>
</div>
<p>&nbsp;<br />
Le siège du parlement flamand est situé à Bruxelles, qui est une enclave à l&#8217;intérieur – mais pas une partie – de la région flamande, étant précisé que la Région de Bruxelles-Capitale est érigée en région administrative de Belgique à part entière. En revanche, le parlement wallon a établi son parlement sur le territoire de la Wallonie, plus précisément dans la ville de Namur, Province de Namur.</p>

<p>Carte des provinces de Flandre. La Région flamande comprend les provinces suivantes : Flandre-Occidentale, Flandre-Orientale, Anvers. Brabant flamand, Limbourg </p>
