{"id":8222,"date":"2022-03-18T20:50:21","date_gmt":"2022-03-18T20:50:21","guid":{"rendered":"https:\/\/gifex.com\/fr\/?post_type=ficha&#038;p=8222"},"modified":"2023-03-25T00:54:26","modified_gmt":"2023-03-25T00:54:26","slug":"carte-de-bruxelles","status":"publish","type":"ficha","link":"https:\/\/gifex.com\/fr\/fichier\/carte-de-bruxelles\/","title":{"rendered":"Carte de Bruxelles"},"content":{"rendered":"<p>Carte de la Ville de Bruxelles, la plus grande commune et le centre historique de la R\u00e9gion de Bruxelles-Capitale, ainsi que la capitale de la Belgique. C&#8217;est aussi le centre administratif de l&#8217;Union europ\u00e9enne, et est donc souvent surnomm\u00e9e, avec la r\u00e9gion, la capitale de l&#8217;UE.<\/p>\n<figure id=\"attachment_8226\" aria-describedby=\"caption-attachment-8226\" style=\"width: 360px\" class=\"wp-caption alignright\"><a href=\"https:\/\/gifex.com\/fr\/wp-content\/uploads\/8222\/La-Grand-Place-Grote-Markt-en-neerlandais-de-la-ville-belge-de-Bruxelles.jpg\" target=\"_blank\" rel=\"noopener\"><img fetchpriority=\"high\" decoding=\"async\" class=\"wp-image-8226\" style=\"width: 100%; max-width: 390px; height: auto;\" title=\"Grand-Place de Bruxelles\" src=\"https:\/\/gifex.com\/fr\/wp-content\/uploads\/8222\/La-Grand-Place-Grote-Markt-en-neerlandais-de-la-ville-belge-de-Bruxelles-300x137.jpg\" alt=\"Grand-Place de Bruxelles\" width=\"360\" height=\"165\" srcset=\"https:\/\/gifex.com\/fr\/wp-content\/uploads\/8222\/La-Grand-Place-Grote-Markt-en-neerlandais-de-la-ville-belge-de-Bruxelles-300x137.jpg 300w, https:\/\/gifex.com\/fr\/wp-content\/uploads\/8222\/La-Grand-Place-Grote-Markt-en-neerlandais-de-la-ville-belge-de-Bruxelles-1024x468.jpg 1024w, https:\/\/gifex.com\/fr\/wp-content\/uploads\/8222\/La-Grand-Place-Grote-Markt-en-neerlandais-de-la-ville-belge-de-Bruxelles-768x351.jpg 768w, https:\/\/gifex.com\/fr\/wp-content\/uploads\/8222\/La-Grand-Place-Grote-Markt-en-neerlandais-de-la-ville-belge-de-Bruxelles-1536x702.jpg 1536w, https:\/\/gifex.com\/fr\/wp-content\/uploads\/8222\/La-Grand-Place-Grote-Markt-en-neerlandais-de-la-ville-belge-de-Bruxelles-1600x731.jpg 1600w, https:\/\/gifex.com\/fr\/wp-content\/uploads\/8222\/La-Grand-Place-Grote-Markt-en-neerlandais-de-la-ville-belge-de-Bruxelles.jpg 1864w\" sizes=\"(max-width: 360px) 100vw, 360px\" \/><\/a><figcaption id=\"caption-attachment-8226\" class=\"wp-caption-text\"><label style=\"font-size: 15px;\">La Grand-Place (Grote Markt en n\u00e9erlandais) est la place centrale de la ville belge de Bruxelles.<\/label><\/figcaption><\/figure>\n<p>Outre la ville historique centrale situ\u00e9e dans le Pentagone, la Ville de Bruxelles couvre certaines des p\u00e9riph\u00e9ries imm\u00e9diates de la ville dans la grande R\u00e9gion de Bruxelles-Capitale, \u00e0 savoir Haren, Laeken et Neder-Over-Heembeek au nord, ainsi que l&#8217;avenue Louise et le parc Bois de la Cambre au sud-est, \u00e0 la limite des communes flamandes.<\/p>\n<p>Au 1er janvier 2017, la Ville de Bruxelles comptait 176.545 habitants. La superficie totale est de 32,61 km\u00b2 ce qui donne une densit\u00e9 de population de 5 475 habitants au kilom\u00e8tre carr\u00e9.<br \/>\nEn 2007, il y avait environ 50 000 non-Belges inscrits dans la Ville de Bruxelles.<br \/>\nComme toutes les communes bruxelloises, elle est l\u00e9galement bilingue (fran\u00e7ais-n\u00e9erlandais).<\/p>\n","protected":false},"excerpt":{"rendered":"<p>Carte de la Ville de Bruxelles, la plus grande commune et le centre historique de la R\u00e9gion de Bruxelles-Capitale, ainsi que la capitale de la Belgique. C&#8217;est aussi le centre administratif de l&#8217;Union europ\u00e9enne, et est donc souvent surnomm\u00e9e, avec la r\u00e9gion, la capitale de l&#8217;UE. Outre la ville historique centrale situ\u00e9e dans le Pentagone, [&hellip;]<\/p>\n","protected":false},"author":1,"featured_media":33643,"template":"","categoria_ficha":[1746],"class_list":["post-8222","ficha","type-ficha","status-publish","has-post-thumbnail","hentry","categoria_ficha-cartes-de-bruxelles"],"acf":[],"_links":{"self":[{"href":"https:\/\/gifex.com\/fr\/wp-json\/wp\/v2\/ficha\/8222","targetHints":{"allow":["GET"]}}],"collection":[{"href":"https:\/\/gifex.com\/fr\/wp-json\/wp\/v2\/ficha"}],"about":[{"href":"https:\/\/gifex.com\/fr\/wp-json\/wp\/v2\/types\/ficha"}],"author":[{"embeddable":true,"href":"https:\/\/gifex.com\/fr\/wp-json\/wp\/v2\/users\/1"}],"version-history":[{"count":8,"href":"https:\/\/gifex.com\/fr\/wp-json\/wp\/v2\/ficha\/8222\/revisions"}],"predecessor-version":[{"id":36555,"href":"https:\/\/gifex.com\/fr\/wp-json\/wp\/v2\/ficha\/8222\/revisions\/36555"}],"wp:featuredmedia":[{"embeddable":true,"href":"https:\/\/gifex.com\/fr\/wp-json\/wp\/v2\/media\/33643"}],"wp:attachment":[{"href":"https:\/\/gifex.com\/fr\/wp-json\/wp\/v2\/media?parent=8222"}],"wp:term":[{"taxonomy":"categoria_ficha","embeddable":true,"href":"https:\/\/gifex.com\/fr\/wp-json\/wp\/v2\/categoria_ficha?post=8222"}],"curies":[{"name":"wp","href":"https:\/\/api.w.org\/{rel}","templated":true}]}}

<p>Carte de la Ville de Bruxelles, la plus grande commune et le centre historique de la Région de Bruxelles-Capitale, ainsi que la capitale de la Belgique. C&#8217;est aussi le centre administratif de l&#8217;Union européenne, et est donc souvent surnommée, avec la région, la capitale de l&#8217;UE.</p>
<figure id="attachment_8226" aria-describedby="caption-attachment-8226" style="width: 360px" class="wp-caption alignright"><a href="https://gifex.com/fr/wp-content/uploads/8222/La-Grand-Place-Grote-Markt-en-neerlandais-de-la-ville-belge-de-Bruxelles.jpg" target="_blank" rel="noopener"><img fetchpriority="high" decoding="async" class="wp-image-8226" style="width: 100%; max-width: 390px; height: auto;" title="Grand-Place de Bruxelles" src="https://gifex.com/fr/wp-content/uploads/8222/La-Grand-Place-Grote-Markt-en-neerlandais-de-la-ville-belge-de-Bruxelles-300x137.jpg" alt="Grand-Place de Bruxelles" width="360" height="165" srcset="https://gifex.com/fr/wp-content/uploads/8222/La-Grand-Place-Grote-Markt-en-neerlandais-de-la-ville-belge-de-Bruxelles-300x137.jpg 300w, https://gifex.com/fr/wp-content/uploads/8222/La-Grand-Place-Grote-Markt-en-neerlandais-de-la-ville-belge-de-Bruxelles-1024x468.jpg 1024w, https://gifex.com/fr/wp-content/uploads/8222/La-Grand-Place-Grote-Markt-en-neerlandais-de-la-ville-belge-de-Bruxelles-768x351.jpg 768w, https://gifex.com/fr/wp-content/uploads/8222/La-Grand-Place-Grote-Markt-en-neerlandais-de-la-ville-belge-de-Bruxelles-1536x702.jpg 1536w, https://gifex.com/fr/wp-content/uploads/8222/La-Grand-Place-Grote-Markt-en-neerlandais-de-la-ville-belge-de-Bruxelles-1600x731.jpg 1600w, https://gifex.com/fr/wp-content/uploads/8222/La-Grand-Place-Grote-Markt-en-neerlandais-de-la-ville-belge-de-Bruxelles.jpg 1864w" sizes="(max-width: 360px) 100vw, 360px" /></a><figcaption id="caption-attachment-8226" class="wp-caption-text"><label style="font-size: 15px;">La Grand-Place (Grote Markt en néerlandais) est la place centrale de la ville belge de Bruxelles.</label></figcaption></figure>
<p>Outre la ville historique centrale située dans le Pentagone, la Ville de Bruxelles couvre certaines des périphéries immédiates de la ville dans la grande Région de Bruxelles-Capitale, à savoir Haren, Laeken et Neder-Over-Heembeek au nord, ainsi que l&#8217;avenue Louise et le parc Bois de la Cambre au sud-est, à la limite des communes flamandes.</p>
<p>Au 1er janvier 2017, la Ville de Bruxelles comptait 176.545 habitants. La superficie totale est de 32,61 km² ce qui donne une densité de population de 5 475 habitants au kilomètre carré.<br />
En 2007, il y avait environ 50 000 non-Belges inscrits dans la Ville de Bruxelles.<br />
Comme toutes les communes bruxelloises, elle est légalement bilingue (français-néerlandais).</p>

<p>Carte de la Ville de Bruxelles, la plus grande commune et le centre historique de la Région de Bruxelles-Capitale, ainsi que la capitale de la Belgique. C&#8217;est aussi le centre administratif de l&#8217;Union européenne, et est donc souvent surnommée, avec la région, la capitale de l&#8217;UE. Outre la ville historique centrale située dans le Pentagone, [&hellip;]</p>
