{"id":8111,"date":"2022-03-18T00:32:01","date_gmt":"2022-03-18T00:32:01","guid":{"rendered":"https:\/\/gifex.com\/fr\/?post_type=ficha&#038;p=8111"},"modified":"2023-01-29T15:48:25","modified_gmt":"2023-01-29T15:48:25","slug":"images-satellites-de-la-belgique","status":"publish","type":"ficha","link":"https:\/\/gifex.com\/fr\/fichier\/images-satellites-de-la-belgique\/","title":{"rendered":"Images satellites de la Belgique"},"content":{"rendered":"<p style=\"text-align: center;\"><label style=\"font-size: 15px;\">Vue satellite de la Belgique 2001 (plus haut)<\/label><\/p>\n<figure id=\"attachment_8119\" aria-describedby=\"caption-attachment-8119\" style=\"width: 360px\" class=\"wp-caption alignright\"><a href=\"https:\/\/gifex.com\/fr\/wp-content\/uploads\/8111\/Vue-satellite-de-la-Belgique-en-2003.jpg\" target=\"_blank\" rel=\"noopener\"><img fetchpriority=\"high\" decoding=\"async\" class=\"wp-image-8119\" style=\"width: 100%; max-width: 380px; height: auto;\" title=\"Vue satellite de la Belgique 2003\" src=\"https:\/\/gifex.com\/fr\/wp-content\/uploads\/8111\/Vue-satellite-de-la-Belgique-en-2003-150x150.jpg\" alt=\"Vue satellite de la Belgique 2003\" width=\"360\" height=\"360\" srcset=\"https:\/\/gifex.com\/fr\/wp-content\/uploads\/8111\/Vue-satellite-de-la-Belgique-en-2003-150x150.jpg 150w, https:\/\/gifex.com\/fr\/wp-content\/uploads\/8111\/Vue-satellite-de-la-Belgique-en-2003-300x300.jpg 300w, https:\/\/gifex.com\/fr\/wp-content\/uploads\/8111\/Vue-satellite-de-la-Belgique-en-2003-1024x1024.jpg 1024w, https:\/\/gifex.com\/fr\/wp-content\/uploads\/8111\/Vue-satellite-de-la-Belgique-en-2003-768x768.jpg 768w, https:\/\/gifex.com\/fr\/wp-content\/uploads\/8111\/Vue-satellite-de-la-Belgique-en-2003-1536x1536.jpg 1536w, https:\/\/gifex.com\/fr\/wp-content\/uploads\/8111\/Vue-satellite-de-la-Belgique-en-2003-2048x2048.jpg 2048w, https:\/\/gifex.com\/fr\/wp-content\/uploads\/8111\/Vue-satellite-de-la-Belgique-en-2003-1600x1600.jpg 1600w\" sizes=\"(max-width: 360px) 100vw, 360px\" \/><\/a><figcaption id=\"caption-attachment-8119\" class=\"wp-caption-text\"><label style=\"font-size: 15px;\">Vue satellite de la Belgique 2003.<\/label><\/figcaption><\/figure>\n<p>Cette image (\u00e0 droite) du spectrom\u00e8tre pour l&#8217;imagerie de moyenne r\u00e9solution MERIS est centr\u00e9e sur la Belgique. Au nord de l&#8217;image, sous les \u00eeles z\u00e9landaises, nous trouvons la r\u00e9gion de plaine des polders, la zone a \u00e9t\u00e9 gagn\u00e9e sur la mer gr\u00e2ce au drainage et est prot\u00e9g\u00e9e par des digues.<\/p>\n<p>\u00c0 l&#8217;est des \u00eeles z\u00e9landaises se trouve le grand port d&#8217;Anvers. Au sud de l\u00e0, pr\u00e8s du centre de l&#8217;image, se trouvent les villes de Gand et la capitale Bruxelles. La r\u00e9gion enneig\u00e9e dans la partie orientale de l&#8217;image correspond aux Ardennes et \u00e0 la r\u00e9gion de l&#8217;Eifel en Allemagne. \u00c0 l&#8217;ouest de cette r\u00e9gion, nous pouvons voir la Meuse couler \u00e0 travers Li\u00e8ge et remonter aux Pays-Bas.<\/p>\n<p>Source de l&#8217;image : l&#8217;Agence spatiale europ\u00e9enne (ASE), une agence spatiale intergouvernementale coordonnant les projets spatiaux men\u00e9s en commun par une vingtaine de pays europ\u00e9ens.<\/p>\n<figure id=\"attachment_8121\" aria-describedby=\"caption-attachment-8121\" style=\"width: 360px\" class=\"wp-caption alignright\"><a href=\"https:\/\/gifex.com\/fr\/wp-content\/uploads\/8111\/La-Belgique-vue-de-l-espace.jpg\" target=\"_blank\" rel=\"noopener\"><img decoding=\"async\" class=\"wp-image-8121\" style=\"width: 100%; max-width: 380px; height: auto;\" title=\"La Belgique vue de l'espace\" src=\"https:\/\/gifex.com\/fr\/wp-content\/uploads\/8111\/La-Belgique-vue-de-l-espace-150x150.jpg\" alt=\"La Belgique vue de l'espace\" width=\"360\" height=\"450\" srcset=\"https:\/\/gifex.com\/fr\/wp-content\/uploads\/8111\/La-Belgique-vue-de-l-espace-240x300.jpg 240w, https:\/\/gifex.com\/fr\/wp-content\/uploads\/8111\/La-Belgique-vue-de-l-espace-819x1024.jpg 819w, https:\/\/gifex.com\/fr\/wp-content\/uploads\/8111\/La-Belgique-vue-de-l-espace-768x960.jpg 768w, https:\/\/gifex.com\/fr\/wp-content\/uploads\/8111\/La-Belgique-vue-de-l-espace-1228x1536.jpg 1228w, https:\/\/gifex.com\/fr\/wp-content\/uploads\/8111\/La-Belgique-vue-de-l-espace-1638x2048.jpg 1638w, https:\/\/gifex.com\/fr\/wp-content\/uploads\/8111\/La-Belgique-vue-de-l-espace-300x375.jpg 300w, https:\/\/gifex.com\/fr\/wp-content\/uploads\/8111\/La-Belgique-vue-de-l-espace-1279x1600.jpg 1279w\" sizes=\"(max-width: 360px) 100vw, 360px\" \/><\/a><figcaption id=\"caption-attachment-8121\" class=\"wp-caption-text\"><label style=\"font-size: 15px;\">La Belgique vue de l&#8217;espace.<\/label><\/figcaption><\/figure>\n<p>Cette image (au milieu \u00e0 droite) du spectrom\u00e8tre pour l&#8217;imagerie de moyenne r\u00e9solution MERIS est centr\u00e9e sur la Belgique. Vers le centre du pays se trouve la capitale Bruxelles, avec une population d&#8217;un peu moins d&#8217;un million d&#8217;habitants, c&#8217;est aussi la plus grande ville de Belgique. Bruxelles est \u00e9galement le si\u00e8ge de l&#8217;Union europ\u00e9enne et de l&#8217;OTAN.<\/p>\n<p>Les zones bois\u00e9es vallonn\u00e9es au sud-est du pays sont la for\u00eat des Ardennes. Le spectrom\u00e8tre pour l&#8217;imagerie de moyenne r\u00e9solution MERIS \u00e9tait l&#8217;un des principaux instruments \u00e0 bord de la plate-forme Envisat de l&#8217;Agence spatiale europ\u00e9enne (ESA) . L&#8217;ESA a officiellement annonc\u00e9 la fin de la mission d&#8217;Envisat le 9 mai 2012.<\/p>\n<p>Source de l&#8217;image : l&#8217;Agence spatiale europ\u00e9enne (ASE, en anglais : European Space Agency, en allemand : Europ\u00e4ische Weltraumorganisation et en espa\u00f1ol Agencia Espacial Europea), le plus souvent d\u00e9sign\u00e9e par son sigle anglais ESA.<\/p>\n<div style=\"clear: both; display: inline-table;\">\n<p>SeaWiFS a captur\u00e9 cette vue (en bas \u00e0 droite) de la mer du Nord lors d&#8217;un passage. Remarquez la tra\u00een\u00e9e de phytoplancton qui s&#8217;\u00e9tend de Douvres au Danemark. Source de l&#8217;image : Projet SeaWiFS Project.L&#8217;\u00e9picontinentale mer du Nord de l&#8217;oc\u00e9an Atlantique, visible sur les 2 images du bas, constitue une zone de fort transit maritime, d&#8217;exploitation p\u00e9troli\u00e8re et de p\u00eache. La mer du Nord et son littoral forment un milieu naturel tr\u00e8s riche, mais la pollution marine, la surp\u00eache, l&#8217;industrie p\u00e9troli\u00e8re (plates-formes offshore) et le tourisme sont sources de menaces pour l&#8217;avenir.<\/p>\n<figure id=\"attachment_8129\" aria-describedby=\"caption-attachment-8129\" style=\"width: 400px\" class=\"wp-caption alignright\"><a href=\"https:\/\/gifex.com\/fr\/wp-content\/uploads\/8111\/Vue-de-la-mer-du-Nord-de-SeaWiFS.png\" target=\"_blank\" rel=\"noopener\"><img decoding=\"async\" class=\"wp-image-8129\" style=\"width: 100%; max-width: 380px; height: auto;\" title=\"Vue de la mer du Nord de SeaWiFS \" src=\"https:\/\/gifex.com\/fr\/wp-content\/uploads\/8111\/Vue-de-la-mer-du-Nord-de-SeaWiFS-150x150.png\" alt=\"Vue de la mer du Nord de SeaWiFS \" width=\"400\" height=\"627\" srcset=\"https:\/\/gifex.com\/fr\/wp-content\/uploads\/8111\/Vue-de-la-mer-du-Nord-de-SeaWiFS-191x300.png 191w, https:\/\/gifex.com\/fr\/wp-content\/uploads\/8111\/Vue-de-la-mer-du-Nord-de-SeaWiFS-654x1024.png 654w, https:\/\/gifex.com\/fr\/wp-content\/uploads\/8111\/Vue-de-la-mer-du-Nord-de-SeaWiFS-300x470.png 300w, https:\/\/gifex.com\/fr\/wp-content\/uploads\/8111\/Vue-de-la-mer-du-Nord-de-SeaWiFS.png 660w\" sizes=\"(max-width: 400px) 100vw, 400px\" \/><\/a><figcaption id=\"caption-attachment-8129\" class=\"wp-caption-text\"><label style=\"font-size: 15px;\">Vue de la mer du Nord de SeaWiFS.<\/label><\/figcaption><\/figure>\n<figure id=\"attachment_8152\" aria-describedby=\"caption-attachment-8152\" style=\"width: 400px\" class=\"wp-caption alignleft\"><a href=\"https:\/\/gifex.com\/fr\/wp-content\/uploads\/8111\/Une-partie-de-l-Europe-occidentale-et-septentrionale-vue-depuis-l-espace-16-de-abril-2003.jpg\" target=\"_blank\" rel=\"noopener\"><img loading=\"lazy\" decoding=\"async\" class=\"wp-image-8152\" style=\"width: 100%; max-width: 380px; height: auto;\" title=\"Une partie de l'Europe occidentale et septentrionale vue depuis l'espace\" src=\"https:\/\/gifex.com\/fr\/wp-content\/uploads\/8111\/Une-partie-de-l-Europe-occidentale-et-septentrionale-vue-depuis-l-espace-16-de-abril-2003-229x300.jpg\" alt=\"Une partie de l'Europe occidentale et septentrionale vue depuis l'espace\" width=\"400\" height=\"523\" srcset=\"https:\/\/gifex.com\/fr\/wp-content\/uploads\/8111\/Une-partie-de-l-Europe-occidentale-et-septentrionale-vue-depuis-l-espace-16-de-abril-2003-229x300.jpg 229w, https:\/\/gifex.com\/fr\/wp-content\/uploads\/8111\/Une-partie-de-l-Europe-occidentale-et-septentrionale-vue-depuis-l-espace-16-de-abril-2003-783x1024.jpg 783w, https:\/\/gifex.com\/fr\/wp-content\/uploads\/8111\/Une-partie-de-l-Europe-occidentale-et-septentrionale-vue-depuis-l-espace-16-de-abril-2003-768x1004.jpg 768w, https:\/\/gifex.com\/fr\/wp-content\/uploads\/8111\/Une-partie-de-l-Europe-occidentale-et-septentrionale-vue-depuis-l-espace-16-de-abril-2003-1175x1536.jpg 1175w, https:\/\/gifex.com\/fr\/wp-content\/uploads\/8111\/Une-partie-de-l-Europe-occidentale-et-septentrionale-vue-depuis-l-espace-16-de-abril-2003-300x392.jpg 300w, https:\/\/gifex.com\/fr\/wp-content\/uploads\/8111\/Une-partie-de-l-Europe-occidentale-et-septentrionale-vue-depuis-l-espace-16-de-abril-2003-1224x1600.jpg 1224w, https:\/\/gifex.com\/fr\/wp-content\/uploads\/8111\/Une-partie-de-l-Europe-occidentale-et-septentrionale-vue-depuis-l-espace-16-de-abril-2003.jpg 1300w\" sizes=\"(max-width: 400px) 100vw, 400px\" \/><\/a><figcaption id=\"caption-attachment-8152\" class=\"wp-caption-text\"><label style=\"font-size: 15px;\">Une partie de l&#8217;Europe occidentale et septentrionale vue depuis l&#8217;espace.<\/label><\/figcaption><\/figure>\n<\/div>\n","protected":false},"excerpt":{"rendered":"<p>Cette image (\u00e0 droite) du spectrom\u00e8tre pour l&#8217;imagerie de moyenne r\u00e9solution MERIS est centr\u00e9e sur la Belgique.<\/p>\n","protected":false},"author":1,"featured_media":7999,"template":"","categoria_ficha":[101],"class_list":["post-8111","ficha","type-ficha","status-publish","has-post-thumbnail","hentry","categoria_ficha-cartes-de-la-belgique"],"acf":[],"_links":{"self":[{"href":"https:\/\/gifex.com\/fr\/wp-json\/wp\/v2\/ficha\/8111","targetHints":{"allow":["GET"]}}],"collection":[{"href":"https:\/\/gifex.com\/fr\/wp-json\/wp\/v2\/ficha"}],"about":[{"href":"https:\/\/gifex.com\/fr\/wp-json\/wp\/v2\/types\/ficha"}],"author":[{"embeddable":true,"href":"https:\/\/gifex.com\/fr\/wp-json\/wp\/v2\/users\/1"}],"version-history":[{"count":56,"href":"https:\/\/gifex.com\/fr\/wp-json\/wp\/v2\/ficha\/8111\/revisions"}],"predecessor-version":[{"id":31768,"href":"https:\/\/gifex.com\/fr\/wp-json\/wp\/v2\/ficha\/8111\/revisions\/31768"}],"wp:featuredmedia":[{"embeddable":true,"href":"https:\/\/gifex.com\/fr\/wp-json\/wp\/v2\/media\/7999"}],"wp:attachment":[{"href":"https:\/\/gifex.com\/fr\/wp-json\/wp\/v2\/media?parent=8111"}],"wp:term":[{"taxonomy":"categoria_ficha","embeddable":true,"href":"https:\/\/gifex.com\/fr\/wp-json\/wp\/v2\/categoria_ficha?post=8111"}],"curies":[{"name":"wp","href":"https:\/\/api.w.org\/{rel}","templated":true}]}}

<p style="text-align: center;"><label style="font-size: 15px;">Vue satellite de la Belgique 2001 (plus haut)</label></p>
<figure id="attachment_8119" aria-describedby="caption-attachment-8119" style="width: 360px" class="wp-caption alignright"><a href="https://gifex.com/fr/wp-content/uploads/8111/Vue-satellite-de-la-Belgique-en-2003.jpg" target="_blank" rel="noopener"><img fetchpriority="high" decoding="async" class="wp-image-8119" style="width: 100%; max-width: 380px; height: auto;" title="Vue satellite de la Belgique 2003" src="https://gifex.com/fr/wp-content/uploads/8111/Vue-satellite-de-la-Belgique-en-2003-150x150.jpg" alt="Vue satellite de la Belgique 2003" width="360" height="360" srcset="https://gifex.com/fr/wp-content/uploads/8111/Vue-satellite-de-la-Belgique-en-2003-150x150.jpg 150w, https://gifex.com/fr/wp-content/uploads/8111/Vue-satellite-de-la-Belgique-en-2003-300x300.jpg 300w, https://gifex.com/fr/wp-content/uploads/8111/Vue-satellite-de-la-Belgique-en-2003-1024x1024.jpg 1024w, https://gifex.com/fr/wp-content/uploads/8111/Vue-satellite-de-la-Belgique-en-2003-768x768.jpg 768w, https://gifex.com/fr/wp-content/uploads/8111/Vue-satellite-de-la-Belgique-en-2003-1536x1536.jpg 1536w, https://gifex.com/fr/wp-content/uploads/8111/Vue-satellite-de-la-Belgique-en-2003-2048x2048.jpg 2048w, https://gifex.com/fr/wp-content/uploads/8111/Vue-satellite-de-la-Belgique-en-2003-1600x1600.jpg 1600w" sizes="(max-width: 360px) 100vw, 360px" /></a><figcaption id="caption-attachment-8119" class="wp-caption-text"><label style="font-size: 15px;">Vue satellite de la Belgique 2003.</label></figcaption></figure>
<p>Cette image (à droite) du spectromètre pour l&#8217;imagerie de moyenne résolution MERIS est centrée sur la Belgique. Au nord de l&#8217;image, sous les îles zélandaises, nous trouvons la région de plaine des polders, la zone a été gagnée sur la mer grâce au drainage et est protégée par des digues.</p>
<p>À l&#8217;est des îles zélandaises se trouve le grand port d&#8217;Anvers. Au sud de là, près du centre de l&#8217;image, se trouvent les villes de Gand et la capitale Bruxelles. La région enneigée dans la partie orientale de l&#8217;image correspond aux Ardennes et à la région de l&#8217;Eifel en Allemagne. À l&#8217;ouest de cette région, nous pouvons voir la Meuse couler à travers Liège et remonter aux Pays-Bas.</p>
<p>Source de l&#8217;image : l&#8217;Agence spatiale européenne (ASE), une agence spatiale intergouvernementale coordonnant les projets spatiaux menés en commun par une vingtaine de pays européens.</p>
<figure id="attachment_8121" aria-describedby="caption-attachment-8121" style="width: 360px" class="wp-caption alignright"><a href="https://gifex.com/fr/wp-content/uploads/8111/La-Belgique-vue-de-l-espace.jpg" target="_blank" rel="noopener"><img decoding="async" class="wp-image-8121" style="width: 100%; max-width: 380px; height: auto;" title="La Belgique vue de l'espace" src="https://gifex.com/fr/wp-content/uploads/8111/La-Belgique-vue-de-l-espace-150x150.jpg" alt="La Belgique vue de l'espace" width="360" height="450" srcset="https://gifex.com/fr/wp-content/uploads/8111/La-Belgique-vue-de-l-espace-240x300.jpg 240w, https://gifex.com/fr/wp-content/uploads/8111/La-Belgique-vue-de-l-espace-819x1024.jpg 819w, https://gifex.com/fr/wp-content/uploads/8111/La-Belgique-vue-de-l-espace-768x960.jpg 768w, https://gifex.com/fr/wp-content/uploads/8111/La-Belgique-vue-de-l-espace-1228x1536.jpg 1228w, https://gifex.com/fr/wp-content/uploads/8111/La-Belgique-vue-de-l-espace-1638x2048.jpg 1638w, https://gifex.com/fr/wp-content/uploads/8111/La-Belgique-vue-de-l-espace-300x375.jpg 300w, https://gifex.com/fr/wp-content/uploads/8111/La-Belgique-vue-de-l-espace-1279x1600.jpg 1279w" sizes="(max-width: 360px) 100vw, 360px" /></a><figcaption id="caption-attachment-8121" class="wp-caption-text"><label style="font-size: 15px;">La Belgique vue de l&#8217;espace.</label></figcaption></figure>
<p>Cette image (au milieu à droite) du spectromètre pour l&#8217;imagerie de moyenne résolution MERIS est centrée sur la Belgique. Vers le centre du pays se trouve la capitale Bruxelles, avec une population d&#8217;un peu moins d&#8217;un million d&#8217;habitants, c&#8217;est aussi la plus grande ville de Belgique. Bruxelles est également le siège de l&#8217;Union européenne et de l&#8217;OTAN.</p>
<p>Les zones boisées vallonnées au sud-est du pays sont la forêt des Ardennes. Le spectromètre pour l&#8217;imagerie de moyenne résolution MERIS était l&#8217;un des principaux instruments à bord de la plate-forme Envisat de l&#8217;Agence spatiale européenne (ESA) . L&#8217;ESA a officiellement annoncé la fin de la mission d&#8217;Envisat le 9 mai 2012.</p>
<p>Source de l&#8217;image : l&#8217;Agence spatiale européenne (ASE, en anglais : European Space Agency, en allemand : Europäische Weltraumorganisation et en español Agencia Espacial Europea), le plus souvent désignée par son sigle anglais ESA.</p>
<div style="clear: both; display: inline-table;">
<p>SeaWiFS a capturé cette vue (en bas à droite) de la mer du Nord lors d&#8217;un passage. Remarquez la traînée de phytoplancton qui s&#8217;étend de Douvres au Danemark. Source de l&#8217;image : Projet SeaWiFS Project.L&#8217;épicontinentale mer du Nord de l&#8217;océan Atlantique, visible sur les 2 images du bas, constitue une zone de fort transit maritime, d&#8217;exploitation pétrolière et de pêche. La mer du Nord et son littoral forment un milieu naturel très riche, mais la pollution marine, la surpêche, l&#8217;industrie pétrolière (plates-formes offshore) et le tourisme sont sources de menaces pour l&#8217;avenir.</p>
<figure id="attachment_8129" aria-describedby="caption-attachment-8129" style="width: 400px" class="wp-caption alignright"><a href="https://gifex.com/fr/wp-content/uploads/8111/Vue-de-la-mer-du-Nord-de-SeaWiFS.png" target="_blank" rel="noopener"><img decoding="async" class="wp-image-8129" style="width: 100%; max-width: 380px; height: auto;" title="Vue de la mer du Nord de SeaWiFS " src="https://gifex.com/fr/wp-content/uploads/8111/Vue-de-la-mer-du-Nord-de-SeaWiFS-150x150.png" alt="Vue de la mer du Nord de SeaWiFS " width="400" height="627" srcset="https://gifex.com/fr/wp-content/uploads/8111/Vue-de-la-mer-du-Nord-de-SeaWiFS-191x300.png 191w, https://gifex.com/fr/wp-content/uploads/8111/Vue-de-la-mer-du-Nord-de-SeaWiFS-654x1024.png 654w, https://gifex.com/fr/wp-content/uploads/8111/Vue-de-la-mer-du-Nord-de-SeaWiFS-300x470.png 300w, https://gifex.com/fr/wp-content/uploads/8111/Vue-de-la-mer-du-Nord-de-SeaWiFS.png 660w" sizes="(max-width: 400px) 100vw, 400px" /></a><figcaption id="caption-attachment-8129" class="wp-caption-text"><label style="font-size: 15px;">Vue de la mer du Nord de SeaWiFS.</label></figcaption></figure>
<figure id="attachment_8152" aria-describedby="caption-attachment-8152" style="width: 400px" class="wp-caption alignleft"><a href="https://gifex.com/fr/wp-content/uploads/8111/Une-partie-de-l-Europe-occidentale-et-septentrionale-vue-depuis-l-espace-16-de-abril-2003.jpg" target="_blank" rel="noopener"><img loading="lazy" decoding="async" class="wp-image-8152" style="width: 100%; max-width: 380px; height: auto;" title="Une partie de l'Europe occidentale et septentrionale vue depuis l'espace" src="https://gifex.com/fr/wp-content/uploads/8111/Une-partie-de-l-Europe-occidentale-et-septentrionale-vue-depuis-l-espace-16-de-abril-2003-229x300.jpg" alt="Une partie de l'Europe occidentale et septentrionale vue depuis l'espace" width="400" height="523" srcset="https://gifex.com/fr/wp-content/uploads/8111/Une-partie-de-l-Europe-occidentale-et-septentrionale-vue-depuis-l-espace-16-de-abril-2003-229x300.jpg 229w, https://gifex.com/fr/wp-content/uploads/8111/Une-partie-de-l-Europe-occidentale-et-septentrionale-vue-depuis-l-espace-16-de-abril-2003-783x1024.jpg 783w, https://gifex.com/fr/wp-content/uploads/8111/Une-partie-de-l-Europe-occidentale-et-septentrionale-vue-depuis-l-espace-16-de-abril-2003-768x1004.jpg 768w, https://gifex.com/fr/wp-content/uploads/8111/Une-partie-de-l-Europe-occidentale-et-septentrionale-vue-depuis-l-espace-16-de-abril-2003-1175x1536.jpg 1175w, https://gifex.com/fr/wp-content/uploads/8111/Une-partie-de-l-Europe-occidentale-et-septentrionale-vue-depuis-l-espace-16-de-abril-2003-300x392.jpg 300w, https://gifex.com/fr/wp-content/uploads/8111/Une-partie-de-l-Europe-occidentale-et-septentrionale-vue-depuis-l-espace-16-de-abril-2003-1224x1600.jpg 1224w, https://gifex.com/fr/wp-content/uploads/8111/Une-partie-de-l-Europe-occidentale-et-septentrionale-vue-depuis-l-espace-16-de-abril-2003.jpg 1300w" sizes="(max-width: 400px) 100vw, 400px" /></a><figcaption id="caption-attachment-8152" class="wp-caption-text"><label style="font-size: 15px;">Une partie de l&#8217;Europe occidentale et septentrionale vue depuis l&#8217;espace.</label></figcaption></figure>
</div>

<p>Cette image (à droite) du spectromètre pour l&#8217;imagerie de moyenne résolution MERIS est centrée sur la Belgique.</p>
