{"id":8055,"date":"2022-03-17T15:49:08","date_gmt":"2022-03-17T15:49:08","guid":{"rendered":"https:\/\/gifex.com\/fr\/?post_type=ficha&#038;p=8055"},"modified":"2023-01-29T13:21:00","modified_gmt":"2023-01-29T13:21:00","slug":"carte-des-communautes-de-belgique","status":"publish","type":"ficha","link":"https:\/\/gifex.com\/fr\/fichier\/carte-des-communautes-de-belgique\/","title":{"rendered":"Carte des Communaut\u00e9s de Belgique"},"content":{"rendered":"<p><label style=\"font-size: 15px;\">Carte des Communaut\u00e9s de Belgique<\/label><\/p>\n<ul>\n<li><label style=\"font-size: 15px;\">Communaut\u00e9 flamande (en orange pastel)<\/label><\/li>\n<li><label style=\"font-size: 15px;\">Communaut\u00e9 fran\u00e7aise (en rose)<\/label><\/li>\n<li><label style=\"font-size: 15px;\">R\u00e9gion Bruxelles-Capitale (o\u00f9 les 2 communaut\u00e9s ont des comp\u00e9tences, stri\u00e9e orange pastel et rose)<\/label><\/li>\n<li><label style=\"font-size: 15px;\">Communaut\u00e9 germanophone (en vert)<\/label><\/li>\n<\/ul>\n<p>La\u00a0Belgique\u00a0est un\u00a0\u00c9tat f\u00e9d\u00e9ral\u00a0qui se compose de\u00a0communaut\u00e9s\u00a0et de\u00a0r\u00e9gions.<\/p>\n<p>L&#8217;article 2\u00a0de la\u00a0Constitution belge\u00a0dispose\u00a0:<\/p>\n<ul>\n<li>\u00ab\u00a0<i>la Belgique comprend trois communaut\u00e9s\u00a0:<\/i>\n<ul>\n<li><i>la\u00a0Communaut\u00e9 fran\u00e7aise,<\/i><\/li>\n<li><i>la\u00a0Communaut\u00e9 flamande\u00a0et<\/i><\/li>\n<li><i>la\u00a0Communaut\u00e9 germanophone<\/i>.\u00a0\u00bb<\/li>\n<\/ul>\n<\/li>\n<\/ul>\n<p>Les communaut\u00e9s sont des\u00a0collectivit\u00e9s politiques f\u00e9d\u00e9r\u00e9es\u00a0autonomes comp\u00e9tentes en mati\u00e8re d&#8217;enseignement, de culture, de\u00a0politique de sant\u00e9, d&#8217;aide aux personnes et (sauf \u00e0\u00a0Bruxelles, et dans les\u00a0communes \u00e0 facilit\u00e9s, pour les services dont l&#8217;activit\u00e9 s&#8217;\u00e9tend au-del\u00e0 de la r\u00e9gion linguistique dans laquelle ils sont \u00e9tablis et pour les institutions f\u00e9d\u00e9rales et internationales d\u00e9sign\u00e9es par la loi dont l&#8217;activit\u00e9 est commune \u00e0 plus d&#8217;une communaut\u00e9) d&#8217;emploi des langues.<\/p>\n<p>L&#8217;autonomie des communaut\u00e9s, comme de toutes les\u00a0collectivit\u00e9s politiques f\u00e9d\u00e9r\u00e9es\u00a0belges, est tr\u00e8s \u00e9tendue en raison du principe des\u00a0comp\u00e9tences exclusives\u00a0qui singularisent le\u00a0f\u00e9d\u00e9ralisme belge\u00a0par le fait qu&#8217;il prolonge, pratiquement sans r\u00e9serves, l&#8217;autonomie des entit\u00e9s f\u00e9d\u00e9r\u00e9es sur la sc\u00e8ne internationale.<\/p>\n","protected":false},"excerpt":{"rendered":"<p>La\u00a0Belgique\u00a0se compose de\u00a0communaut\u00e9s.\u00a0L&#8217;article 2\u00a0de la\u00a0Constitution belge\u00a0dispose\u00a0:<\/p>\n","protected":false},"author":1,"featured_media":8064,"template":"","categoria_ficha":[101],"class_list":["post-8055","ficha","type-ficha","status-publish","has-post-thumbnail","hentry","categoria_ficha-cartes-de-la-belgique"],"acf":[],"_links":{"self":[{"href":"https:\/\/gifex.com\/fr\/wp-json\/wp\/v2\/ficha\/8055","targetHints":{"allow":["GET"]}}],"collection":[{"href":"https:\/\/gifex.com\/fr\/wp-json\/wp\/v2\/ficha"}],"about":[{"href":"https:\/\/gifex.com\/fr\/wp-json\/wp\/v2\/types\/ficha"}],"author":[{"embeddable":true,"href":"https:\/\/gifex.com\/fr\/wp-json\/wp\/v2\/users\/1"}],"version-history":[{"count":10,"href":"https:\/\/gifex.com\/fr\/wp-json\/wp\/v2\/ficha\/8055\/revisions"}],"predecessor-version":[{"id":31664,"href":"https:\/\/gifex.com\/fr\/wp-json\/wp\/v2\/ficha\/8055\/revisions\/31664"}],"wp:featuredmedia":[{"embeddable":true,"href":"https:\/\/gifex.com\/fr\/wp-json\/wp\/v2\/media\/8064"}],"wp:attachment":[{"href":"https:\/\/gifex.com\/fr\/wp-json\/wp\/v2\/media?parent=8055"}],"wp:term":[{"taxonomy":"categoria_ficha","embeddable":true,"href":"https:\/\/gifex.com\/fr\/wp-json\/wp\/v2\/categoria_ficha?post=8055"}],"curies":[{"name":"wp","href":"https:\/\/api.w.org\/{rel}","templated":true}]}}

Carte des Communautés de Belgique

<p><label style="font-size: 15px;">Carte des Communautés de Belgique</label></p>
<ul>
<li><label style="font-size: 15px;">Communauté flamande (en orange pastel)</label></li>
<li><label style="font-size: 15px;">Communauté française (en rose)</label></li>
<li><label style="font-size: 15px;">Région Bruxelles-Capitale (où les 2 communautés ont des compétences, striée orange pastel et rose)</label></li>
<li><label style="font-size: 15px;">Communauté germanophone (en vert)</label></li>
</ul>
<p>La Belgique est un État fédéral qui se compose de communautés et de régions.</p>
<p>L&#8217;article 2 de la Constitution belge dispose :</p>
<ul>
<li>« <i>la Belgique comprend trois communautés :</i>
<ul>
<li><i>la Communauté française,</i></li>
<li><i>la Communauté flamande et</i></li>
<li><i>la Communauté germanophone</i>. »</li>
</ul>
</li>
</ul>
<p>Les communautés sont des collectivités politiques fédérées autonomes compétentes en matière d&#8217;enseignement, de culture, de politique de santé, d&#8217;aide aux personnes et (sauf à Bruxelles, et dans les communes à facilités, pour les services dont l&#8217;activité s&#8217;étend au-delà de la région linguistique dans laquelle ils sont établis et pour les institutions fédérales et internationales désignées par la loi dont l&#8217;activité est commune à plus d&#8217;une communauté) d&#8217;emploi des langues.</p>
<p>L&#8217;autonomie des communautés, comme de toutes les collectivités politiques fédérées belges, est très étendue en raison du principe des compétences exclusives qui singularisent le fédéralisme belge par le fait qu&#8217;il prolonge, pratiquement sans réserves, l&#8217;autonomie des entités fédérées sur la scène internationale.</p>

<p>La Belgique se compose de communautés. L&#8217;article 2 de la Constitution belge dispose :</p>
