{"id":8029,"date":"2022-03-17T01:37:31","date_gmt":"2022-03-17T01:37:31","guid":{"rendered":"https:\/\/gifex.com\/fr\/?post_type=ficha&#038;p=8029"},"modified":"2023-01-29T18:44:29","modified_gmt":"2023-01-29T18:44:29","slug":"densite-de-population-en-belgique","status":"publish","type":"ficha","link":"https:\/\/gifex.com\/fr\/fichier\/densite-de-population-en-belgique\/","title":{"rendered":"Densit\u00e9 de population en Belgique"},"content":{"rendered":"<p style=\"text-align: center;\"><label style=\"font-size: 15px;\">Carte de la densit\u00e9 de population en Belgique<\/label><\/p>\n<figure id=\"attachment_8031\" aria-describedby=\"caption-attachment-8031\" style=\"width: 360px\" class=\"wp-caption alignright\"><a href=\"https:\/\/gifex.com\/fr\/wp-content\/uploads\/8029\/Louvain-chef-lieu-de-la-province-du-Brabant-flamand.jpg\" target=\"_blank\" rel=\"noopener\"><img fetchpriority=\"high\" decoding=\"async\" class=\"wp-image-8031\" style=\"width: 100%; max-width: 360px; height: auto;\" title=\"Louvain, chef-lieu de la province du Brabant flamand\" src=\"https:\/\/gifex.com\/fr\/wp-content\/uploads\/8029\/Louvain-chef-lieu-de-la-province-du-Brabant-flamand-300x225.jpg\" alt=\"Louvain, chef-lieu de la province du Brabant flamand\" width=\"360\" height=\"270\" srcset=\"https:\/\/gifex.com\/fr\/wp-content\/uploads\/8029\/Louvain-chef-lieu-de-la-province-du-Brabant-flamand-300x225.jpg 300w, https:\/\/gifex.com\/fr\/wp-content\/uploads\/8029\/Louvain-chef-lieu-de-la-province-du-Brabant-flamand-1024x768.jpg 1024w, https:\/\/gifex.com\/fr\/wp-content\/uploads\/8029\/Louvain-chef-lieu-de-la-province-du-Brabant-flamand-768x576.jpg 768w, https:\/\/gifex.com\/fr\/wp-content\/uploads\/8029\/Louvain-chef-lieu-de-la-province-du-Brabant-flamand-1536x1152.jpg 1536w, https:\/\/gifex.com\/fr\/wp-content\/uploads\/8029\/Louvain-chef-lieu-de-la-province-du-Brabant-flamand-2048x1536.jpg 2048w, https:\/\/gifex.com\/fr\/wp-content\/uploads\/8029\/Louvain-chef-lieu-de-la-province-du-Brabant-flamand-800x600.jpg 800w, https:\/\/gifex.com\/fr\/wp-content\/uploads\/8029\/Louvain-chef-lieu-de-la-province-du-Brabant-flamand-1600x1200.jpg 1600w\" sizes=\"(max-width: 360px) 100vw, 360px\" \/><\/a><figcaption id=\"caption-attachment-8031\" class=\"wp-caption-text\"><label style=\"font-size: 15px;\">Louvain, chef-lieu de la province du Brabant flamand.<\/label><\/figcaption><\/figure>\n<p>La Belgique a une population de 11 409 077 habitants selon l&#8217;estimation de juillet 2016 et une densit\u00e9 de population de 368,5 habitants\/km\u00b2, soit l&#8217;une des plus \u00e9lev\u00e9es d&#8217;Europe, apr\u00e8s les Pays-Bas et de certains micro-\u00e9tats comme Monaco et la Cit\u00e9 du Vatican. Les zones les plus dens\u00e9ment peupl\u00e9es sont celles qui entourent les agglom\u00e9rations de Bruxelles-Anvers-Gand-Louvain &#8211; une r\u00e9gion connue sous le nom de losange flamand &#8211; <span class=\"HwtZe\" lang=\"fr\"><span class=\"jCAhz ChMk0b\"><span class=\"ryNqvb\">ainsi que dans d&#8217;autres grands centres urbains<\/span><\/span><\/span> (<span class=\"HwtZe\" lang=\"fr\"><span class=\"jCAhz ChMk0b\"><span class=\"ryNqvb\">principalement Li\u00e8ge, Charleroi, Bruges<\/a>, Namur, Mons, Courtrai et Hasselt<\/span><\/span><\/span>). La r\u00e9gion des Ardennes est la r\u00e9gion avec la plus faible densit\u00e9 de population du pays. En 2005, la R\u00e9gion flamande comptait environ 6 043 161 habitants. Elle \u00e9tait suivie par la Wallonie avec 3 395 942 et Bruxelles avec 1 006 749. La quasi-totalit\u00e9 de la population est urbaine (97,3 % en 1999). Les principales villes (avec leur population entre parenth\u00e8ses) sont Bruxelles (1 006 749 dans la ville proprement dite et environ 2 millions dans son agglom\u00e9ration), Anvers (457 749 dans la commune et 900 000 avec son agglom\u00e9ration), Gand (230 951), Charleroi (201 373) , Li\u00e8ge (185 574 dans la commune et 600 000 dans son agglom\u00e9ration) et Bruges (117 253).<\/p>\n","protected":false},"excerpt":{"rendered":"<p>Carte de la densit\u00e9 de population en Belgique. La Belgique a une population de 11 409 077 habitants selon l&#8217;estimation de juillet 2016 et une densit\u00e9 d<\/p>\n","protected":false},"author":1,"featured_media":8030,"template":"","categoria_ficha":[101],"class_list":["post-8029","ficha","type-ficha","status-publish","has-post-thumbnail","hentry","categoria_ficha-cartes-de-la-belgique"],"acf":[],"_links":{"self":[{"href":"https:\/\/gifex.com\/fr\/wp-json\/wp\/v2\/ficha\/8029","targetHints":{"allow":["GET"]}}],"collection":[{"href":"https:\/\/gifex.com\/fr\/wp-json\/wp\/v2\/ficha"}],"about":[{"href":"https:\/\/gifex.com\/fr\/wp-json\/wp\/v2\/types\/ficha"}],"author":[{"embeddable":true,"href":"https:\/\/gifex.com\/fr\/wp-json\/wp\/v2\/users\/1"}],"version-history":[{"count":15,"href":"https:\/\/gifex.com\/fr\/wp-json\/wp\/v2\/ficha\/8029\/revisions"}],"predecessor-version":[{"id":31851,"href":"https:\/\/gifex.com\/fr\/wp-json\/wp\/v2\/ficha\/8029\/revisions\/31851"}],"wp:featuredmedia":[{"embeddable":true,"href":"https:\/\/gifex.com\/fr\/wp-json\/wp\/v2\/media\/8030"}],"wp:attachment":[{"href":"https:\/\/gifex.com\/fr\/wp-json\/wp\/v2\/media?parent=8029"}],"wp:term":[{"taxonomy":"categoria_ficha","embeddable":true,"href":"https:\/\/gifex.com\/fr\/wp-json\/wp\/v2\/categoria_ficha?post=8029"}],"curies":[{"name":"wp","href":"https:\/\/api.w.org\/{rel}","templated":true}]}}

Densité de population en Belgique

<p style="text-align: center;"><label style="font-size: 15px;">Carte de la densité de population en Belgique</label></p>
<figure id="attachment_8031" aria-describedby="caption-attachment-8031" style="width: 360px" class="wp-caption alignright"><a href="https://gifex.com/fr/wp-content/uploads/8029/Louvain-chef-lieu-de-la-province-du-Brabant-flamand.jpg" target="_blank" rel="noopener"><img fetchpriority="high" decoding="async" class="wp-image-8031" style="width: 100%; max-width: 360px; height: auto;" title="Louvain, chef-lieu de la province du Brabant flamand" src="https://gifex.com/fr/wp-content/uploads/8029/Louvain-chef-lieu-de-la-province-du-Brabant-flamand-300x225.jpg" alt="Louvain, chef-lieu de la province du Brabant flamand" width="360" height="270" srcset="https://gifex.com/fr/wp-content/uploads/8029/Louvain-chef-lieu-de-la-province-du-Brabant-flamand-300x225.jpg 300w, https://gifex.com/fr/wp-content/uploads/8029/Louvain-chef-lieu-de-la-province-du-Brabant-flamand-1024x768.jpg 1024w, https://gifex.com/fr/wp-content/uploads/8029/Louvain-chef-lieu-de-la-province-du-Brabant-flamand-768x576.jpg 768w, https://gifex.com/fr/wp-content/uploads/8029/Louvain-chef-lieu-de-la-province-du-Brabant-flamand-1536x1152.jpg 1536w, https://gifex.com/fr/wp-content/uploads/8029/Louvain-chef-lieu-de-la-province-du-Brabant-flamand-2048x1536.jpg 2048w, https://gifex.com/fr/wp-content/uploads/8029/Louvain-chef-lieu-de-la-province-du-Brabant-flamand-800x600.jpg 800w, https://gifex.com/fr/wp-content/uploads/8029/Louvain-chef-lieu-de-la-province-du-Brabant-flamand-1600x1200.jpg 1600w" sizes="(max-width: 360px) 100vw, 360px" /></a><figcaption id="caption-attachment-8031" class="wp-caption-text"><label style="font-size: 15px;">Louvain, chef-lieu de la province du Brabant flamand.</label></figcaption></figure>
<p>La Belgique a une population de 11 409 077 habitants selon l&#8217;estimation de juillet 2016 et une densité de population de 368,5 habitants/km², soit l&#8217;une des plus élevées d&#8217;Europe, après les Pays-Bas et de certains micro-états comme Monaco et la Cité du Vatican. Les zones les plus densément peuplées sont celles qui entourent les agglomérations de Bruxelles-Anvers-Gand-Louvain &#8211; une région connue sous le nom de losange flamand &#8211; <span class="HwtZe" lang="fr"><span class="jCAhz ChMk0b"><span class="ryNqvb">ainsi que dans d&#8217;autres grands centres urbains</span></span></span> (<span class="HwtZe" lang="fr"><span class="jCAhz ChMk0b"><span class="ryNqvb">principalement Liège, Charleroi, Bruges</a>, Namur, Mons, Courtrai et Hasselt</span></span></span>). La région des Ardennes est la région avec la plus faible densité de population du pays. En 2005, la Région flamande comptait environ 6 043 161 habitants. Elle était suivie par la Wallonie avec 3 395 942 et Bruxelles avec 1 006 749. La quasi-totalité de la population est urbaine (97,3 % en 1999). Les principales villes (avec leur population entre parenthèses) sont Bruxelles (1 006 749 dans la ville proprement dite et environ 2 millions dans son agglomération), Anvers (457 749 dans la commune et 900 000 avec son agglomération), Gand (230 951), Charleroi (201 373) , Liège (185 574 dans la commune et 600 000 dans son agglomération) et Bruges (117 253).</p>

<p>Carte de la densité de population en Belgique. La Belgique a une population de 11 409 077 habitants selon l&#8217;estimation de juillet 2016 et une densité d</p>
