{"id":8016,"date":"2022-03-16T22:42:59","date_gmt":"2022-03-16T22:42:59","guid":{"rendered":"https:\/\/gifex.com\/fr\/?post_type=ficha&#038;p=8016"},"modified":"2023-03-25T20:31:17","modified_gmt":"2023-03-25T20:31:17","slug":"geographie-physique-de-la-belgique","status":"publish","type":"ficha","link":"https:\/\/gifex.com\/fr\/fichier\/geographie-physique-de-la-belgique\/","title":{"rendered":"G\u00e9ographie physique de la Belgique"},"content":{"rendered":"<p style=\"text-align: center;\"><label style=\"font-size: 15px;\">Carte topographique de la Belgique<\/label><\/p>\n<figure id=\"attachment_8018\" aria-describedby=\"caption-attachment-8018\" style=\"width: 360px\" class=\"wp-caption alignright\"><a href=\"https:\/\/gifex.com\/fr\/wp-content\/uploads\/8016\/Polders-de-Flandre-occidentale.jpg\" target=\"_blank\" rel=\"noopener\"><img fetchpriority=\"high\" decoding=\"async\" class=\"wp-image-8018\" style=\"width: 100%; max-width: 360px; height: auto;\" title=\"Polders de Flandre occidentale en Belgique\" src=\"https:\/\/gifex.com\/fr\/wp-content\/uploads\/8016\/Polders-de-Flandre-occidentale-300x225.jpg\" alt=\"Polders de Flandre occidentale en Belgique\" width=\"360\" height=\"270\" srcset=\"https:\/\/gifex.com\/fr\/wp-content\/uploads\/8016\/Polders-de-Flandre-occidentale-300x225.jpg 300w, https:\/\/gifex.com\/fr\/wp-content\/uploads\/8016\/Polders-de-Flandre-occidentale-1024x768.jpg 1024w, https:\/\/gifex.com\/fr\/wp-content\/uploads\/8016\/Polders-de-Flandre-occidentale-768x576.jpg 768w, https:\/\/gifex.com\/fr\/wp-content\/uploads\/8016\/Polders-de-Flandre-occidentale-1536x1152.jpg 1536w, https:\/\/gifex.com\/fr\/wp-content\/uploads\/8016\/Polders-de-Flandre-occidentale-2048x1536.jpg 2048w, https:\/\/gifex.com\/fr\/wp-content\/uploads\/8016\/Polders-de-Flandre-occidentale-800x600.jpg 800w, https:\/\/gifex.com\/fr\/wp-content\/uploads\/8016\/Polders-de-Flandre-occidentale-1600x1200.jpg 1600w\" sizes=\"(max-width: 360px) 100vw, 360px\" \/><\/a><figcaption id=\"caption-attachment-8018\" class=\"wp-caption-text\"><label style=\"font-size: 15px;\">Vue sur les polders de Flandre occidentale, depuis la Tour de l&#8217;Yser \u00e0 Dixmude. Au milieu la rivi\u00e8re Yser. \u00c0 l&#8217;horizon, les immeubles de grande hauteur le long du littoral belge.<\/label><\/figcaption><\/figure>\n<p>La Belgique compte trois grandes r\u00e9gions g\u00e9ographiques : la plaine c\u00f4ti\u00e8re au nord-ouest, le plateau central et les hautes terres ardennaises au sud-est. La plaine c\u00f4ti\u00e8re se compose principalement de dunes de sable et de polders. Les polders sont des \u00e9tendues de terre, proches ou en dessous du niveau de la mer, gagn\u00e9es sur la mer, dont elles sont prot\u00e9g\u00e9es par des digues ou, plus \u00e0 l&#8217;int\u00e9rieur des terres, par des champs drain\u00e9s par des canaux. La deuxi\u00e8me r\u00e9gion g\u00e9ographique, le plateau central, se situe plus \u00e0 l&#8217;int\u00e9rieur des terres. Il s&#8217;agit d&#8217;une zone lisse, en pente lente, qui compte de nombreuses vall\u00e9es fertiles et qui est irrigu\u00e9e par de nombreux cours d&#8217;eau. Ici, on peut \u00e9galement trouver des terres plus accident\u00e9es, y compris des grottes et de petites gorges. La troisi\u00e8me r\u00e9gion g\u00e9ographique, appel\u00e9e les Ardennes, est plus accident\u00e9e que les deux premi\u00e8res. C&#8217;est un plateau dens\u00e9ment bois\u00e9, tr\u00e8s rocheux et peu cultivable, qui s&#8217;\u00e9tend jusque dans le nord de la France et en Allemagne o\u00f9 il porte le nom d&#8217;Eifel. C&#8217;est l\u00e0 que se trouve une grande partie de la faune belge. Point culminant de Belgique, le Signal de Botrange se situe dans cette r\u00e9gion \u00e0 seulement 694 m\u00e8tres. La Belgique compte relativement peu de lacs naturels et aucun de grande taille.<\/p>\n<figure id=\"attachment_8479\" aria-describedby=\"caption-attachment-8479\" style=\"width: 360px\" class=\"wp-caption alignright\"><a href=\"https:\/\/gifex.com\/fr\/wp-content\/uploads\/8016\/Carte-des-regions-naturelles-de-Belgique.jpg\" target=\"_blank\" rel=\"noopener\"><img decoding=\"async\" class=\"wp-image-8479\" style=\"width: 100%; max-width: 360px; height: auto;\" title=\"Carte des r\u00e9gions naturelles de Belgique\" src=\"https:\/\/gifex.com\/fr\/wp-content\/uploads\/8016\/Carte-des-regions-naturelles-de-Belgique-300x235.jpg\" alt=\"Carte des r\u00e9gions naturelles de Belgique\" width=\"360\" height=\"282\" srcset=\"https:\/\/gifex.com\/fr\/wp-content\/uploads\/8016\/Carte-des-regions-naturelles-de-Belgique-300x235.jpg 300w, https:\/\/gifex.com\/fr\/wp-content\/uploads\/8016\/Carte-des-regions-naturelles-de-Belgique-768x601.jpg 768w, https:\/\/gifex.com\/fr\/wp-content\/uploads\/8016\/Carte-des-regions-naturelles-de-Belgique.jpg 982w\" sizes=\"(max-width: 360px) 100vw, 360px\" \/><\/a><figcaption id=\"caption-attachment-8479\" class=\"wp-caption-text\"><label style=\"font-size: 15px;\">Carte des r\u00e9gions naturelles de Belgique.<\/label><\/figcaption><\/figure>\n<p>Les r\u00e9gions naturelles notables comprennent les Ardennes, la Campine et les Hautes Fagnes.<\/p>\n<p>Toute la Belgique est drain\u00e9e dans la mer du Nord, \u00e0 l&#8217;exception de la commune de Momignies, qui est drain\u00e9e par la rivi\u00e8re Oise dans la Manche. Trois grands fleuves se jettent dans la mer : l&#8217;Escaut (200 km en Belgique, 350 km au total), la Meuse (183 km en Belgique, 925 km au total) et l&#8217;Yser (50 km en Belgique, 78 km au total). Les autres rivi\u00e8res sont le Rupel, la Senne, la Sambre, la Lesse, l&#8217;Ourthe, la Lys et la Dyle. Les principaux lacs sont le lac de Genval, le lac de Butgenbach, le lac de l&#8217;Eau d&#8217;Heure, le lac de la Gileppe, le lac d&#8217;Eupen et le lac de Robertville.<\/p>\n<p>La Belgique poss\u00e8de \u00e9galement de nombreuses voies navigables ou canaux artificiels, entre autres le canal maritime de Bruxelles-Escaut, le canal Charleroi-Bruxelles, le canal du Centre et le canal Albert \u00e0 Anvers.<\/p>\n","protected":false},"excerpt":{"rendered":"<p>Carte topographique de la Belgique. La Belgique compte trois grandes r\u00e9gions g\u00e9ographiques : la plaine c\u00f4ti\u00e8re au nord-ouest, le plate<\/p>\n","protected":false},"author":1,"featured_media":8017,"template":"","categoria_ficha":[101],"class_list":["post-8016","ficha","type-ficha","status-publish","has-post-thumbnail","hentry","categoria_ficha-cartes-de-la-belgique"],"acf":[],"_links":{"self":[{"href":"https:\/\/gifex.com\/fr\/wp-json\/wp\/v2\/ficha\/8016","targetHints":{"allow":["GET"]}}],"collection":[{"href":"https:\/\/gifex.com\/fr\/wp-json\/wp\/v2\/ficha"}],"about":[{"href":"https:\/\/gifex.com\/fr\/wp-json\/wp\/v2\/types\/ficha"}],"author":[{"embeddable":true,"href":"https:\/\/gifex.com\/fr\/wp-json\/wp\/v2\/users\/1"}],"version-history":[{"count":12,"href":"https:\/\/gifex.com\/fr\/wp-json\/wp\/v2\/ficha\/8016\/revisions"}],"predecessor-version":[{"id":37093,"href":"https:\/\/gifex.com\/fr\/wp-json\/wp\/v2\/ficha\/8016\/revisions\/37093"}],"wp:featuredmedia":[{"embeddable":true,"href":"https:\/\/gifex.com\/fr\/wp-json\/wp\/v2\/media\/8017"}],"wp:attachment":[{"href":"https:\/\/gifex.com\/fr\/wp-json\/wp\/v2\/media?parent=8016"}],"wp:term":[{"taxonomy":"categoria_ficha","embeddable":true,"href":"https:\/\/gifex.com\/fr\/wp-json\/wp\/v2\/categoria_ficha?post=8016"}],"curies":[{"name":"wp","href":"https:\/\/api.w.org\/{rel}","templated":true}]}}

Géographie physique de la Belgique

<p style="text-align: center;"><label style="font-size: 15px;">Carte topographique de la Belgique</label></p>
<figure id="attachment_8018" aria-describedby="caption-attachment-8018" style="width: 360px" class="wp-caption alignright"><a href="https://gifex.com/fr/wp-content/uploads/8016/Polders-de-Flandre-occidentale.jpg" target="_blank" rel="noopener"><img fetchpriority="high" decoding="async" class="wp-image-8018" style="width: 100%; max-width: 360px; height: auto;" title="Polders de Flandre occidentale en Belgique" src="https://gifex.com/fr/wp-content/uploads/8016/Polders-de-Flandre-occidentale-300x225.jpg" alt="Polders de Flandre occidentale en Belgique" width="360" height="270" srcset="https://gifex.com/fr/wp-content/uploads/8016/Polders-de-Flandre-occidentale-300x225.jpg 300w, https://gifex.com/fr/wp-content/uploads/8016/Polders-de-Flandre-occidentale-1024x768.jpg 1024w, https://gifex.com/fr/wp-content/uploads/8016/Polders-de-Flandre-occidentale-768x576.jpg 768w, https://gifex.com/fr/wp-content/uploads/8016/Polders-de-Flandre-occidentale-1536x1152.jpg 1536w, https://gifex.com/fr/wp-content/uploads/8016/Polders-de-Flandre-occidentale-2048x1536.jpg 2048w, https://gifex.com/fr/wp-content/uploads/8016/Polders-de-Flandre-occidentale-800x600.jpg 800w, https://gifex.com/fr/wp-content/uploads/8016/Polders-de-Flandre-occidentale-1600x1200.jpg 1600w" sizes="(max-width: 360px) 100vw, 360px" /></a><figcaption id="caption-attachment-8018" class="wp-caption-text"><label style="font-size: 15px;">Vue sur les polders de Flandre occidentale, depuis la Tour de l&#8217;Yser à Dixmude. Au milieu la rivière Yser. À l&#8217;horizon, les immeubles de grande hauteur le long du littoral belge.</label></figcaption></figure>
<p>La Belgique compte trois grandes régions géographiques : la plaine côtière au nord-ouest, le plateau central et les hautes terres ardennaises au sud-est. La plaine côtière se compose principalement de dunes de sable et de polders. Les polders sont des étendues de terre, proches ou en dessous du niveau de la mer, gagnées sur la mer, dont elles sont protégées par des digues ou, plus à l&#8217;intérieur des terres, par des champs drainés par des canaux. La deuxième région géographique, le plateau central, se situe plus à l&#8217;intérieur des terres. Il s&#8217;agit d&#8217;une zone lisse, en pente lente, qui compte de nombreuses vallées fertiles et qui est irriguée par de nombreux cours d&#8217;eau. Ici, on peut également trouver des terres plus accidentées, y compris des grottes et de petites gorges. La troisième région géographique, appelée les Ardennes, est plus accidentée que les deux premières. C&#8217;est un plateau densément boisé, très rocheux et peu cultivable, qui s&#8217;étend jusque dans le nord de la France et en Allemagne où il porte le nom d&#8217;Eifel. C&#8217;est là que se trouve une grande partie de la faune belge. Point culminant de Belgique, le Signal de Botrange se situe dans cette région à seulement 694 mètres. La Belgique compte relativement peu de lacs naturels et aucun de grande taille.</p>
<figure id="attachment_8479" aria-describedby="caption-attachment-8479" style="width: 360px" class="wp-caption alignright"><a href="https://gifex.com/fr/wp-content/uploads/8016/Carte-des-regions-naturelles-de-Belgique.jpg" target="_blank" rel="noopener"><img decoding="async" class="wp-image-8479" style="width: 100%; max-width: 360px; height: auto;" title="Carte des régions naturelles de Belgique" src="https://gifex.com/fr/wp-content/uploads/8016/Carte-des-regions-naturelles-de-Belgique-300x235.jpg" alt="Carte des régions naturelles de Belgique" width="360" height="282" srcset="https://gifex.com/fr/wp-content/uploads/8016/Carte-des-regions-naturelles-de-Belgique-300x235.jpg 300w, https://gifex.com/fr/wp-content/uploads/8016/Carte-des-regions-naturelles-de-Belgique-768x601.jpg 768w, https://gifex.com/fr/wp-content/uploads/8016/Carte-des-regions-naturelles-de-Belgique.jpg 982w" sizes="(max-width: 360px) 100vw, 360px" /></a><figcaption id="caption-attachment-8479" class="wp-caption-text"><label style="font-size: 15px;">Carte des régions naturelles de Belgique.</label></figcaption></figure>
<p>Les régions naturelles notables comprennent les Ardennes, la Campine et les Hautes Fagnes.</p>
<p>Toute la Belgique est drainée dans la mer du Nord, à l&#8217;exception de la commune de Momignies, qui est drainée par la rivière Oise dans la Manche. Trois grands fleuves se jettent dans la mer : l&#8217;Escaut (200 km en Belgique, 350 km au total), la Meuse (183 km en Belgique, 925 km au total) et l&#8217;Yser (50 km en Belgique, 78 km au total). Les autres rivières sont le Rupel, la Senne, la Sambre, la Lesse, l&#8217;Ourthe, la Lys et la Dyle. Les principaux lacs sont le lac de Genval, le lac de Butgenbach, le lac de l&#8217;Eau d&#8217;Heure, le lac de la Gileppe, le lac d&#8217;Eupen et le lac de Robertville.</p>
<p>La Belgique possède également de nombreuses voies navigables ou canaux artificiels, entre autres le canal maritime de Bruxelles-Escaut, le canal Charleroi-Bruxelles, le canal du Centre et le canal Albert à Anvers.</p>

<p>Carte topographique de la Belgique. La Belgique compte trois grandes régions géographiques : la plaine côtière au nord-ouest, le plate</p>
