{"id":8007,"date":"2022-03-16T20:50:07","date_gmt":"2022-03-16T20:50:07","guid":{"rendered":"https:\/\/gifex.com\/fr\/?post_type=ficha&#038;p=8007"},"modified":"2023-03-25T20:31:23","modified_gmt":"2023-03-25T20:31:23","slug":"le-drapeau-de-la-belgique","status":"publish","type":"ficha","link":"https:\/\/gifex.com\/fr\/fichier\/le-drapeau-de-la-belgique\/","title":{"rendered":"Le drapeau de la Belgique"},"content":{"rendered":"<p>Le drapeau belge a trois bandes verticales \u00e9gales de noir (c\u00f4t\u00e9 m\u00e2t), jaune et rouge; la conception verticale \u00e9tait bas\u00e9e sur le drapeau de la France ; les couleurs sont celles des armes du duch\u00e9 de Brabant (lion jaune avec griffes et langue rouges sur fond noir).<\/p>\n","protected":false},"excerpt":{"rendered":"<p>Le drapeau belge a trois bandes verticales \u00e9gales de noir (c\u00f4t\u00e9 m\u00e2t), jaune et rouge; la conception verticale \u00e9tait bas\u00e9e sur le drapeau de la France ; les couleurs sont celles des armes du duch\u00e9 de Brabant (lion jaune avec griffes et langue rouges sur fond noir).<\/p>\n","protected":false},"author":1,"featured_media":8008,"template":"","categoria_ficha":[101],"class_list":["post-8007","ficha","type-ficha","status-publish","has-post-thumbnail","hentry","categoria_ficha-cartes-de-la-belgique"],"acf":[],"_links":{"self":[{"href":"https:\/\/gifex.com\/fr\/wp-json\/wp\/v2\/ficha\/8007","targetHints":{"allow":["GET"]}}],"collection":[{"href":"https:\/\/gifex.com\/fr\/wp-json\/wp\/v2\/ficha"}],"about":[{"href":"https:\/\/gifex.com\/fr\/wp-json\/wp\/v2\/types\/ficha"}],"author":[{"embeddable":true,"href":"https:\/\/gifex.com\/fr\/wp-json\/wp\/v2\/users\/1"}],"version-history":[{"count":4,"href":"https:\/\/gifex.com\/fr\/wp-json\/wp\/v2\/ficha\/8007\/revisions"}],"predecessor-version":[{"id":37094,"href":"https:\/\/gifex.com\/fr\/wp-json\/wp\/v2\/ficha\/8007\/revisions\/37094"}],"wp:featuredmedia":[{"embeddable":true,"href":"https:\/\/gifex.com\/fr\/wp-json\/wp\/v2\/media\/8008"}],"wp:attachment":[{"href":"https:\/\/gifex.com\/fr\/wp-json\/wp\/v2\/media?parent=8007"}],"wp:term":[{"taxonomy":"categoria_ficha","embeddable":true,"href":"https:\/\/gifex.com\/fr\/wp-json\/wp\/v2\/categoria_ficha?post=8007"}],"curies":[{"name":"wp","href":"https:\/\/api.w.org\/{rel}","templated":true}]}}

<p>Le drapeau belge a trois bandes verticales égales de noir (côté mât), jaune et rouge; la conception verticale était basée sur le drapeau de la France ; les couleurs sont celles des armes du duché de Brabant (lion jaune avec griffes et langue rouges sur fond noir).</p>
