{"id":7525,"date":"2022-03-07T15:47:00","date_gmt":"2022-03-07T15:47:00","guid":{"rendered":"https:\/\/gifex.com\/fr\/?post_type=ficha&#038;p=7525"},"modified":"2023-03-25T21:43:37","modified_gmt":"2023-03-25T21:43:37","slug":"reseau-express-regional-zurichois","status":"publish","type":"ficha","link":"https:\/\/gifex.com\/fr\/fichier\/reseau-express-regional-zurichois\/","title":{"rendered":"R\u00e9seau express r\u00e9gional zurichois"},"content":{"rendered":"<p style=\"text-align: center;\"><label style=\"font-size: 15px;\">Carte du r\u00e9seau du S-Bahn desservant Zurich<\/label><\/p>\n<p>Le r\u00e9seau express r\u00e9gional zurichois (abr\u00e9g\u00e9 RER zurichois, en allemand S-Bahn Z\u00fcrich), est un r\u00e9seau de trains de type RER desservant l&#8217;agglom\u00e9ration de Zurich et son aire urbaine en Suisse avec un bassin de population d&#8217;environ 1,5 million d&#8217;habitants.<\/p>\n<figure id=\"attachment_7527\" aria-describedby=\"caption-attachment-7527\" style=\"width: 360px\" class=\"wp-caption alignright\"><a href=\"https:\/\/gifex.com\/fr\/wp-content\/uploads\/7525\/Gare-de-Zurich-Stadelhofen-2006.jpg\" target=\"_blank\" rel=\"noopener\"><img fetchpriority=\"high\" decoding=\"async\" class=\"wp-image-7527\" style=\"width: 100%; max-width: 360px; height: auto;\" title=\"Gare de Zurich Stadelhofen\" src=\"https:\/\/gifex.com\/fr\/wp-content\/uploads\/7525\/Gare-de-Zurich-Stadelhofen-2006-300x199.jpg\" alt=\"Gare de Zurich Stadelhofen\" width=\"360\" height=\"238\" srcset=\"https:\/\/gifex.com\/fr\/wp-content\/uploads\/7525\/Gare-de-Zurich-Stadelhofen-2006-300x199.jpg 300w, https:\/\/gifex.com\/fr\/wp-content\/uploads\/7525\/Gare-de-Zurich-Stadelhofen-2006-1024x678.jpg 1024w, https:\/\/gifex.com\/fr\/wp-content\/uploads\/7525\/Gare-de-Zurich-Stadelhofen-2006-768x509.jpg 768w, https:\/\/gifex.com\/fr\/wp-content\/uploads\/7525\/Gare-de-Zurich-Stadelhofen-2006-1536x1017.jpg 1536w, https:\/\/gifex.com\/fr\/wp-content\/uploads\/7525\/Gare-de-Zurich-Stadelhofen-2006-1600x1059.jpg 1600w, https:\/\/gifex.com\/fr\/wp-content\/uploads\/7525\/Gare-de-Zurich-Stadelhofen-2006.jpg 2048w\" sizes=\"(max-width: 360px) 100vw, 360px\" \/><\/a><figcaption id=\"caption-attachment-7527\" class=\"wp-caption-text\"><label style=\"font-size: 15px;\">Gare de Zurich Stadelhofen.<\/label><\/figcaption><\/figure>\n<p>C&#8217;est le premier r\u00e9seau ferr\u00e9 de transport en commun en Suisse par le nombre de voyageurs transport\u00e9s, qui \u00e9tait de 331 625 par jour en 2006.<\/p>\n<p>Cr\u00e9\u00e9 le 27 mai 1990, il est le premier et le plus \u00e9tendu (380 km de lignes) des RER suisses. Il est le fruit d&#8217;un groupement entre les CFF, diff\u00e9rentes entreprises de transports r\u00e9gionales et les ZVV, les transports publics de la r\u00e9gion de Zurich. En 2008, 563 millions de passagers ont \u00e9t\u00e9 transport\u00e9s par les entreprises de la communaut\u00e9 de transport zurichoise (ZVV).<\/p>\n<p>Les r\u00e9seaux qui concernent directement la ville de Zurich sont\u00a0:<\/p>\n<ul>\n<li>le\u00a0S-Bahn Zurich : le r\u00e9seau de train qui dessert l&#8217;aire urbaine zurichoise avec 380 km de lignes est g\u00e9r\u00e9 par les chemins de fer f\u00e9d\u00e9raux. Douze gares sont sur le territoire de la ville de Zurich ;<\/li>\n<li>les bus : 32 lignes de bus (217 km) dans l&#8217;agglom\u00e9ration par la compagnie de transports publics de la ville de Zurich Verkehrsbetriebe Z\u00fcrich (VBZ)\u00a0;<\/li>\n<li>la navigation sur le\u00a0lac de Zurich\u00a0: La compagnie\u00a0Z\u00fcrichsee-Schiffahrtsgesellschaft\u00a0emploie une douzaine de bateaux qui sillonnent le lac.<\/li>\n<\/ul>\n","protected":false},"excerpt":{"rendered":"<p>Carte du r\u00e9seau du S-Bahn desservant Zurich, le r\u00e9seau express r\u00e9gional zurichois (abr\u00e9g\u00e9 RER zurichois, en<\/p>\n","protected":false},"author":1,"featured_media":7526,"template":"","categoria_ficha":[1742],"class_list":["post-7525","ficha","type-ficha","status-publish","has-post-thumbnail","hentry","categoria_ficha-cartes-de-zurich"],"acf":[],"_links":{"self":[{"href":"https:\/\/gifex.com\/fr\/wp-json\/wp\/v2\/ficha\/7525","targetHints":{"allow":["GET"]}}],"collection":[{"href":"https:\/\/gifex.com\/fr\/wp-json\/wp\/v2\/ficha"}],"about":[{"href":"https:\/\/gifex.com\/fr\/wp-json\/wp\/v2\/types\/ficha"}],"author":[{"embeddable":true,"href":"https:\/\/gifex.com\/fr\/wp-json\/wp\/v2\/users\/1"}],"version-history":[{"count":7,"href":"https:\/\/gifex.com\/fr\/wp-json\/wp\/v2\/ficha\/7525\/revisions"}],"predecessor-version":[{"id":37321,"href":"https:\/\/gifex.com\/fr\/wp-json\/wp\/v2\/ficha\/7525\/revisions\/37321"}],"wp:featuredmedia":[{"embeddable":true,"href":"https:\/\/gifex.com\/fr\/wp-json\/wp\/v2\/media\/7526"}],"wp:attachment":[{"href":"https:\/\/gifex.com\/fr\/wp-json\/wp\/v2\/media?parent=7525"}],"wp:term":[{"taxonomy":"categoria_ficha","embeddable":true,"href":"https:\/\/gifex.com\/fr\/wp-json\/wp\/v2\/categoria_ficha?post=7525"}],"curies":[{"name":"wp","href":"https:\/\/api.w.org\/{rel}","templated":true}]}}

Réseau express régional zurichois

<p style="text-align: center;"><label style="font-size: 15px;">Carte du réseau du S-Bahn desservant Zurich</label></p>
<p>Le réseau express régional zurichois (abrégé RER zurichois, en allemand S-Bahn Zürich), est un réseau de trains de type RER desservant l&#8217;agglomération de Zurich et son aire urbaine en Suisse avec un bassin de population d&#8217;environ 1,5 million d&#8217;habitants.</p>
<figure id="attachment_7527" aria-describedby="caption-attachment-7527" style="width: 360px" class="wp-caption alignright"><a href="https://gifex.com/fr/wp-content/uploads/7525/Gare-de-Zurich-Stadelhofen-2006.jpg" target="_blank" rel="noopener"><img fetchpriority="high" decoding="async" class="wp-image-7527" style="width: 100%; max-width: 360px; height: auto;" title="Gare de Zurich Stadelhofen" src="https://gifex.com/fr/wp-content/uploads/7525/Gare-de-Zurich-Stadelhofen-2006-300x199.jpg" alt="Gare de Zurich Stadelhofen" width="360" height="238" srcset="https://gifex.com/fr/wp-content/uploads/7525/Gare-de-Zurich-Stadelhofen-2006-300x199.jpg 300w, https://gifex.com/fr/wp-content/uploads/7525/Gare-de-Zurich-Stadelhofen-2006-1024x678.jpg 1024w, https://gifex.com/fr/wp-content/uploads/7525/Gare-de-Zurich-Stadelhofen-2006-768x509.jpg 768w, https://gifex.com/fr/wp-content/uploads/7525/Gare-de-Zurich-Stadelhofen-2006-1536x1017.jpg 1536w, https://gifex.com/fr/wp-content/uploads/7525/Gare-de-Zurich-Stadelhofen-2006-1600x1059.jpg 1600w, https://gifex.com/fr/wp-content/uploads/7525/Gare-de-Zurich-Stadelhofen-2006.jpg 2048w" sizes="(max-width: 360px) 100vw, 360px" /></a><figcaption id="caption-attachment-7527" class="wp-caption-text"><label style="font-size: 15px;">Gare de Zurich Stadelhofen.</label></figcaption></figure>
<p>C&#8217;est le premier réseau ferré de transport en commun en Suisse par le nombre de voyageurs transportés, qui était de 331 625 par jour en 2006.</p>
<p>Créé le 27 mai 1990, il est le premier et le plus étendu (380 km de lignes) des RER suisses. Il est le fruit d&#8217;un groupement entre les CFF, différentes entreprises de transports régionales et les ZVV, les transports publics de la région de Zurich. En 2008, 563 millions de passagers ont été transportés par les entreprises de la communauté de transport zurichoise (ZVV).</p>
<p>Les réseaux qui concernent directement la ville de Zurich sont :</p>
<ul>
<li>le S-Bahn Zurich : le réseau de train qui dessert l&#8217;aire urbaine zurichoise avec 380 km de lignes est géré par les chemins de fer fédéraux. Douze gares sont sur le territoire de la ville de Zurich ;</li>
<li>les bus : 32 lignes de bus (217 km) dans l&#8217;agglomération par la compagnie de transports publics de la ville de Zurich Verkehrsbetriebe Zürich (VBZ) ;</li>
<li>la navigation sur le lac de Zurich : La compagnie Zürichsee-Schiffahrtsgesellschaft emploie une douzaine de bateaux qui sillonnent le lac.</li>
</ul>

<p>Carte du réseau du S-Bahn desservant Zurich, le réseau express régional zurichois (abrégé RER zurichois, en</p>
