{"id":7504,"date":"2022-03-07T13:38:55","date_gmt":"2022-03-07T13:38:55","guid":{"rendered":"https:\/\/gifex.com\/fr\/?post_type=ficha&#038;p=7504"},"modified":"2023-09-26T14:07:26","modified_gmt":"2023-09-26T14:07:26","slug":"centre-ville-de-zurich-suisse","status":"publish","type":"ficha","link":"https:\/\/gifex.com\/fr\/fichier\/centre-ville-de-zurich-suisse\/","title":{"rendered":"Centre-ville de Zurich, Suisse"},"content":{"rendered":"<p style=\"text-align: center;\"><label style=\"font-size: 15px;\">Image satellite du centre-ville de Zurich, Suisse<\/label><\/p>\n<p>Cette image satellite montre le centre ville de Zurich, situ\u00e9e dans la partie germanophone de la Suisse. Il a \u00e9t\u00e9 acquis par le satellite Quickbird le 16 ao\u00fbt 2002.<\/p>\n<figure id=\"attachment_7510\" aria-describedby=\"caption-attachment-7510\" style=\"width: 360px\" class=\"wp-caption alignright\"><a href=\"https:\/\/gifex.com\/fr\/wp-content\/uploads\/7504\/Bahnhofstrasse-a-Zurich-vu-de-Beatengasse-vers-Uraniastrasse.jpg\" target=\"_blank\" rel=\"noopener\"><img fetchpriority=\"high\" decoding=\"async\" class=\"wp-image-7510\" style=\"width: 100%; max-width: 360px; height: auto;\" title=\"Bahnhofstrasse \u00e0 Z\u00fcrich, vu de Beatengasse vers Uraniastrasse\" src=\"https:\/\/gifex.com\/fr\/wp-content\/uploads\/7504\/Bahnhofstrasse-a-Zurich-vu-de-Beatengasse-vers-Uraniastrasse-225x300.jpg\" alt=\"Bahnhofstrasse \u00e0 Z\u00fcrich, vu de Beatengasse vers Uraniastrasse\" width=\"360\" height=\"481\" srcset=\"https:\/\/gifex.com\/fr\/wp-content\/uploads\/7504\/Bahnhofstrasse-a-Zurich-vu-de-Beatengasse-vers-Uraniastrasse-225x300.jpg 225w, https:\/\/gifex.com\/fr\/wp-content\/uploads\/7504\/Bahnhofstrasse-a-Zurich-vu-de-Beatengasse-vers-Uraniastrasse-767x1024.jpg 767w, https:\/\/gifex.com\/fr\/wp-content\/uploads\/7504\/Bahnhofstrasse-a-Zurich-vu-de-Beatengasse-vers-Uraniastrasse-768x1026.jpg 768w, https:\/\/gifex.com\/fr\/wp-content\/uploads\/7504\/Bahnhofstrasse-a-Zurich-vu-de-Beatengasse-vers-Uraniastrasse-1150x1536.jpg 1150w, https:\/\/gifex.com\/fr\/wp-content\/uploads\/7504\/Bahnhofstrasse-a-Zurich-vu-de-Beatengasse-vers-Uraniastrasse-1534x2048.jpg 1534w, https:\/\/gifex.com\/fr\/wp-content\/uploads\/7504\/Bahnhofstrasse-a-Zurich-vu-de-Beatengasse-vers-Uraniastrasse-300x401.jpg 300w, https:\/\/gifex.com\/fr\/wp-content\/uploads\/7504\/Bahnhofstrasse-a-Zurich-vu-de-Beatengasse-vers-Uraniastrasse-1198x1600.jpg 1198w, https:\/\/gifex.com\/fr\/wp-content\/uploads\/7504\/Bahnhofstrasse-a-Zurich-vu-de-Beatengasse-vers-Uraniastrasse.jpg 1917w\" sizes=\"(max-width: 360px) 100vw, 360px\" \/><\/a><figcaption id=\"caption-attachment-7510\" class=\"wp-caption-text\"><label style=\"font-size: 15px;\">Bahnhofstrasse \u00e0 Z\u00fcrich, vu de Beatengasse vers Uraniastrasse.<\/label><\/figcaption><\/figure>\n<p>Zurich est la plus grande ville de Suisse, avec une population de 364 558 habitants dans la ville elle-m\u00eame et pr\u00e8s d&#8217;un million, y compris les zones environnantes (sur la base des chiffres de 2002). La ville est la capitale du canton de Zurich (une division administrative semblable \u00e0 un \u00e9tat). La ville est le principal centre commercial de Suisse et abrite le plus grand a\u00e9roport du pays. Connue comme la \u00abpetite grande ville\u00bb, elle attire \u00e0 la fois les voyageurs d&#8217;affaires et les touristes.<\/p>\n<p>Le bas de l&#8217;image montre la pointe nord du lac de Zurich, qui est l&#8217;une des principales zones de loisirs de la ville. Le lac se d\u00e9verse dans la rivi\u00e8re Limmat. La Limmat divise la vieille ville et, le long de ses rives, la silhouette de la ville est domin\u00e9e par les tours impressionnantes de trois \u00e9glises : la Grossm\u00fcnster, Saint-Pierre, qui poss\u00e8de le plus grand cadran d&#8217;horloge d&#8217;Europe, et la Fraum\u00fcnster.\u00a0 La partie ouest (gauche) de la vieille ville abrite le c\u00e9l\u00e8bre quartier commer\u00e7ant de la Bahnhofstrasse, avec ses banques, ses compagnies d&#8217;assurance et la bourse suisse. La rive est (droite) de la rivi\u00e8re m\u00e8ne au Niederdorf avec ses ruelles \u00e9troites, ses nombreuses attractions culturelles et sa vie nocturne perp\u00e9tuelle. Les principaux b\u00e2timents de l&#8217;\u00c9cole polytechnique f\u00e9d\u00e9rale de Zurich (EPFZ) et de l&#8217;Universit\u00e9 de Zurich s&#8217;y trouvent \u00e9galement.<\/p>\n<p>La ville est entour\u00e9e de collines bois\u00e9es et n&#8217;est qu&#8217;\u00e0 environ 50 kilom\u00e8tres de la cr\u00eate alpine et de ses domaines skiables. Elle offre une bonne infrastructure pour les clients d&#8217;affaires, et sa diversit\u00e9 culturelle et son syst\u00e8me de transport public \u00e9tendu appel\u00e9 S-Bahn rendent la ville attrayante en tant que lieu de vie. La station principale de S-Bahn peut \u00eatre vue comme un rectangle gris qui se r\u00e9tr\u00e9cit dans la partie sup\u00e9rieure gauche de l&#8217;image. Elle est reli\u00e9e \u00e0 un r\u00e9seau \u00e9tendu de trains et de tramways, qui prend en charge un pourcentage raisonnable du trafic de la ville.<\/p>\n<p>&nbsp;<\/p>\n","protected":false},"excerpt":{"rendered":"<p>Cette image satellite montre le centre ville de Zurich, situ\u00e9e dans la partie germanophone de la Suisse.<\/p>\n","protected":false},"author":1,"featured_media":7507,"template":"","categoria_ficha":[1742],"class_list":["post-7504","ficha","type-ficha","status-publish","has-post-thumbnail","hentry","categoria_ficha-cartes-de-zurich"],"acf":[],"_links":{"self":[{"href":"https:\/\/gifex.com\/fr\/wp-json\/wp\/v2\/ficha\/7504","targetHints":{"allow":["GET"]}}],"collection":[{"href":"https:\/\/gifex.com\/fr\/wp-json\/wp\/v2\/ficha"}],"about":[{"href":"https:\/\/gifex.com\/fr\/wp-json\/wp\/v2\/types\/ficha"}],"author":[{"embeddable":true,"href":"https:\/\/gifex.com\/fr\/wp-json\/wp\/v2\/users\/1"}],"version-history":[{"count":7,"href":"https:\/\/gifex.com\/fr\/wp-json\/wp\/v2\/ficha\/7504\/revisions"}],"predecessor-version":[{"id":44165,"href":"https:\/\/gifex.com\/fr\/wp-json\/wp\/v2\/ficha\/7504\/revisions\/44165"}],"wp:featuredmedia":[{"embeddable":true,"href":"https:\/\/gifex.com\/fr\/wp-json\/wp\/v2\/media\/7507"}],"wp:attachment":[{"href":"https:\/\/gifex.com\/fr\/wp-json\/wp\/v2\/media?parent=7504"}],"wp:term":[{"taxonomy":"categoria_ficha","embeddable":true,"href":"https:\/\/gifex.com\/fr\/wp-json\/wp\/v2\/categoria_ficha?post=7504"}],"curies":[{"name":"wp","href":"https:\/\/api.w.org\/{rel}","templated":true}]}}

<p style="text-align: center;"><label style="font-size: 15px;">Image satellite du centre-ville de Zurich, Suisse</label></p>
<p>Cette image satellite montre le centre ville de Zurich, située dans la partie germanophone de la Suisse. Il a été acquis par le satellite Quickbird le 16 août 2002.</p>
<figure id="attachment_7510" aria-describedby="caption-attachment-7510" style="width: 360px" class="wp-caption alignright"><a href="https://gifex.com/fr/wp-content/uploads/7504/Bahnhofstrasse-a-Zurich-vu-de-Beatengasse-vers-Uraniastrasse.jpg" target="_blank" rel="noopener"><img fetchpriority="high" decoding="async" class="wp-image-7510" style="width: 100%; max-width: 360px; height: auto;" title="Bahnhofstrasse à Zürich, vu de Beatengasse vers Uraniastrasse" src="https://gifex.com/fr/wp-content/uploads/7504/Bahnhofstrasse-a-Zurich-vu-de-Beatengasse-vers-Uraniastrasse-225x300.jpg" alt="Bahnhofstrasse à Zürich, vu de Beatengasse vers Uraniastrasse" width="360" height="481" srcset="https://gifex.com/fr/wp-content/uploads/7504/Bahnhofstrasse-a-Zurich-vu-de-Beatengasse-vers-Uraniastrasse-225x300.jpg 225w, https://gifex.com/fr/wp-content/uploads/7504/Bahnhofstrasse-a-Zurich-vu-de-Beatengasse-vers-Uraniastrasse-767x1024.jpg 767w, https://gifex.com/fr/wp-content/uploads/7504/Bahnhofstrasse-a-Zurich-vu-de-Beatengasse-vers-Uraniastrasse-768x1026.jpg 768w, https://gifex.com/fr/wp-content/uploads/7504/Bahnhofstrasse-a-Zurich-vu-de-Beatengasse-vers-Uraniastrasse-1150x1536.jpg 1150w, https://gifex.com/fr/wp-content/uploads/7504/Bahnhofstrasse-a-Zurich-vu-de-Beatengasse-vers-Uraniastrasse-1534x2048.jpg 1534w, https://gifex.com/fr/wp-content/uploads/7504/Bahnhofstrasse-a-Zurich-vu-de-Beatengasse-vers-Uraniastrasse-300x401.jpg 300w, https://gifex.com/fr/wp-content/uploads/7504/Bahnhofstrasse-a-Zurich-vu-de-Beatengasse-vers-Uraniastrasse-1198x1600.jpg 1198w, https://gifex.com/fr/wp-content/uploads/7504/Bahnhofstrasse-a-Zurich-vu-de-Beatengasse-vers-Uraniastrasse.jpg 1917w" sizes="(max-width: 360px) 100vw, 360px" /></a><figcaption id="caption-attachment-7510" class="wp-caption-text"><label style="font-size: 15px;">Bahnhofstrasse à Zürich, vu de Beatengasse vers Uraniastrasse.</label></figcaption></figure>
<p>Zurich est la plus grande ville de Suisse, avec une population de 364 558 habitants dans la ville elle-même et près d&#8217;un million, y compris les zones environnantes (sur la base des chiffres de 2002). La ville est la capitale du canton de Zurich (une division administrative semblable à un état). La ville est le principal centre commercial de Suisse et abrite le plus grand aéroport du pays. Connue comme la «petite grande ville», elle attire à la fois les voyageurs d&#8217;affaires et les touristes.</p>
<p>Le bas de l&#8217;image montre la pointe nord du lac de Zurich, qui est l&#8217;une des principales zones de loisirs de la ville. Le lac se déverse dans la rivière Limmat. La Limmat divise la vieille ville et, le long de ses rives, la silhouette de la ville est dominée par les tours impressionnantes de trois églises : la Grossmünster, Saint-Pierre, qui possède le plus grand cadran d&#8217;horloge d&#8217;Europe, et la Fraumünster.  La partie ouest (gauche) de la vieille ville abrite le célèbre quartier commerçant de la Bahnhofstrasse, avec ses banques, ses compagnies d&#8217;assurance et la bourse suisse. La rive est (droite) de la rivière mène au Niederdorf avec ses ruelles étroites, ses nombreuses attractions culturelles et sa vie nocturne perpétuelle. Les principaux bâtiments de l&#8217;École polytechnique fédérale de Zurich (EPFZ) et de l&#8217;Université de Zurich s&#8217;y trouvent également.</p>
<p>La ville est entourée de collines boisées et n&#8217;est qu&#8217;à environ 50 kilomètres de la crête alpine et de ses domaines skiables. Elle offre une bonne infrastructure pour les clients d&#8217;affaires, et sa diversité culturelle et son système de transport public étendu appelé S-Bahn rendent la ville attrayante en tant que lieu de vie. La station principale de S-Bahn peut être vue comme un rectangle gris qui se rétrécit dans la partie supérieure gauche de l&#8217;image. Elle est reliée à un réseau étendu de trains et de tramways, qui prend en charge un pourcentage raisonnable du trafic de la ville.</p>
<p>&nbsp;</p>

<p>Cette image satellite montre le centre ville de Zurich, située dans la partie germanophone de la Suisse.</p>
