{"id":7499,"date":"2022-03-07T12:58:48","date_gmt":"2022-03-07T12:58:48","guid":{"rendered":"https:\/\/gifex.com\/fr\/?post_type=ficha&#038;p=7499"},"modified":"2023-03-25T21:47:21","modified_gmt":"2023-03-25T21:47:21","slug":"vieille-ville-de-zurich","status":"publish","type":"ficha","link":"https:\/\/gifex.com\/fr\/fichier\/vieille-ville-de-zurich\/","title":{"rendered":"Vieille ville de Zurich"},"content":{"rendered":"<p style=\"text-align: center;\"><label style=\"font-size: 15px;\">Carte de la vieille ville de Zurich<\/label><\/p>\n<figure id=\"attachment_7501\" aria-describedby=\"caption-attachment-7501\" style=\"width: 360px\" class=\"wp-caption alignright\"><a href=\"https:\/\/gifex.com\/fr\/wp-content\/uploads\/7499\/La-ville-de-Zurich-sur-la-carte-Siegfried-de-1881.jpg\" target=\"_blank\" rel=\"noopener\"><img fetchpriority=\"high\" decoding=\"async\" class=\"wp-image-7501\" style=\"width: 100%; max-width: 360px; height: auto;\" title=\"La ville de Zurich sur la carte Siegfried de 1881\" src=\"https:\/\/gifex.com\/fr\/wp-content\/uploads\/7499\/La-ville-de-Zurich-sur-la-carte-Siegfried-de-1881-238x300.jpg\" alt=\"La ville de Zurich sur la carte Siegfried de 1881\" width=\"360\" height=\"453\" srcset=\"https:\/\/gifex.com\/fr\/wp-content\/uploads\/7499\/La-ville-de-Zurich-sur-la-carte-Siegfried-de-1881-238x300.jpg 238w, https:\/\/gifex.com\/fr\/wp-content\/uploads\/7499\/La-ville-de-Zurich-sur-la-carte-Siegfried-de-1881-300x378.jpg 300w, https:\/\/gifex.com\/fr\/wp-content\/uploads\/7499\/La-ville-de-Zurich-sur-la-carte-Siegfried-de-1881.jpg 490w\" sizes=\"(max-width: 360px) 100vw, 360px\" \/><\/a><figcaption id=\"caption-attachment-7501\" class=\"wp-caption-text\"><label style=\"font-size: 15px;\">La ville de Zurich sur la carte Siegfried de 1881 (zone urbaine mise en \u00e9vidence), apr\u00e8s la construction du Limmatquai et de la gare, mais avant la construction de l&#8217;Uraniastrasse et des quais au bord du lac avec Quaibr\u00fccke.<\/label><\/figcaption><\/figure>\n<p>Die Altstadt (en allemand pour \u00abla vieille ville\u00bb) dans la ville suisse de Zurich englobe la zone de toute la ville historique avant 1893, avant l&#8217;incorporation de ce qui sont maintenant les districts 2 \u00e0 12 dans la municipalit\u00e9, sur la p\u00e9riode 1893 \u00e0 1934. Die Altstadt correspond approximativement \u00e0 la zone d\u00e9limit\u00e9e par les anciens remparts de la ville et se trouve aujourd&#8217;hui dans la zone administrative de la ville appel\u00e9e Kreis 1 (District 1).<\/p>\n<p>Avec une population de 5 617 habitants (en 2015), elle abrite environ 1,4 % de la population totale de la ville.<\/p>\n<p>Sur le plan administratif, le district 1 est divis\u00e9 en quatre parties ou quartiers par l&#8217;office statistique de Zurich, Rathaus (mairie), Hochschulen (universit\u00e9s), Lindenhof (\u00abcour des tilleuls\u00bb) et City.<\/p>\n<p>Lindenhof et Rathaus correspondent respectivement aux parties de la ville m\u00e9di\u00e9vale \u00e0 gauche (ouest) et \u00e0 droite (est) de la Limmat, tandis que City et Hochschulen incluent respectivement la zone de la ville moderne \u00e0 l&#8217;ouest et \u00e0 l&#8217;est des murs m\u00e9di\u00e9vaux.<\/p>\n","protected":false},"excerpt":{"rendered":"<p>Carte de la vieille ville de Zurich. Die Altstadt (en allemand pour \u00abla vieille ville\u00bb) dans la ville suisse de Zurich englobe la zone de toute la ville<\/p>\n","protected":false},"author":1,"featured_media":7500,"template":"","categoria_ficha":[1742],"class_list":["post-7499","ficha","type-ficha","status-publish","has-post-thumbnail","hentry","categoria_ficha-cartes-de-zurich"],"acf":[],"_links":{"self":[{"href":"https:\/\/gifex.com\/fr\/wp-json\/wp\/v2\/ficha\/7499","targetHints":{"allow":["GET"]}}],"collection":[{"href":"https:\/\/gifex.com\/fr\/wp-json\/wp\/v2\/ficha"}],"about":[{"href":"https:\/\/gifex.com\/fr\/wp-json\/wp\/v2\/types\/ficha"}],"author":[{"embeddable":true,"href":"https:\/\/gifex.com\/fr\/wp-json\/wp\/v2\/users\/1"}],"version-history":[{"count":9,"href":"https:\/\/gifex.com\/fr\/wp-json\/wp\/v2\/ficha\/7499\/revisions"}],"predecessor-version":[{"id":37325,"href":"https:\/\/gifex.com\/fr\/wp-json\/wp\/v2\/ficha\/7499\/revisions\/37325"}],"wp:featuredmedia":[{"embeddable":true,"href":"https:\/\/gifex.com\/fr\/wp-json\/wp\/v2\/media\/7500"}],"wp:attachment":[{"href":"https:\/\/gifex.com\/fr\/wp-json\/wp\/v2\/media?parent=7499"}],"wp:term":[{"taxonomy":"categoria_ficha","embeddable":true,"href":"https:\/\/gifex.com\/fr\/wp-json\/wp\/v2\/categoria_ficha?post=7499"}],"curies":[{"name":"wp","href":"https:\/\/api.w.org\/{rel}","templated":true}]}}

<p style="text-align: center;"><label style="font-size: 15px;">Carte de la vieille ville de Zurich</label></p>
<figure id="attachment_7501" aria-describedby="caption-attachment-7501" style="width: 360px" class="wp-caption alignright"><a href="https://gifex.com/fr/wp-content/uploads/7499/La-ville-de-Zurich-sur-la-carte-Siegfried-de-1881.jpg" target="_blank" rel="noopener"><img fetchpriority="high" decoding="async" class="wp-image-7501" style="width: 100%; max-width: 360px; height: auto;" title="La ville de Zurich sur la carte Siegfried de 1881" src="https://gifex.com/fr/wp-content/uploads/7499/La-ville-de-Zurich-sur-la-carte-Siegfried-de-1881-238x300.jpg" alt="La ville de Zurich sur la carte Siegfried de 1881" width="360" height="453" srcset="https://gifex.com/fr/wp-content/uploads/7499/La-ville-de-Zurich-sur-la-carte-Siegfried-de-1881-238x300.jpg 238w, https://gifex.com/fr/wp-content/uploads/7499/La-ville-de-Zurich-sur-la-carte-Siegfried-de-1881-300x378.jpg 300w, https://gifex.com/fr/wp-content/uploads/7499/La-ville-de-Zurich-sur-la-carte-Siegfried-de-1881.jpg 490w" sizes="(max-width: 360px) 100vw, 360px" /></a><figcaption id="caption-attachment-7501" class="wp-caption-text"><label style="font-size: 15px;">La ville de Zurich sur la carte Siegfried de 1881 (zone urbaine mise en évidence), après la construction du Limmatquai et de la gare, mais avant la construction de l&#8217;Uraniastrasse et des quais au bord du lac avec Quaibrücke.</label></figcaption></figure>
<p>Die Altstadt (en allemand pour «la vieille ville») dans la ville suisse de Zurich englobe la zone de toute la ville historique avant 1893, avant l&#8217;incorporation de ce qui sont maintenant les districts 2 à 12 dans la municipalité, sur la période 1893 à 1934. Die Altstadt correspond approximativement à la zone délimitée par les anciens remparts de la ville et se trouve aujourd&#8217;hui dans la zone administrative de la ville appelée Kreis 1 (District 1).</p>
<p>Avec une population de 5 617 habitants (en 2015), elle abrite environ 1,4 % de la population totale de la ville.</p>
<p>Sur le plan administratif, le district 1 est divisé en quatre parties ou quartiers par l&#8217;office statistique de Zurich, Rathaus (mairie), Hochschulen (universités), Lindenhof («cour des tilleuls») et City.</p>
<p>Lindenhof et Rathaus correspondent respectivement aux parties de la ville médiévale à gauche (ouest) et à droite (est) de la Limmat, tandis que City et Hochschulen incluent respectivement la zone de la ville moderne à l&#8217;ouest et à l&#8217;est des murs médiévaux.</p>
