{"id":7494,"date":"2022-03-07T01:36:44","date_gmt":"2022-03-07T01:36:44","guid":{"rendered":"https:\/\/gifex.com\/fr\/?post_type=ficha&#038;p=7494"},"modified":"2023-03-25T21:47:34","modified_gmt":"2023-03-25T21:47:34","slug":"images-satellites-de-la-ville-de-zurich-1985-2004","status":"publish","type":"ficha","link":"https:\/\/gifex.com\/fr\/fichier\/images-satellites-de-la-ville-de-zurich-1985-2004\/","title":{"rendered":"Images satellites de la ville de Zurich 1985-2004"},"content":{"rendered":"<p style=\"text-align: center;\"><label style=\"font-size: 15px;\">Image satellite de la ville de Zurich le 9 septembre 2004.<\/label><\/p>\n<p style=\"text-align: left;\">Dix-neuf ans s\u00e9parent ces deux <strong>images satellites de Zurich<\/strong>, la plus grande ville de Suisse. Les deux images ont \u00e9t\u00e9 acquises respectivement le 3 juillet 1985 et le 9 septembre 2004 par le Landsat Thematic Mapper (TM), le radiom\u00e8tre \u00e0 balayage multispectral \u00e0 bord de Landsat 4 et 5.<\/p>\n<figure id=\"attachment_7495\" aria-describedby=\"caption-attachment-7495\" style=\"width: 360px\" class=\"wp-caption alignright\"><a href=\"https:\/\/gifex.com\/fr\/wp-content\/uploads\/7494\/Image-satellite-de-la-ville-de-Zurich-3-juillet-1985.jpeg\" target=\"_blank\" rel=\"noopener\"><img fetchpriority=\"high\" decoding=\"async\" class=\"wp-image-7495\" style=\"width: 100%; max-width: 360px; height: auto;\" title=\"Image satellite de la ville de Zurich le 3 juillet 1985.\" src=\"https:\/\/gifex.com\/fr\/wp-content\/uploads\/7494\/Image-satellite-de-la-ville-de-Zurich-3-juillet-1985-300x238.jpeg\" alt=\"Image satellite de la ville de Zurich le 3 juillet 1985.\" width=\"360\" height=\"285\" srcset=\"https:\/\/gifex.com\/fr\/wp-content\/uploads\/7494\/Image-satellite-de-la-ville-de-Zurich-3-juillet-1985-300x238.jpeg 300w, https:\/\/gifex.com\/fr\/wp-content\/uploads\/7494\/Image-satellite-de-la-ville-de-Zurich-3-juillet-1985-1024x811.jpeg 1024w, https:\/\/gifex.com\/fr\/wp-content\/uploads\/7494\/Image-satellite-de-la-ville-de-Zurich-3-juillet-1985-768x608.jpeg 768w, https:\/\/gifex.com\/fr\/wp-content\/uploads\/7494\/Image-satellite-de-la-ville-de-Zurich-3-juillet-1985.jpeg 1484w\" sizes=\"(max-width: 360px) 100vw, 360px\" \/><\/a><figcaption id=\"caption-attachment-7495\" class=\"wp-caption-text\"><label style=\"font-size: 15px;\">Image satellite de la ville de Zurich le 3 juillet 1985.<\/label><\/figcaption><\/figure>\n<p>Zurich, autrefois poste de douane romain du nom de Turicum, est situ\u00e9e \u00e0 l&#8217;extr\u00e9mit\u00e9 nord du lac de Zurich, avec le centre-ville divis\u00e9 par la rivi\u00e8re Limmat et entour\u00e9 de collines bois\u00e9es. La rivi\u00e8re Sihl rencontre la Limmat \u00e0 la fin de Platzspitz.<\/p>\n<p>Zurich a connu sa plus grande phase de d\u00e9veloppement entre 1970 et 1990 avec la construction du r\u00e9seau autoroutier (jusqu&#8217;en 1980) et la mise en place du syst\u00e8me ferroviaire \u00e0 courte port\u00e9e \u00e0 grande capacit\u00e9 lorsqu&#8217;elle s&#8217;est d\u00e9velopp\u00e9e d&#8217;une ville \u00e0 une r\u00e9gion urbaine.<\/p>\n<p>Depuis 1985, le gouvernement de la ville a mis en place des mesures concr\u00e8tes pour rendre le d\u00e9veloppement de la ville plus durable et pour am\u00e9liorer la qualit\u00e9 de vie dans le centre-ville. Ces efforts ont \u00e9t\u00e9 couronn\u00e9s de succ\u00e8s et ont largement contribu\u00e9 \u00e0 la r\u00e9putation actuelle de Zurich en tant que ville tr\u00e8s efficace avec une excellente qualit\u00e9 de vie.<\/p>\n<p>Vous pouvez voir le lac de Zurich comme la zone sombre en bas au centre des deux images avec la Limmat qui traverse le centre. La grande zone blanche au nord de la ville est l&#8217;a\u00e9roport international de Zurich, le plus grand a\u00e9roport du pays.<\/p>\n<p>Le lac des Quatre-Cantons est visible dans le coin inf\u00e9rieur gauche. La partie sup\u00e9rieure de l&#8217;image montre le terrain l\u00e9g\u00e8rement vallonn\u00e9 tandis que le bas de l&#8217;image fait d\u00e9j\u00e0 partie des cha\u00eenes de montagnes pr\u00e9alpines.<\/p>\n","protected":false},"excerpt":{"rendered":"<p>Dix-neuf ans s\u00e9parent ces deux images satellites de Zurich, la plus grande ville de Suisse. Les deux<\/p>\n","protected":false},"author":1,"featured_media":7496,"template":"","categoria_ficha":[1742],"class_list":["post-7494","ficha","type-ficha","status-publish","has-post-thumbnail","hentry","categoria_ficha-cartes-de-zurich"],"acf":[],"_links":{"self":[{"href":"https:\/\/gifex.com\/fr\/wp-json\/wp\/v2\/ficha\/7494","targetHints":{"allow":["GET"]}}],"collection":[{"href":"https:\/\/gifex.com\/fr\/wp-json\/wp\/v2\/ficha"}],"about":[{"href":"https:\/\/gifex.com\/fr\/wp-json\/wp\/v2\/types\/ficha"}],"author":[{"embeddable":true,"href":"https:\/\/gifex.com\/fr\/wp-json\/wp\/v2\/users\/1"}],"version-history":[{"count":6,"href":"https:\/\/gifex.com\/fr\/wp-json\/wp\/v2\/ficha\/7494\/revisions"}],"predecessor-version":[{"id":37327,"href":"https:\/\/gifex.com\/fr\/wp-json\/wp\/v2\/ficha\/7494\/revisions\/37327"}],"wp:featuredmedia":[{"embeddable":true,"href":"https:\/\/gifex.com\/fr\/wp-json\/wp\/v2\/media\/7496"}],"wp:attachment":[{"href":"https:\/\/gifex.com\/fr\/wp-json\/wp\/v2\/media?parent=7494"}],"wp:term":[{"taxonomy":"categoria_ficha","embeddable":true,"href":"https:\/\/gifex.com\/fr\/wp-json\/wp\/v2\/categoria_ficha?post=7494"}],"curies":[{"name":"wp","href":"https:\/\/api.w.org\/{rel}","templated":true}]}}

<p style="text-align: center;"><label style="font-size: 15px;">Image satellite de la ville de Zurich le 9 septembre 2004.</label></p>
<p style="text-align: left;">Dix-neuf ans séparent ces deux <strong>images satellites de Zurich</strong>, la plus grande ville de Suisse. Les deux images ont été acquises respectivement le 3 juillet 1985 et le 9 septembre 2004 par le Landsat Thematic Mapper (TM), le radiomètre à balayage multispectral à bord de Landsat 4 et 5.</p>
<figure id="attachment_7495" aria-describedby="caption-attachment-7495" style="width: 360px" class="wp-caption alignright"><a href="https://gifex.com/fr/wp-content/uploads/7494/Image-satellite-de-la-ville-de-Zurich-3-juillet-1985.jpeg" target="_blank" rel="noopener"><img fetchpriority="high" decoding="async" class="wp-image-7495" style="width: 100%; max-width: 360px; height: auto;" title="Image satellite de la ville de Zurich le 3 juillet 1985." src="https://gifex.com/fr/wp-content/uploads/7494/Image-satellite-de-la-ville-de-Zurich-3-juillet-1985-300x238.jpeg" alt="Image satellite de la ville de Zurich le 3 juillet 1985." width="360" height="285" srcset="https://gifex.com/fr/wp-content/uploads/7494/Image-satellite-de-la-ville-de-Zurich-3-juillet-1985-300x238.jpeg 300w, https://gifex.com/fr/wp-content/uploads/7494/Image-satellite-de-la-ville-de-Zurich-3-juillet-1985-1024x811.jpeg 1024w, https://gifex.com/fr/wp-content/uploads/7494/Image-satellite-de-la-ville-de-Zurich-3-juillet-1985-768x608.jpeg 768w, https://gifex.com/fr/wp-content/uploads/7494/Image-satellite-de-la-ville-de-Zurich-3-juillet-1985.jpeg 1484w" sizes="(max-width: 360px) 100vw, 360px" /></a><figcaption id="caption-attachment-7495" class="wp-caption-text"><label style="font-size: 15px;">Image satellite de la ville de Zurich le 3 juillet 1985.</label></figcaption></figure>
<p>Zurich, autrefois poste de douane romain du nom de Turicum, est située à l&#8217;extrémité nord du lac de Zurich, avec le centre-ville divisé par la rivière Limmat et entouré de collines boisées. La rivière Sihl rencontre la Limmat à la fin de Platzspitz.</p>
<p>Zurich a connu sa plus grande phase de développement entre 1970 et 1990 avec la construction du réseau autoroutier (jusqu&#8217;en 1980) et la mise en place du système ferroviaire à courte portée à grande capacité lorsqu&#8217;elle s&#8217;est développée d&#8217;une ville à une région urbaine.</p>
<p>Depuis 1985, le gouvernement de la ville a mis en place des mesures concrètes pour rendre le développement de la ville plus durable et pour améliorer la qualité de vie dans le centre-ville. Ces efforts ont été couronnés de succès et ont largement contribué à la réputation actuelle de Zurich en tant que ville très efficace avec une excellente qualité de vie.</p>
<p>Vous pouvez voir le lac de Zurich comme la zone sombre en bas au centre des deux images avec la Limmat qui traverse le centre. La grande zone blanche au nord de la ville est l&#8217;aéroport international de Zurich, le plus grand aéroport du pays.</p>
<p>Le lac des Quatre-Cantons est visible dans le coin inférieur gauche. La partie supérieure de l&#8217;image montre le terrain légèrement vallonné tandis que le bas de l&#8217;image fait déjà partie des chaînes de montagnes préalpines.</p>

<p>Dix-neuf ans séparent ces deux images satellites de Zurich, la plus grande ville de Suisse. Les deux</p>
