{"id":7484,"date":"2022-03-07T00:55:06","date_gmt":"2022-03-07T00:55:06","guid":{"rendered":"https:\/\/gifex.com\/fr\/?post_type=ficha&#038;p=7484"},"modified":"2023-03-25T21:47:27","modified_gmt":"2023-03-25T21:47:27","slug":"voies-routieres-et-ferrees-de-l-agglomeration-de-zurich","status":"publish","type":"ficha","link":"https:\/\/gifex.com\/fr\/fichier\/voies-routieres-et-ferrees-de-l-agglomeration-de-zurich\/","title":{"rendered":"Voies routi\u00e8res et ferr\u00e9es de l&#8217;agglom\u00e9ration de Zurich"},"content":{"rendered":"<p style=\"text-align: center;\"><label style=\"font-size: 15px;\">Carte des voies routi\u00e8res et ferr\u00e9es de l&#8217;agglom\u00e9ration de Zurich<\/label><\/p>\n<figure id=\"attachment_7487\" aria-describedby=\"caption-attachment-7487\" style=\"width: 360px\" class=\"wp-caption alignright\"><a href=\"https:\/\/gifex.com\/fr\/wp-content\/uploads\/7484\/L-autoroute-A3-vue-a-la-jonction-avec-le-tunnel-Uetliberg-a-Wollishofen-Zurich.jpg\" target=\"_blank\" rel=\"noopener\"><img fetchpriority=\"high\" decoding=\"async\" class=\"wp-image-7487\" style=\"width: 100%; max-width: 360px; height: auto;\" title=\"L'autoroute A3 vue \u00e0 la jonction avec le tunnel Uetliberg, \u00e0 Wollishofen, Zurich.\" src=\"https:\/\/gifex.com\/fr\/wp-content\/uploads\/7484\/L-autoroute-A3-vue-a-la-jonction-avec-le-tunnel-Uetliberg-a-Wollishofen-Zurich-300x225.jpg\" alt=\"L'autoroute A3 vue \u00e0 la jonction avec le tunnel Uetliberg, \u00e0 Wollishofen, Zurich.\" width=\"360\" height=\"270\" srcset=\"https:\/\/gifex.com\/fr\/wp-content\/uploads\/7484\/L-autoroute-A3-vue-a-la-jonction-avec-le-tunnel-Uetliberg-a-Wollishofen-Zurich-300x225.jpg 300w, https:\/\/gifex.com\/fr\/wp-content\/uploads\/7484\/L-autoroute-A3-vue-a-la-jonction-avec-le-tunnel-Uetliberg-a-Wollishofen-Zurich-1024x768.jpg 1024w, https:\/\/gifex.com\/fr\/wp-content\/uploads\/7484\/L-autoroute-A3-vue-a-la-jonction-avec-le-tunnel-Uetliberg-a-Wollishofen-Zurich-768x576.jpg 768w, https:\/\/gifex.com\/fr\/wp-content\/uploads\/7484\/L-autoroute-A3-vue-a-la-jonction-avec-le-tunnel-Uetliberg-a-Wollishofen-Zurich-1536x1152.jpg 1536w, https:\/\/gifex.com\/fr\/wp-content\/uploads\/7484\/L-autoroute-A3-vue-a-la-jonction-avec-le-tunnel-Uetliberg-a-Wollishofen-Zurich-2048x1536.jpg 2048w, https:\/\/gifex.com\/fr\/wp-content\/uploads\/7484\/L-autoroute-A3-vue-a-la-jonction-avec-le-tunnel-Uetliberg-a-Wollishofen-Zurich-800x600.jpg 800w, https:\/\/gifex.com\/fr\/wp-content\/uploads\/7484\/L-autoroute-A3-vue-a-la-jonction-avec-le-tunnel-Uetliberg-a-Wollishofen-Zurich-1600x1200.jpg 1600w\" sizes=\"(max-width: 360px) 100vw, 360px\" \/><\/a><figcaption id=\"caption-attachment-7487\" class=\"wp-caption-text\"><label style=\"font-size: 15px;\">L&#8217;autoroute A3 vue \u00e0 la jonction avec le tunnel Uetliberg, \u00e0 Wollishofen, Zurich.<\/label><\/figcaption><\/figure>\n<p>Pour le transport individuel la ville de Zurich est tr\u00e8s bien raccord\u00e9e au r\u00e9seau autoroutier de Suisse : l&#8217;A1, en direction du sud-ouest vers Berne et Gen\u00e8ve et en direction de l&#8217;est vers Saint-Gall, l&#8217;A3 en direction du nord-ouest vers B\u00e2le et en direction du sud-est vers Coire et l&#8217;A4 en direction de nord-est vers Winterthour &#8211; Schaffhouse ou Lucerne au sud. La ville est partiellement encercl\u00e9e par une ceinture autorouti\u00e8re qui est utilis\u00e9e comme p\u00e9riph\u00e9rique ; la ville et l&#8217;agglom\u00e9ration ont un r\u00e9seau autoroutier assez complet.<\/p>\n<p>Afin de lutter contre les surcharges de trafic, le noyau central de l&#8217;agglom\u00e9ration est partiellement entour\u00e9 d&#8217;une boucle autorouti\u00e8re qui fait office de p\u00e9riph\u00e9rique. Le contournement nord est en fonction depuis 1985. La tangente ouest, mise en service en 1972, \u00e9tait initialement pr\u00e9vue comme une solution transitoire jusqu&#8217;\u00e0 la construction de l&#8217;\u00e9vitement nord et ouest. Elle va relier les embranchements des autoroutes A1 et A3 et comprend la mise en service en 2008 du tunnel de l&#8217;Uetliberg. En projet, l&#8217;extension du tunnel de Gubrist est pr\u00e9vue pour 2012.<\/p>\n<figure id=\"attachment_7505\" aria-describedby=\"caption-attachment-7505\" style=\"width: 360px\" class=\"wp-caption alignright\"><a href=\"https:\/\/gifex.com\/fr\/wp-content\/uploads\/7484\/Gare-centrale-de-Zurich.jpg\" target=\"_blank\" rel=\"noopener\"><img decoding=\"async\" class=\"wp-image-7505\" style=\"width: 100%; max-width: 360px; height: auto;\" title=\"La gare centrale de Zurich \" src=\"https:\/\/gifex.com\/fr\/wp-content\/uploads\/7484\/Gare-centrale-de-Zurich-300x182.jpg\" alt=\"La gare centrale de Zurich \" width=\"360\" height=\"219\" srcset=\"https:\/\/gifex.com\/fr\/wp-content\/uploads\/7484\/Gare-centrale-de-Zurich-300x182.jpg 300w, https:\/\/gifex.com\/fr\/wp-content\/uploads\/7484\/Gare-centrale-de-Zurich-1024x623.jpg 1024w, https:\/\/gifex.com\/fr\/wp-content\/uploads\/7484\/Gare-centrale-de-Zurich-768x467.jpg 768w, https:\/\/gifex.com\/fr\/wp-content\/uploads\/7484\/Gare-centrale-de-Zurich-1536x934.jpg 1536w, https:\/\/gifex.com\/fr\/wp-content\/uploads\/7484\/Gare-centrale-de-Zurich-1600x973.jpg 1600w, https:\/\/gifex.com\/fr\/wp-content\/uploads\/7484\/Gare-centrale-de-Zurich.jpg 1950w\" sizes=\"(max-width: 360px) 100vw, 360px\" \/><\/a><figcaption id=\"caption-attachment-7505\" class=\"wp-caption-text\"><label style=\"font-size: 15px;\">La gare centrale de Zurich (officiel Zurich gare centrale ou Z\u00fcrich HB ou Z\u00fcrich Hauptbahnhof en allemand) est la plus grande gare de Suisse.<\/label><\/figcaption><\/figure>\n<p>La ville poss\u00e8de le plus grand et le plus important n\u0153ud ferroviaire suisse. 870 connexions nationales et internationales avec des trains tels que EuroCity, Cisalpino, TGV, ICE et CityNightLine. Zurich exploite aussi le plus grand r\u00e9seau express r\u00e9gional de Suisse appel\u00e9 S-Bahn Zurich.<\/p>\n<p>La gare centrale de Zurich est la plus grande gare de Suisse. Plus de 360 000 passagers y transitent quotidiennement. Le train permet de rejoindre directement l&#8217;a\u00e9roport de Kloten, le principal a\u00e9roport du pays.<\/p>\n","protected":false},"excerpt":{"rendered":"<p>Carte des voies routi\u00e8res et ferr\u00e9es de l&#8217;agglom\u00e9ration de Zurich. Pour le transport individuel la ville de Zurich es<\/p>\n","protected":false},"author":1,"featured_media":7485,"template":"","categoria_ficha":[1742],"class_list":["post-7484","ficha","type-ficha","status-publish","has-post-thumbnail","hentry","categoria_ficha-cartes-de-zurich"],"acf":[],"_links":{"self":[{"href":"https:\/\/gifex.com\/fr\/wp-json\/wp\/v2\/ficha\/7484","targetHints":{"allow":["GET"]}}],"collection":[{"href":"https:\/\/gifex.com\/fr\/wp-json\/wp\/v2\/ficha"}],"about":[{"href":"https:\/\/gifex.com\/fr\/wp-json\/wp\/v2\/types\/ficha"}],"author":[{"embeddable":true,"href":"https:\/\/gifex.com\/fr\/wp-json\/wp\/v2\/users\/1"}],"version-history":[{"count":16,"href":"https:\/\/gifex.com\/fr\/wp-json\/wp\/v2\/ficha\/7484\/revisions"}],"predecessor-version":[{"id":37326,"href":"https:\/\/gifex.com\/fr\/wp-json\/wp\/v2\/ficha\/7484\/revisions\/37326"}],"wp:featuredmedia":[{"embeddable":true,"href":"https:\/\/gifex.com\/fr\/wp-json\/wp\/v2\/media\/7485"}],"wp:attachment":[{"href":"https:\/\/gifex.com\/fr\/wp-json\/wp\/v2\/media?parent=7484"}],"wp:term":[{"taxonomy":"categoria_ficha","embeddable":true,"href":"https:\/\/gifex.com\/fr\/wp-json\/wp\/v2\/categoria_ficha?post=7484"}],"curies":[{"name":"wp","href":"https:\/\/api.w.org\/{rel}","templated":true}]}}

Voies routières et ferrées de l&#8217;agglomération de Zurich

<p style="text-align: center;"><label style="font-size: 15px;">Carte des voies routières et ferrées de l&#8217;agglomération de Zurich</label></p>
<figure id="attachment_7487" aria-describedby="caption-attachment-7487" style="width: 360px" class="wp-caption alignright"><a href="https://gifex.com/fr/wp-content/uploads/7484/L-autoroute-A3-vue-a-la-jonction-avec-le-tunnel-Uetliberg-a-Wollishofen-Zurich.jpg" target="_blank" rel="noopener"><img fetchpriority="high" decoding="async" class="wp-image-7487" style="width: 100%; max-width: 360px; height: auto;" title="L'autoroute A3 vue à la jonction avec le tunnel Uetliberg, à Wollishofen, Zurich." src="https://gifex.com/fr/wp-content/uploads/7484/L-autoroute-A3-vue-a-la-jonction-avec-le-tunnel-Uetliberg-a-Wollishofen-Zurich-300x225.jpg" alt="L'autoroute A3 vue à la jonction avec le tunnel Uetliberg, à Wollishofen, Zurich." width="360" height="270" srcset="https://gifex.com/fr/wp-content/uploads/7484/L-autoroute-A3-vue-a-la-jonction-avec-le-tunnel-Uetliberg-a-Wollishofen-Zurich-300x225.jpg 300w, https://gifex.com/fr/wp-content/uploads/7484/L-autoroute-A3-vue-a-la-jonction-avec-le-tunnel-Uetliberg-a-Wollishofen-Zurich-1024x768.jpg 1024w, https://gifex.com/fr/wp-content/uploads/7484/L-autoroute-A3-vue-a-la-jonction-avec-le-tunnel-Uetliberg-a-Wollishofen-Zurich-768x576.jpg 768w, https://gifex.com/fr/wp-content/uploads/7484/L-autoroute-A3-vue-a-la-jonction-avec-le-tunnel-Uetliberg-a-Wollishofen-Zurich-1536x1152.jpg 1536w, https://gifex.com/fr/wp-content/uploads/7484/L-autoroute-A3-vue-a-la-jonction-avec-le-tunnel-Uetliberg-a-Wollishofen-Zurich-2048x1536.jpg 2048w, https://gifex.com/fr/wp-content/uploads/7484/L-autoroute-A3-vue-a-la-jonction-avec-le-tunnel-Uetliberg-a-Wollishofen-Zurich-800x600.jpg 800w, https://gifex.com/fr/wp-content/uploads/7484/L-autoroute-A3-vue-a-la-jonction-avec-le-tunnel-Uetliberg-a-Wollishofen-Zurich-1600x1200.jpg 1600w" sizes="(max-width: 360px) 100vw, 360px" /></a><figcaption id="caption-attachment-7487" class="wp-caption-text"><label style="font-size: 15px;">L&#8217;autoroute A3 vue à la jonction avec le tunnel Uetliberg, à Wollishofen, Zurich.</label></figcaption></figure>
<p>Pour le transport individuel la ville de Zurich est très bien raccordée au réseau autoroutier de Suisse : l&#8217;A1, en direction du sud-ouest vers Berne et Genève et en direction de l&#8217;est vers Saint-Gall, l&#8217;A3 en direction du nord-ouest vers Bâle et en direction du sud-est vers Coire et l&#8217;A4 en direction de nord-est vers Winterthour &#8211; Schaffhouse ou Lucerne au sud. La ville est partiellement encerclée par une ceinture autoroutière qui est utilisée comme périphérique ; la ville et l&#8217;agglomération ont un réseau autoroutier assez complet.</p>
<p>Afin de lutter contre les surcharges de trafic, le noyau central de l&#8217;agglomération est partiellement entouré d&#8217;une boucle autoroutière qui fait office de périphérique. Le contournement nord est en fonction depuis 1985. La tangente ouest, mise en service en 1972, était initialement prévue comme une solution transitoire jusqu&#8217;à la construction de l&#8217;évitement nord et ouest. Elle va relier les embranchements des autoroutes A1 et A3 et comprend la mise en service en 2008 du tunnel de l&#8217;Uetliberg. En projet, l&#8217;extension du tunnel de Gubrist est prévue pour 2012.</p>
<figure id="attachment_7505" aria-describedby="caption-attachment-7505" style="width: 360px" class="wp-caption alignright"><a href="https://gifex.com/fr/wp-content/uploads/7484/Gare-centrale-de-Zurich.jpg" target="_blank" rel="noopener"><img decoding="async" class="wp-image-7505" style="width: 100%; max-width: 360px; height: auto;" title="La gare centrale de Zurich " src="https://gifex.com/fr/wp-content/uploads/7484/Gare-centrale-de-Zurich-300x182.jpg" alt="La gare centrale de Zurich " width="360" height="219" srcset="https://gifex.com/fr/wp-content/uploads/7484/Gare-centrale-de-Zurich-300x182.jpg 300w, https://gifex.com/fr/wp-content/uploads/7484/Gare-centrale-de-Zurich-1024x623.jpg 1024w, https://gifex.com/fr/wp-content/uploads/7484/Gare-centrale-de-Zurich-768x467.jpg 768w, https://gifex.com/fr/wp-content/uploads/7484/Gare-centrale-de-Zurich-1536x934.jpg 1536w, https://gifex.com/fr/wp-content/uploads/7484/Gare-centrale-de-Zurich-1600x973.jpg 1600w, https://gifex.com/fr/wp-content/uploads/7484/Gare-centrale-de-Zurich.jpg 1950w" sizes="(max-width: 360px) 100vw, 360px" /></a><figcaption id="caption-attachment-7505" class="wp-caption-text"><label style="font-size: 15px;">La gare centrale de Zurich (officiel Zurich gare centrale ou Zürich HB ou Zürich Hauptbahnhof en allemand) est la plus grande gare de Suisse.</label></figcaption></figure>
<p>La ville possède le plus grand et le plus important nœud ferroviaire suisse. 870 connexions nationales et internationales avec des trains tels que EuroCity, Cisalpino, TGV, ICE et CityNightLine. Zurich exploite aussi le plus grand réseau express régional de Suisse appelé S-Bahn Zurich.</p>
<p>La gare centrale de Zurich est la plus grande gare de Suisse. Plus de 360 000 passagers y transitent quotidiennement. Le train permet de rejoindre directement l&#8217;aéroport de Kloten, le principal aéroport du pays.</p>

<p>Carte des voies routières et ferrées de l&#8217;agglomération de Zurich. Pour le transport individuel la ville de Zurich es</p>
