{"id":7292,"date":"2022-03-05T00:49:40","date_gmt":"2022-03-05T00:49:40","guid":{"rendered":"https:\/\/gifex.com\/fr\/?post_type=ficha&#038;p=7292"},"modified":"2022-08-12T14:01:54","modified_gmt":"2022-08-12T14:01:54","slug":"densite-de-population-du-grand-vancouver","status":"publish","type":"ficha","link":"https:\/\/gifex.com\/fr\/fichier\/densite-de-population-du-grand-vancouver\/","title":{"rendered":"Densit\u00e9 de population du Grand Vancouver"},"content":{"rendered":"<p style=\"text-align: center;\"><label style=\"font-size: 15px;\">Carte de <strong>densit\u00e9<\/strong> de <strong>population<\/strong> du\u00a0district r\u00e9gional du <strong>Grand Vancouver<\/strong><\/label><\/p>\n<p>Une carte de la densit\u00e9 de population des municipalit\u00e9s de Metro Vancouver. Toutes les donn\u00e9es datent de 2007, \u00e0 l&#8217;exception de l&#8217;UBC et de la circonscription \u00e9lectorale A, qui proviennent du recensement de 2001 (impossible de trouver des valeurs distinctes dans les nouvelles donn\u00e9es).<\/p>\n","protected":false},"excerpt":{"rendered":"<p>Une carte de la densit\u00e9 de population des municipalit\u00e9s de Metro Vancouver. Toutes les donn\u00e9es datent<\/p>\n","protected":false},"author":1,"featured_media":20574,"template":"","categoria_ficha":[366],"class_list":["post-7292","ficha","type-ficha","status-publish","has-post-thumbnail","hentry","categoria_ficha-cartes-de-vancouver"],"acf":[],"_links":{"self":[{"href":"https:\/\/gifex.com\/fr\/wp-json\/wp\/v2\/ficha\/7292","targetHints":{"allow":["GET"]}}],"collection":[{"href":"https:\/\/gifex.com\/fr\/wp-json\/wp\/v2\/ficha"}],"about":[{"href":"https:\/\/gifex.com\/fr\/wp-json\/wp\/v2\/types\/ficha"}],"author":[{"embeddable":true,"href":"https:\/\/gifex.com\/fr\/wp-json\/wp\/v2\/users\/1"}],"version-history":[{"count":5,"href":"https:\/\/gifex.com\/fr\/wp-json\/wp\/v2\/ficha\/7292\/revisions"}],"predecessor-version":[{"id":20575,"href":"https:\/\/gifex.com\/fr\/wp-json\/wp\/v2\/ficha\/7292\/revisions\/20575"}],"wp:featuredmedia":[{"embeddable":true,"href":"https:\/\/gifex.com\/fr\/wp-json\/wp\/v2\/media\/20574"}],"wp:attachment":[{"href":"https:\/\/gifex.com\/fr\/wp-json\/wp\/v2\/media?parent=7292"}],"wp:term":[{"taxonomy":"categoria_ficha","embeddable":true,"href":"https:\/\/gifex.com\/fr\/wp-json\/wp\/v2\/categoria_ficha?post=7292"}],"curies":[{"name":"wp","href":"https:\/\/api.w.org\/{rel}","templated":true}]}}

Densité de population du Grand Vancouver

<p style="text-align: center;"><label style="font-size: 15px;">Carte de <strong>densité</strong> de <strong>population</strong> du district régional du <strong>Grand Vancouver</strong></label></p>
<p>Une carte de la densité de population des municipalités de Metro Vancouver. Toutes les données datent de 2007, à l&#8217;exception de l&#8217;UBC et de la circonscription électorale A, qui proviennent du recensement de 2001 (impossible de trouver des valeurs distinctes dans les nouvelles données).</p>

<p>Une carte de la densité de population des municipalités de Metro Vancouver. Toutes les données datent</p>
