{"id":723,"date":"2022-02-04T00:14:27","date_gmt":"2022-02-04T00:14:27","guid":{"rendered":"https:\/\/gifex.com\/fr\/?post_type=ficha&#038;p=723"},"modified":"2023-10-12T14:31:02","modified_gmt":"2023-10-12T14:31:02","slug":"carte-de-la-belgique","status":"publish","type":"ficha","link":"https:\/\/gifex.com\/fr\/fichier\/carte-de-la-belgique\/","title":{"rendered":"Carte de la Belgique"},"content":{"rendered":"<p><strong>Carte de la Belgique<\/strong>, officiellement le Royaume de Belgique, un pays d&#8217;Europe occidentale. Elle est bord\u00e9 par les Pays-Bas au nord, l&#8217;Allemagne \u00e0 l&#8217;est, le Luxembourg au sud-est, la France au sud-ouest et la mer du Nord au nord-ouest. Elle couvre une superficie de 30 689 km\u00b2 et compte 11,522,000 habitants (en 2021), ce qui en fait le 22<sup>e<\/sup> pays le plus dens\u00e9ment peupl\u00e9 au monde et le 6e pays le plus dens\u00e9ment peupl\u00e9 d&#8217;Europe, avec une densit\u00e9 de 376 par kilom\u00e8tre carr\u00e9.<\/p>\n<ul>\n<li>Superficie totale de la Belgique 30,689 km\u00b2<\/li>\n<li>En 2021 la population de la Belgique \u00e9tait de 11,522,000<\/li>\n<li>La capitale du pays est Bruxelles<\/li>\n<li>Les plus grandes villes de la Belgique sont: Bruxelles, Anvers, Gand, Charleroi, Li\u00e8ge, Bruges, Namur et Louvain.<\/li>\n<\/ul>\n<figure id=\"attachment_7995\" aria-describedby=\"caption-attachment-7995\" style=\"width: 360px\" class=\"wp-caption alignright\"><a href=\"https:\/\/gifex.com\/fr\/wp-content\/uploads\/723\/La-Meuse-et-les-rochers-de-Freyr.jpg\" target=\"_blank\" rel=\"noopener\"><img fetchpriority=\"high\" decoding=\"async\" class=\"wp-image-7995\" style=\"width: 100%; max-width: 360px; height: auto;\" title=\"La Meuse et les rochers de Fre\u00ffr\" src=\"https:\/\/gifex.com\/fr\/wp-content\/uploads\/723\/La-Meuse-et-les-rochers-de-Freyr-300x199.jpg\" alt=\"La Meuse et les rochers de Fre\u00ffr\" width=\"360\" height=\"239\" srcset=\"https:\/\/gifex.com\/fr\/wp-content\/uploads\/723\/La-Meuse-et-les-rochers-de-Freyr-300x199.jpg 300w, https:\/\/gifex.com\/fr\/wp-content\/uploads\/723\/La-Meuse-et-les-rochers-de-Freyr-1024x680.jpg 1024w, https:\/\/gifex.com\/fr\/wp-content\/uploads\/723\/La-Meuse-et-les-rochers-de-Freyr-768x510.jpg 768w, https:\/\/gifex.com\/fr\/wp-content\/uploads\/723\/La-Meuse-et-les-rochers-de-Freyr-1536x1020.jpg 1536w, https:\/\/gifex.com\/fr\/wp-content\/uploads\/723\/La-Meuse-et-les-rochers-de-Freyr-2048x1360.jpg 2048w, https:\/\/gifex.com\/fr\/wp-content\/uploads\/723\/La-Meuse-et-les-rochers-de-Freyr-1600x1063.jpg 1600w\" sizes=\"(max-width: 360px) 100vw, 360px\" \/><\/a><figcaption id=\"caption-attachment-7995\" class=\"wp-caption-text\"><label style=\"font-size: 15px;\">La Meuse et les rochers de Fre\u00ffr.<\/label><\/figcaption><\/figure>\n<p>La Belgique est un \u00c9tat souverain et une monarchie constitutionnelle f\u00e9d\u00e9rale dot\u00e9e d&#8217;un syst\u00e8me parlementaire. Son organisation institutionnelle est complexe et structur\u00e9e sur des bases \u00e0 la fois r\u00e9gionales et linguistiques. Elle est divis\u00e9e en trois r\u00e9gions \u00e0 forte autonomie: la R\u00e9gion flamande (Flandre) au nord, la R\u00e9gion wallonne (Wallonie) au sud et la R\u00e9gion de Bruxelles-Capitale. Bruxelles est la r\u00e9gion la plus petite et la plus peupl\u00e9e, ainsi que la r\u00e9gion la plus riche en termes de PIB par habitant.<\/p>\n<p>La Belgique abrite deux communaut\u00e9s linguistiques principales: la Communaut\u00e9 flamande n\u00e9erlandophone, qui constitue environ 60 % de la population, et la Communaut\u00e9 fran\u00e7aise, qui constitue environ 40 % de la population. Une petite communaut\u00e9 germanophone, au nombre d&#8217;environ 1 %, existe dans les cantons de l&#8217;Est. La R\u00e9gion de Bruxelles-Capitale est officiellement bilingue fran\u00e7ais-n\u00e9erlandais, bien que le fran\u00e7ais soit la langue dominante. La diversit\u00e9 linguistique de la Belgique et les conflits politiques qui s&#8217;y rapportent se refl\u00e8tent dans son syst\u00e8me de gouvernance complexe, compos\u00e9 de six gouvernements diff\u00e9rents.<\/p>\n<figure id=\"attachment_7998\" aria-describedby=\"caption-attachment-7998\" style=\"width: 360px\" class=\"wp-caption alignright\"><a href=\"https:\/\/gifex.com\/fr\/wp-content\/uploads\/723\/Quai-de-Londres-sur-la-Meuse-a-Verdun.jpg\" target=\"_blank\" rel=\"noopener\"><img decoding=\"async\" class=\"wp-image-7998\" style=\"width: 100%; max-width: 360px; height: auto;\" title=\"Quai de Londres sur la Meuse \u00e0 Verdun\" src=\"https:\/\/gifex.com\/fr\/wp-content\/uploads\/723\/Quai-de-Londres-sur-la-Meuse-a-Verdun-300x225.jpg\" alt=\"Quai de Londres sur la Meuse \u00e0 Verdun\" width=\"360\" height=\"270\" srcset=\"https:\/\/gifex.com\/fr\/wp-content\/uploads\/723\/Quai-de-Londres-sur-la-Meuse-a-Verdun-300x225.jpg 300w, https:\/\/gifex.com\/fr\/wp-content\/uploads\/723\/Quai-de-Londres-sur-la-Meuse-a-Verdun-768x576.jpg 768w, https:\/\/gifex.com\/fr\/wp-content\/uploads\/723\/Quai-de-Londres-sur-la-Meuse-a-Verdun-800x600.jpg 800w, https:\/\/gifex.com\/fr\/wp-content\/uploads\/723\/Quai-de-Londres-sur-la-Meuse-a-Verdun.jpg 1024w\" sizes=\"(max-width: 360px) 100vw, 360px\" \/><\/a><figcaption id=\"caption-attachment-7998\" class=\"wp-caption-text\"><label style=\"font-size: 15px;\">Quai de Londres sur la Meuse \u00e0 Verdun.<\/label><\/figcaption><\/figure>\n<p>Le pays tel qu&#8217;il existe aujourd&#8217;hui a \u00e9t\u00e9 cr\u00e9\u00e9 \u00e0 la suite de la R\u00e9volution belge de 1830, lorsqu&#8217;il a fait s\u00e9cession des Pays-Bas, qui eux-m\u00eames n&#8217;existaient que depuis 1815. Le nom choisi pour le nouvel \u00e9tat est d\u00e9riv\u00e9 du mot latin \u00ab\u00a0Belgica\u00a0\u00bb, utilis\u00e9 dans les \u00abguerres des Gaules\u00bb de Jules C\u00e9sar, pour d\u00e9crire une r\u00e9gion voisine dans la p\u00e9riode autour de 55 avant notre \u00e8re. La Belgique fait partie d&#8217;une region connue sous le nom de Pays-Bas, aussi appel\u00e9 Pays d&#8217;Embas, une r\u00e9gion historiquement un peu plus grande que le groupe d&#8217;\u00c9tats du Benelux, car elle comprenait \u00e9galement des parties du nord de la France. Depuis le Moyen \u00c2ge, sa situation centrale \u00e0 proximit\u00e9 de plusieurs grands fleuves signifie que la r\u00e9gion est relativement prosp\u00e8re, li\u00e9e commercialement et politiquement \u00e0 ses plus grands voisins. La Belgique a \u00e9galement \u00e9t\u00e9 le champ de bataille des puissances europ\u00e9ennes, ce qui lui a valu le surnom de \u00ab\u00a0champ de bataille de l&#8217;Europe\u00a0\u00bb, une r\u00e9putation renforc\u00e9e au XXe si\u00e8cle par les deux guerres mondiales.<\/p>\n<figure id=\"attachment_7999\" aria-describedby=\"caption-attachment-7999\" style=\"width: 360px\" class=\"wp-caption alignright\"><a href=\"https:\/\/gifex.com\/fr\/wp-content\/uploads\/723\/Image-satellite-de-la-Belgique-2001.jpg\" target=\"_blank\" rel=\"noopener\"><img decoding=\"async\" class=\"wp-image-7999\" style=\"width: 100%; max-width: 360px; height: auto;\" title=\"Image satellite de la Belgique 2001\" src=\"https:\/\/gifex.com\/fr\/wp-content\/uploads\/723\/Image-satellite-de-la-Belgique-2001-300x249.jpg\" alt=\"Image satellite de la Belgique 2001\" width=\"360\" height=\"299\" srcset=\"https:\/\/gifex.com\/fr\/wp-content\/uploads\/723\/Image-satellite-de-la-Belgique-2001-300x249.jpg 300w, https:\/\/gifex.com\/fr\/wp-content\/uploads\/723\/Image-satellite-de-la-Belgique-2001-1024x849.jpg 1024w, https:\/\/gifex.com\/fr\/wp-content\/uploads\/723\/Image-satellite-de-la-Belgique-2001-768x637.jpg 768w, https:\/\/gifex.com\/fr\/wp-content\/uploads\/723\/Image-satellite-de-la-Belgique-2001.jpg 1108w\" sizes=\"(max-width: 360px) 100vw, 360px\" \/><\/a><figcaption id=\"caption-attachment-7999\" class=\"wp-caption-text\"><label style=\"font-size: 15px;\">Image satellite de la Belgique 2001<\/label><\/figcaption><\/figure>\n<p>La Belgique a particip\u00e9 \u00e0 la r\u00e9volution industrielle et, au cours du 20<sup>e<\/sup> si\u00e8cle, a poss\u00e9d\u00e9 un certain nombre de colonies en Afrique. Entre 1888 et 1908, L\u00e9opold II, roi de Belgique, a perp\u00e9tr\u00e9 l&#8217;un des plus grands massacres de l&#8217;histoire de l&#8217;humanit\u00e9 dans l&#8217;\u00c9tat ind\u00e9pendant du Congo, qui \u00e9tait sa propri\u00e9t\u00e9 priv\u00e9e, et pas encore une colonie de la Belgique. Les estimations du nombre de morts sont contest\u00e9es, mais des millions de personnes, une partie importante de la population, sont mortes pour cause des exportations de caoutchouc et d&#8217;ivoire.<\/p>\n<p>La seconde moiti\u00e9 du XX<sup>e<\/sup> si\u00e8cle a \u00e9t\u00e9 marqu\u00e9e par la mont\u00e9e des tensions entre n\u00e9erlandophones et francophones aliment\u00e9es par les diff\u00e9rences de langue et de culture et par le d\u00e9veloppement \u00e9conomique in\u00e9gal de la Flandre et de la Wallonie. Cet antagonisme persistant a conduit \u00e0 plusieurs r\u00e9formes de grande envergure, aboutissant \u00e0 une transition d&#8217;un r\u00e9gime unitaire \u00e0 un r\u00e9gime f\u00e9d\u00e9ral au cours de la p\u00e9riode 1970-1993. Malgr\u00e9 les r\u00e9formes, les tensions entre les groupes sont rest\u00e9es, sinon accrues; il existe un s\u00e9paratisme important, notamment chez les Flamands; il existe des lois linguistiques controvers\u00e9es telles que les municipalit\u00e9s dot\u00e9es de facilit\u00e9s linguistiques; et la formation d&#8217;un gouvernement de coalition a pris 18 mois apr\u00e8s les \u00e9lections f\u00e9d\u00e9rales de juin 2010, un record mondial. Le ch\u00f4mage en Wallonie est plus du double de celui de la Flandre, qui a connu un essor apr\u00e8s la Seconde Guerre mondiale.<\/p>\n<figure id=\"attachment_8001\" aria-describedby=\"caption-attachment-8001\" style=\"width: 360px\" class=\"wp-caption alignright\"><a href=\"https:\/\/gifex.com\/fr\/wp-content\/uploads\/723\/Langerei-a-Bruges.jpg\" target=\"_blank\" rel=\"noopener\"><img loading=\"lazy\" decoding=\"async\" class=\"wp-image-8001\" style=\"width: 100%; max-width: 360px; height: auto;\" title=\"Le Langerei \u00e0 Bruges\" src=\"https:\/\/gifex.com\/fr\/wp-content\/uploads\/723\/Langerei-a-Bruges-300x197.jpg\" alt=\"Le Langerei \u00e0 Bruges\" width=\"360\" height=\"237\" srcset=\"https:\/\/gifex.com\/fr\/wp-content\/uploads\/723\/Langerei-a-Bruges-300x197.jpg 300w, https:\/\/gifex.com\/fr\/wp-content\/uploads\/723\/Langerei-a-Bruges-1024x674.jpg 1024w, https:\/\/gifex.com\/fr\/wp-content\/uploads\/723\/Langerei-a-Bruges-768x506.jpg 768w, https:\/\/gifex.com\/fr\/wp-content\/uploads\/723\/Langerei-a-Bruges-1536x1011.jpg 1536w, https:\/\/gifex.com\/fr\/wp-content\/uploads\/723\/Langerei-a-Bruges-2048x1348.jpg 2048w, https:\/\/gifex.com\/fr\/wp-content\/uploads\/723\/Langerei-a-Bruges-1600x1053.jpg 1600w\" sizes=\"(max-width: 360px) 100vw, 360px\" \/><\/a><figcaption id=\"caption-attachment-8001\" class=\"wp-caption-text\"><label style=\"font-size: 15px;\">Le Langerei \u00e0 Bruges.<\/label><\/figcaption><\/figure>\n<p>La Belgique est l&#8217;un des six pays fondateurs de l&#8217;Union europ\u00e9enne et sa capitale, Bruxelles, accueille les si\u00e8ges officiels de la Commission europ\u00e9enne, du Conseil de l&#8217;Union europ\u00e9enne et du Conseil europ\u00e9en, ainsi que l&#8217;un des deux si\u00e8ges du Parlement europ\u00e9en. (l&#8217;autre \u00e9tant Strasbourg). La Belgique est \u00e9galement membre fondateur de la zone euro, de l&#8217;OTAN, de l&#8217;OCDE et de l&#8217;OMC, et fait partie de l&#8217;Union trilat\u00e9rale Benelux et de l&#8217;espace Schengen. Bruxelles abrite le si\u00e8ge de nombreuses grandes organisations internationales telles que l&#8217;OTAN.<\/p>\n<p>La Belgique est un pays d\u00e9velopp\u00e9, avec une \u00e9conomie avanc\u00e9e \u00e0 revenu \u00e9lev\u00e9. Elle a un niveau de vie, une qualit\u00e9 de vie, des soins de sant\u00e9, une \u00e9ducation tr\u00e8s \u00e9lev\u00e9s et est class\u00e9 comme \u00abtr\u00e8s \u00e9lev\u00e9\u00bb dans l&#8217;indice de d\u00e9veloppement humain. Elle se classe \u00e9galement parmi les pays les plus s\u00fbrs ou les plus pacifiques du monde.<\/p>\n","protected":false},"excerpt":{"rendered":"<p>Carte de la Belgique, officiellement le Royaume de Belgique, un pays d&#8217;Europe occidentale. Elle est bord\u00e9 par les Pays-Bas au nord, l&#8217;Allemagne \u00e0 l&#8217;est, l<\/p>\n","protected":false},"author":1,"featured_media":724,"template":"","categoria_ficha":[101],"class_list":["post-723","ficha","type-ficha","status-publish","has-post-thumbnail","hentry","categoria_ficha-cartes-de-la-belgique"],"acf":[],"_links":{"self":[{"href":"https:\/\/gifex.com\/fr\/wp-json\/wp\/v2\/ficha\/723","targetHints":{"allow":["GET"]}}],"collection":[{"href":"https:\/\/gifex.com\/fr\/wp-json\/wp\/v2\/ficha"}],"about":[{"href":"https:\/\/gifex.com\/fr\/wp-json\/wp\/v2\/types\/ficha"}],"author":[{"embeddable":true,"href":"https:\/\/gifex.com\/fr\/wp-json\/wp\/v2\/users\/1"}],"version-history":[{"count":25,"href":"https:\/\/gifex.com\/fr\/wp-json\/wp\/v2\/ficha\/723\/revisions"}],"predecessor-version":[{"id":44599,"href":"https:\/\/gifex.com\/fr\/wp-json\/wp\/v2\/ficha\/723\/revisions\/44599"}],"wp:featuredmedia":[{"embeddable":true,"href":"https:\/\/gifex.com\/fr\/wp-json\/wp\/v2\/media\/724"}],"wp:attachment":[{"href":"https:\/\/gifex.com\/fr\/wp-json\/wp\/v2\/media?parent=723"}],"wp:term":[{"taxonomy":"categoria_ficha","embeddable":true,"href":"https:\/\/gifex.com\/fr\/wp-json\/wp\/v2\/categoria_ficha?post=723"}],"curies":[{"name":"wp","href":"https:\/\/api.w.org\/{rel}","templated":true}]}}

<p><strong>Carte de la Belgique</strong>, officiellement le Royaume de Belgique, un pays d&#8217;Europe occidentale. Elle est bordé par les Pays-Bas au nord, l&#8217;Allemagne à l&#8217;est, le Luxembourg au sud-est, la France au sud-ouest et la mer du Nord au nord-ouest. Elle couvre une superficie de 30 689 km² et compte 11,522,000 habitants (en 2021), ce qui en fait le 22<sup>e</sup> pays le plus densément peuplé au monde et le 6e pays le plus densément peuplé d&#8217;Europe, avec une densité de 376 par kilomètre carré.</p>
<ul>
<li>Superficie totale de la Belgique 30,689 km²</li>
<li>En 2021 la population de la Belgique était de 11,522,000</li>
<li>La capitale du pays est Bruxelles</li>
<li>Les plus grandes villes de la Belgique sont: Bruxelles, Anvers, Gand, Charleroi, Liège, Bruges, Namur et Louvain.</li>
</ul>
<figure id="attachment_7995" aria-describedby="caption-attachment-7995" style="width: 360px" class="wp-caption alignright"><a href="https://gifex.com/fr/wp-content/uploads/723/La-Meuse-et-les-rochers-de-Freyr.jpg" target="_blank" rel="noopener"><img fetchpriority="high" decoding="async" class="wp-image-7995" style="width: 100%; max-width: 360px; height: auto;" title="La Meuse et les rochers de Freÿr" src="https://gifex.com/fr/wp-content/uploads/723/La-Meuse-et-les-rochers-de-Freyr-300x199.jpg" alt="La Meuse et les rochers de Freÿr" width="360" height="239" srcset="https://gifex.com/fr/wp-content/uploads/723/La-Meuse-et-les-rochers-de-Freyr-300x199.jpg 300w, https://gifex.com/fr/wp-content/uploads/723/La-Meuse-et-les-rochers-de-Freyr-1024x680.jpg 1024w, https://gifex.com/fr/wp-content/uploads/723/La-Meuse-et-les-rochers-de-Freyr-768x510.jpg 768w, https://gifex.com/fr/wp-content/uploads/723/La-Meuse-et-les-rochers-de-Freyr-1536x1020.jpg 1536w, https://gifex.com/fr/wp-content/uploads/723/La-Meuse-et-les-rochers-de-Freyr-2048x1360.jpg 2048w, https://gifex.com/fr/wp-content/uploads/723/La-Meuse-et-les-rochers-de-Freyr-1600x1063.jpg 1600w" sizes="(max-width: 360px) 100vw, 360px" /></a><figcaption id="caption-attachment-7995" class="wp-caption-text"><label style="font-size: 15px;">La Meuse et les rochers de Freÿr.</label></figcaption></figure>
<p>La Belgique est un État souverain et une monarchie constitutionnelle fédérale dotée d&#8217;un système parlementaire. Son organisation institutionnelle est complexe et structurée sur des bases à la fois régionales et linguistiques. Elle est divisée en trois régions à forte autonomie: la Région flamande (Flandre) au nord, la Région wallonne (Wallonie) au sud et la Région de Bruxelles-Capitale. Bruxelles est la région la plus petite et la plus peuplée, ainsi que la région la plus riche en termes de PIB par habitant.</p>
<p>La Belgique abrite deux communautés linguistiques principales: la Communauté flamande néerlandophone, qui constitue environ 60 % de la population, et la Communauté française, qui constitue environ 40 % de la population. Une petite communauté germanophone, au nombre d&#8217;environ 1 %, existe dans les cantons de l&#8217;Est. La Région de Bruxelles-Capitale est officiellement bilingue français-néerlandais, bien que le français soit la langue dominante. La diversité linguistique de la Belgique et les conflits politiques qui s&#8217;y rapportent se reflètent dans son système de gouvernance complexe, composé de six gouvernements différents.</p>
<figure id="attachment_7998" aria-describedby="caption-attachment-7998" style="width: 360px" class="wp-caption alignright"><a href="https://gifex.com/fr/wp-content/uploads/723/Quai-de-Londres-sur-la-Meuse-a-Verdun.jpg" target="_blank" rel="noopener"><img decoding="async" class="wp-image-7998" style="width: 100%; max-width: 360px; height: auto;" title="Quai de Londres sur la Meuse à Verdun" src="https://gifex.com/fr/wp-content/uploads/723/Quai-de-Londres-sur-la-Meuse-a-Verdun-300x225.jpg" alt="Quai de Londres sur la Meuse à Verdun" width="360" height="270" srcset="https://gifex.com/fr/wp-content/uploads/723/Quai-de-Londres-sur-la-Meuse-a-Verdun-300x225.jpg 300w, https://gifex.com/fr/wp-content/uploads/723/Quai-de-Londres-sur-la-Meuse-a-Verdun-768x576.jpg 768w, https://gifex.com/fr/wp-content/uploads/723/Quai-de-Londres-sur-la-Meuse-a-Verdun-800x600.jpg 800w, https://gifex.com/fr/wp-content/uploads/723/Quai-de-Londres-sur-la-Meuse-a-Verdun.jpg 1024w" sizes="(max-width: 360px) 100vw, 360px" /></a><figcaption id="caption-attachment-7998" class="wp-caption-text"><label style="font-size: 15px;">Quai de Londres sur la Meuse à Verdun.</label></figcaption></figure>
<p>Le pays tel qu&#8217;il existe aujourd&#8217;hui a été créé à la suite de la Révolution belge de 1830, lorsqu&#8217;il a fait sécession des Pays-Bas, qui eux-mêmes n&#8217;existaient que depuis 1815. Le nom choisi pour le nouvel état est dérivé du mot latin « Belgica », utilisé dans les «guerres des Gaules» de Jules César, pour décrire une région voisine dans la période autour de 55 avant notre ère. La Belgique fait partie d&#8217;une region connue sous le nom de Pays-Bas, aussi appelé Pays d&#8217;Embas, une région historiquement un peu plus grande que le groupe d&#8217;États du Benelux, car elle comprenait également des parties du nord de la France. Depuis le Moyen Âge, sa situation centrale à proximité de plusieurs grands fleuves signifie que la région est relativement prospère, liée commercialement et politiquement à ses plus grands voisins. La Belgique a également été le champ de bataille des puissances européennes, ce qui lui a valu le surnom de « champ de bataille de l&#8217;Europe », une réputation renforcée au XXe siècle par les deux guerres mondiales.</p>
<figure id="attachment_7999" aria-describedby="caption-attachment-7999" style="width: 360px" class="wp-caption alignright"><a href="https://gifex.com/fr/wp-content/uploads/723/Image-satellite-de-la-Belgique-2001.jpg" target="_blank" rel="noopener"><img decoding="async" class="wp-image-7999" style="width: 100%; max-width: 360px; height: auto;" title="Image satellite de la Belgique 2001" src="https://gifex.com/fr/wp-content/uploads/723/Image-satellite-de-la-Belgique-2001-300x249.jpg" alt="Image satellite de la Belgique 2001" width="360" height="299" srcset="https://gifex.com/fr/wp-content/uploads/723/Image-satellite-de-la-Belgique-2001-300x249.jpg 300w, https://gifex.com/fr/wp-content/uploads/723/Image-satellite-de-la-Belgique-2001-1024x849.jpg 1024w, https://gifex.com/fr/wp-content/uploads/723/Image-satellite-de-la-Belgique-2001-768x637.jpg 768w, https://gifex.com/fr/wp-content/uploads/723/Image-satellite-de-la-Belgique-2001.jpg 1108w" sizes="(max-width: 360px) 100vw, 360px" /></a><figcaption id="caption-attachment-7999" class="wp-caption-text"><label style="font-size: 15px;">Image satellite de la Belgique 2001</label></figcaption></figure>
<p>La Belgique a participé à la révolution industrielle et, au cours du 20<sup>e</sup> siècle, a possédé un certain nombre de colonies en Afrique. Entre 1888 et 1908, Léopold II, roi de Belgique, a perpétré l&#8217;un des plus grands massacres de l&#8217;histoire de l&#8217;humanité dans l&#8217;État indépendant du Congo, qui était sa propriété privée, et pas encore une colonie de la Belgique. Les estimations du nombre de morts sont contestées, mais des millions de personnes, une partie importante de la population, sont mortes pour cause des exportations de caoutchouc et d&#8217;ivoire.</p>
<p>La seconde moitié du XX<sup>e</sup> siècle a été marquée par la montée des tensions entre néerlandophones et francophones alimentées par les différences de langue et de culture et par le développement économique inégal de la Flandre et de la Wallonie. Cet antagonisme persistant a conduit à plusieurs réformes de grande envergure, aboutissant à une transition d&#8217;un régime unitaire à un régime fédéral au cours de la période 1970-1993. Malgré les réformes, les tensions entre les groupes sont restées, sinon accrues; il existe un séparatisme important, notamment chez les Flamands; il existe des lois linguistiques controversées telles que les municipalités dotées de facilités linguistiques; et la formation d&#8217;un gouvernement de coalition a pris 18 mois après les élections fédérales de juin 2010, un record mondial. Le chômage en Wallonie est plus du double de celui de la Flandre, qui a connu un essor après la Seconde Guerre mondiale.</p>
<figure id="attachment_8001" aria-describedby="caption-attachment-8001" style="width: 360px" class="wp-caption alignright"><a href="https://gifex.com/fr/wp-content/uploads/723/Langerei-a-Bruges.jpg" target="_blank" rel="noopener"><img loading="lazy" decoding="async" class="wp-image-8001" style="width: 100%; max-width: 360px; height: auto;" title="Le Langerei à Bruges" src="https://gifex.com/fr/wp-content/uploads/723/Langerei-a-Bruges-300x197.jpg" alt="Le Langerei à Bruges" width="360" height="237" srcset="https://gifex.com/fr/wp-content/uploads/723/Langerei-a-Bruges-300x197.jpg 300w, https://gifex.com/fr/wp-content/uploads/723/Langerei-a-Bruges-1024x674.jpg 1024w, https://gifex.com/fr/wp-content/uploads/723/Langerei-a-Bruges-768x506.jpg 768w, https://gifex.com/fr/wp-content/uploads/723/Langerei-a-Bruges-1536x1011.jpg 1536w, https://gifex.com/fr/wp-content/uploads/723/Langerei-a-Bruges-2048x1348.jpg 2048w, https://gifex.com/fr/wp-content/uploads/723/Langerei-a-Bruges-1600x1053.jpg 1600w" sizes="(max-width: 360px) 100vw, 360px" /></a><figcaption id="caption-attachment-8001" class="wp-caption-text"><label style="font-size: 15px;">Le Langerei à Bruges.</label></figcaption></figure>
<p>La Belgique est l&#8217;un des six pays fondateurs de l&#8217;Union européenne et sa capitale, Bruxelles, accueille les sièges officiels de la Commission européenne, du Conseil de l&#8217;Union européenne et du Conseil européen, ainsi que l&#8217;un des deux sièges du Parlement européen. (l&#8217;autre étant Strasbourg). La Belgique est également membre fondateur de la zone euro, de l&#8217;OTAN, de l&#8217;OCDE et de l&#8217;OMC, et fait partie de l&#8217;Union trilatérale Benelux et de l&#8217;espace Schengen. Bruxelles abrite le siège de nombreuses grandes organisations internationales telles que l&#8217;OTAN.</p>
<p>La Belgique est un pays développé, avec une économie avancée à revenu élevé. Elle a un niveau de vie, une qualité de vie, des soins de santé, une éducation très élevés et est classé comme «très élevé» dans l&#8217;indice de développement humain. Elle se classe également parmi les pays les plus sûrs ou les plus pacifiques du monde.</p>

<p>Carte de la Belgique, officiellement le Royaume de Belgique, un pays d&#8217;Europe occidentale. Elle est bordé par les Pays-Bas au nord, l&#8217;Allemagne à l&#8217;est, l</p>
