{"id":711,"date":"2022-02-04T00:14:20","date_gmt":"2022-02-04T00:14:20","guid":{"rendered":"https:\/\/gifex.com\/fr\/?post_type=ficha&#038;p=711"},"modified":"2024-04-20T12:30:00","modified_gmt":"2024-04-20T12:30:00","slug":"ou-se-trouve-la-macedoine-du-nord","status":"publish","type":"ficha","link":"https:\/\/gifex.com\/fr\/fichier\/ou-se-trouve-la-macedoine-du-nord\/","title":{"rendered":"O\u00f9 se trouve la Mac\u00e9doine du Nord ?"},"content":{"rendered":"<p style=\"text-align: center;\"><label style=\"font-size: 15px;\">Carte de localisation de la Mac\u00e9doine du Nord sur le globe.<\/label><\/p>\n<p>La Mac\u00e9doine du Nord (en orange sur les cartes ci-dessus et ci-dessous) se situe en Europe du Sud, plus pr\u00e9cis\u00e9ment dans la p\u00e9ninsule des <a href=\"https:\/\/gifex.com\/fr\/fichier\/carte-des-balkans\/\" rel=\"noopener\" target=\"_blank\">Balkans<\/a>.<\/p>\n<p>La Mac\u00e9doine du Nord, pays sans littoral, est frontalier avec le Kosovo au nord-ouest, la Serbie au nord, la Bulgarie \u00e0 l&#8217;est, la Gr\u00e8ce au sud et l&#8217;Albanie \u00e0 l&#8217;ouest. Son territoire se trouve entre 40\u00b050&#8242; et 42\u00b020&#8242; de latitude nord et 20\u00b027&#8242; et 23\u00b005&#8242; de longitude est.<\/p>\n<figure id=\"attachment_45628\" aria-describedby=\"caption-attachment-45628\" style=\"width: 400px\" class=\"wp-caption aligncenter\"><a href=\"https:\/\/gifex.com\/fr\/wp-content\/uploads\/711\/Carte-de-localisation-de-la-Macedoine-du-Nord-en-Europe.png\" target=\"_blank\" rel=\"noopener\"><img fetchpriority=\"high\" decoding=\"async\" class=\"wp-image-45628\" title=\"Carte de localisation de la Mac\u00e9doine du Nord en Europe.\" src=\"https:\/\/gifex.com\/fr\/wp-content\/uploads\/711\/Carte-de-localisation-de-la-Macedoine-du-Nord-en-Europe-300x257.png\" alt=\"Carte de localisation de la Mac\u00e9doine du Nord en Europe.\" width=\"400\" height=\"342\" srcset=\"https:\/\/gifex.com\/fr\/wp-content\/uploads\/711\/Carte-de-localisation-de-la-Macedoine-du-Nord-en-Europe-300x257.png 300w, https:\/\/gifex.com\/fr\/wp-content\/uploads\/711\/Carte-de-localisation-de-la-Macedoine-du-Nord-en-Europe-1024x876.png 1024w, https:\/\/gifex.com\/fr\/wp-content\/uploads\/711\/Carte-de-localisation-de-la-Macedoine-du-Nord-en-Europe-768x657.png 768w, https:\/\/gifex.com\/fr\/wp-content\/uploads\/711\/Carte-de-localisation-de-la-Macedoine-du-Nord-en-Europe-1536x1313.png 1536w, https:\/\/gifex.com\/fr\/wp-content\/uploads\/711\/Carte-de-localisation-de-la-Macedoine-du-Nord-en-Europe-2048x1751.png 2048w, https:\/\/gifex.com\/fr\/wp-content\/uploads\/711\/Carte-de-localisation-de-la-Macedoine-du-Nord-en-Europe-1600x1368.png 1600w\" sizes=\"(max-width: 400px) 100vw, 400px\" \/><\/a><figcaption id=\"caption-attachment-45628\" class=\"wp-caption-text\"><label style=\"font-size: 15px;\">Carte de localisation de la Mac\u00e9doine du Nord en Europe.<\/label><\/figcaption><\/figure>\n","protected":false},"excerpt":{"rendered":"<p>La Mac\u00e9doine du Nord (en orange sur les cartes ci-dessus et ci-dessous) se situe en Europe du Sud, plus pr\u00e9cis\u00e9ment dans la p\u00e9ninsule des Balkans.<\/p>\n","protected":false},"author":1,"featured_media":45629,"template":"","categoria_ficha":[99],"class_list":["post-711","ficha","type-ficha","status-publish","has-post-thumbnail","hentry","categoria_ficha-cartes-de-la-macedoine-du-nord"],"acf":[],"_links":{"self":[{"href":"https:\/\/gifex.com\/fr\/wp-json\/wp\/v2\/ficha\/711","targetHints":{"allow":["GET"]}}],"collection":[{"href":"https:\/\/gifex.com\/fr\/wp-json\/wp\/v2\/ficha"}],"about":[{"href":"https:\/\/gifex.com\/fr\/wp-json\/wp\/v2\/types\/ficha"}],"author":[{"embeddable":true,"href":"https:\/\/gifex.com\/fr\/wp-json\/wp\/v2\/users\/1"}],"version-history":[{"count":6,"href":"https:\/\/gifex.com\/fr\/wp-json\/wp\/v2\/ficha\/711\/revisions"}],"predecessor-version":[{"id":46381,"href":"https:\/\/gifex.com\/fr\/wp-json\/wp\/v2\/ficha\/711\/revisions\/46381"}],"wp:featuredmedia":[{"embeddable":true,"href":"https:\/\/gifex.com\/fr\/wp-json\/wp\/v2\/media\/45629"}],"wp:attachment":[{"href":"https:\/\/gifex.com\/fr\/wp-json\/wp\/v2\/media?parent=711"}],"wp:term":[{"taxonomy":"categoria_ficha","embeddable":true,"href":"https:\/\/gifex.com\/fr\/wp-json\/wp\/v2\/categoria_ficha?post=711"}],"curies":[{"name":"wp","href":"https:\/\/api.w.org\/{rel}","templated":true}]}}

Où se trouve la Macédoine du Nord ?

<p style="text-align: center;"><label style="font-size: 15px;">Carte de localisation de la Macédoine du Nord sur le globe.</label></p>
<p>La Macédoine du Nord (en orange sur les cartes ci-dessus et ci-dessous) se situe en Europe du Sud, plus précisément dans la péninsule des <a href="https://gifex.com/fr/fichier/carte-des-balkans/" rel="noopener" target="_blank">Balkans</a>.</p>
<p>La Macédoine du Nord, pays sans littoral, est frontalier avec le Kosovo au nord-ouest, la Serbie au nord, la Bulgarie à l&#8217;est, la Grèce au sud et l&#8217;Albanie à l&#8217;ouest. Son territoire se trouve entre 40°50&#8242; et 42°20&#8242; de latitude nord et 20°27&#8242; et 23°05&#8242; de longitude est.</p>
<figure id="attachment_45628" aria-describedby="caption-attachment-45628" style="width: 400px" class="wp-caption aligncenter"><a href="https://gifex.com/fr/wp-content/uploads/711/Carte-de-localisation-de-la-Macedoine-du-Nord-en-Europe.png" target="_blank" rel="noopener"><img fetchpriority="high" decoding="async" class="wp-image-45628" title="Carte de localisation de la Macédoine du Nord en Europe." src="https://gifex.com/fr/wp-content/uploads/711/Carte-de-localisation-de-la-Macedoine-du-Nord-en-Europe-300x257.png" alt="Carte de localisation de la Macédoine du Nord en Europe." width="400" height="342" srcset="https://gifex.com/fr/wp-content/uploads/711/Carte-de-localisation-de-la-Macedoine-du-Nord-en-Europe-300x257.png 300w, https://gifex.com/fr/wp-content/uploads/711/Carte-de-localisation-de-la-Macedoine-du-Nord-en-Europe-1024x876.png 1024w, https://gifex.com/fr/wp-content/uploads/711/Carte-de-localisation-de-la-Macedoine-du-Nord-en-Europe-768x657.png 768w, https://gifex.com/fr/wp-content/uploads/711/Carte-de-localisation-de-la-Macedoine-du-Nord-en-Europe-1536x1313.png 1536w, https://gifex.com/fr/wp-content/uploads/711/Carte-de-localisation-de-la-Macedoine-du-Nord-en-Europe-2048x1751.png 2048w, https://gifex.com/fr/wp-content/uploads/711/Carte-de-localisation-de-la-Macedoine-du-Nord-en-Europe-1600x1368.png 1600w" sizes="(max-width: 400px) 100vw, 400px" /></a><figcaption id="caption-attachment-45628" class="wp-caption-text"><label style="font-size: 15px;">Carte de localisation de la Macédoine du Nord en Europe.</label></figcaption></figure>

<p>La Macédoine du Nord (en orange sur les cartes ci-dessus et ci-dessous) se situe en Europe du Sud, plus précisément dans la péninsule des Balkans.</p>
