{"id":6957,"date":"2022-03-01T19:06:50","date_gmt":"2022-03-01T19:06:50","guid":{"rendered":"https:\/\/gifex.com\/fr\/?post_type=ficha&#038;p=6957"},"modified":"2023-01-28T21:55:06","modified_gmt":"2023-01-28T21:55:06","slug":"le-drapeau-de-la-suisse","status":"publish","type":"ficha","link":"https:\/\/gifex.com\/fr\/fichier\/le-drapeau-de-la-suisse\/","title":{"rendered":"Le drapeau de la Suisse"},"content":{"rendered":"<p>Le drapeau de la Suisse est un carr\u00e9 rouge avec une croix blanche \u00e9quilat\u00e9rale en gras au centre qui ne s&#8217;\u00e9tend pas jusqu&#8217;aux bords du drapeau; diverses l\u00e9gendes m\u00e9di\u00e9vales pr\u00e9tendent d\u00e9crire l&#8217;origine du drapeau; une croix blanche utilis\u00e9e comme identification pour les troupes de la Conf\u00e9d\u00e9ration suisse est attest\u00e9e pour la premi\u00e8re fois \u00e0 la bataille de Laupen (1339). note : en 1863, une organisation humanitaire internationale nouvellement form\u00e9e se r\u00e9unissant \u00e0 Gen\u00e8ve, en Suisse, a cherch\u00e9 \u00e0 proposer un drapeau ou un logo d&#8217;identification, ils ont choisi l&#8217;inverse du drapeau suisse &#8211; une croix rouge sur un champ blanc &#8211; comme symbole\u00a0; aujourd&#8217;hui, cette organisation est connue dans le monde entier sous le nom de Croix-Rouge internationale.<\/p>\n","protected":false},"excerpt":{"rendered":"<p>Le drapeau de la Suisse est un carr\u00e9 rouge avec une croix blanche \u00e9quilat\u00e9rale en gras au centre qui ne s&#8217;\u00e9tend pas jusqu&#8217;aux bords du drapeau; diverses l\u00e9gendes m\u00e9di\u00e9vales pr\u00e9tendent d\u00e9crire l&#8217;origine du drapeau; une croix blanche utilis\u00e9e comme identification pour les troupes de la Conf\u00e9d\u00e9ration suisse est attest\u00e9e pour la premi\u00e8re fois \u00e0 la [&hellip;]<\/p>\n","protected":false},"author":1,"featured_media":6958,"template":"","categoria_ficha":[139],"class_list":["post-6957","ficha","type-ficha","status-publish","has-post-thumbnail","hentry","categoria_ficha-cartes-de-la-suisse"],"acf":[],"_links":{"self":[{"href":"https:\/\/gifex.com\/fr\/wp-json\/wp\/v2\/ficha\/6957","targetHints":{"allow":["GET"]}}],"collection":[{"href":"https:\/\/gifex.com\/fr\/wp-json\/wp\/v2\/ficha"}],"about":[{"href":"https:\/\/gifex.com\/fr\/wp-json\/wp\/v2\/types\/ficha"}],"author":[{"embeddable":true,"href":"https:\/\/gifex.com\/fr\/wp-json\/wp\/v2\/users\/1"}],"version-history":[{"count":3,"href":"https:\/\/gifex.com\/fr\/wp-json\/wp\/v2\/ficha\/6957\/revisions"}],"predecessor-version":[{"id":31457,"href":"https:\/\/gifex.com\/fr\/wp-json\/wp\/v2\/ficha\/6957\/revisions\/31457"}],"wp:featuredmedia":[{"embeddable":true,"href":"https:\/\/gifex.com\/fr\/wp-json\/wp\/v2\/media\/6958"}],"wp:attachment":[{"href":"https:\/\/gifex.com\/fr\/wp-json\/wp\/v2\/media?parent=6957"}],"wp:term":[{"taxonomy":"categoria_ficha","embeddable":true,"href":"https:\/\/gifex.com\/fr\/wp-json\/wp\/v2\/categoria_ficha?post=6957"}],"curies":[{"name":"wp","href":"https:\/\/api.w.org\/{rel}","templated":true}]}}

<p>Le drapeau de la Suisse est un carré rouge avec une croix blanche équilatérale en gras au centre qui ne s&#8217;étend pas jusqu&#8217;aux bords du drapeau; diverses légendes médiévales prétendent décrire l&#8217;origine du drapeau; une croix blanche utilisée comme identification pour les troupes de la Confédération suisse est attestée pour la première fois à la bataille de Laupen (1339). note : en 1863, une organisation humanitaire internationale nouvellement formée se réunissant à Genève, en Suisse, a cherché à proposer un drapeau ou un logo d&#8217;identification, ils ont choisi l&#8217;inverse du drapeau suisse &#8211; une croix rouge sur un champ blanc &#8211; comme symbole ; aujourd&#8217;hui, cette organisation est connue dans le monde entier sous le nom de Croix-Rouge internationale.</p>

<p>Le drapeau de la Suisse est un carré rouge avec une croix blanche équilatérale en gras au centre qui ne s&#8217;étend pas jusqu&#8217;aux bords du drapeau; diverses légendes médiévales prétendent décrire l&#8217;origine du drapeau; une croix blanche utilisée comme identification pour les troupes de la Confédération suisse est attestée pour la première fois à la [&hellip;]</p>
