{"id":6942,"date":"2022-03-01T15:08:05","date_gmt":"2022-03-01T15:08:05","guid":{"rendered":"https:\/\/gifex.com\/fr\/?post_type=ficha&#038;p=6942"},"modified":"2022-08-12T12:44:47","modified_gmt":"2022-08-12T12:44:47","slug":"carte-de-la-suisse-a-l-epoque-romaine","status":"publish","type":"ficha","link":"https:\/\/gifex.com\/fr\/fichier\/carte-de-la-suisse-a-l-epoque-romaine\/","title":{"rendered":"Carte de la Suisse \u00e0 l&#8217;\u00e9poque romaine"},"content":{"rendered":"<p>Le territoire de la <strong>Suisse<\/strong> moderne a fait partie de la R\u00e9publique et de l&#8217;Empire <strong>romains<\/strong> (voir <strong>carte<\/strong> ci-dessus) pendant une p\u00e9riode d&#8217;environ six si\u00e8cles, commen\u00e7ant par la conqu\u00eate \u00e9tape par \u00e9tape de la r\u00e9gion par les arm\u00e9es romaines \u00e0 partir du IIe si\u00e8cle av. J.-C. et se terminant par le d\u00e9clin de l&#8217;Empire romain d&#8217;Occident au 5\u00e8me si\u00e8cle apr\u00e8s JC.<\/p>\n<figure id=\"attachment_6945\" aria-describedby=\"caption-attachment-6945\" style=\"width: 360px\" class=\"wp-caption alignright\"><a href=\"https:\/\/gifex.com\/fr\/wp-content\/uploads\/6942\/Cesar-et-Divico-sur-la-Saone-peinture-de-Karl-Jauslin.jpg\" target=\"_blank\" rel=\"noopener\"><img fetchpriority=\"high\" decoding=\"async\" class=\"wp-image-6945\" style=\"width: 100%; max-width: 360px; height: auto;\" title=\"C\u00e9sar et Divico sur la Sa\u00f4ne, peinture de Karl Jauslin\" src=\"https:\/\/gifex.com\/fr\/wp-content\/uploads\/6942\/Cesar-et-Divico-sur-la-Saone-peinture-de-Karl-Jauslin-300x218.jpg\" alt=\"C\u00e9sar et Divico sur la Sa\u00f4ne, peinture de Karl Jauslin\" width=\"360\" height=\"261\" srcset=\"https:\/\/gifex.com\/fr\/wp-content\/uploads\/6942\/Cesar-et-Divico-sur-la-Saone-peinture-de-Karl-Jauslin-300x218.jpg 300w, https:\/\/gifex.com\/fr\/wp-content\/uploads\/6942\/Cesar-et-Divico-sur-la-Saone-peinture-de-Karl-Jauslin-1024x743.jpg 1024w, https:\/\/gifex.com\/fr\/wp-content\/uploads\/6942\/Cesar-et-Divico-sur-la-Saone-peinture-de-Karl-Jauslin-768x558.jpg 768w, https:\/\/gifex.com\/fr\/wp-content\/uploads\/6942\/Cesar-et-Divico-sur-la-Saone-peinture-de-Karl-Jauslin-1536x1115.jpg 1536w, https:\/\/gifex.com\/fr\/wp-content\/uploads\/6942\/Cesar-et-Divico-sur-la-Saone-peinture-de-Karl-Jauslin-1600x1162.jpg 1600w, https:\/\/gifex.com\/fr\/wp-content\/uploads\/6942\/Cesar-et-Divico-sur-la-Saone-peinture-de-Karl-Jauslin.jpg 2000w\" sizes=\"(max-width: 360px) 100vw, 360px\" \/><\/a><figcaption id=\"caption-attachment-6945\" class=\"wp-caption-text\"><label style=\"font-size: 15px;\">C\u00e9sar et Divico sur la Sa\u00f4ne, peinture de Karl Jauslin<\/label><\/figcaption><\/figure>\n<p>Les tribus principalement celtiques de la r\u00e9gion ont \u00e9t\u00e9 subjugu\u00e9es par des campagnes romaines successives visant \u00e0 contr\u00f4ler les routes strat\u00e9giques de l&#8217;Italie \u00e0 travers les Alpes jusqu&#8217;au Rhin et en Gaule, surtout par la d\u00e9faite de Jules C\u00e9sar du plus grand groupe tribal, les Helv\u00e8tes, dans la Guerre des Gaules en 58 av. J.-C.<\/p>\n<p>Sous la Pax Romana, la r\u00e9gion fut int\u00e9gr\u00e9e en douceur dans le prosperant Empire et sa population assimil\u00e9e \u00e0 la culture gallo-romaine au sens large au IIe si\u00e8cle apr\u00e8s JC, alors que les Romains enr\u00f4laient l&#8217;aristocratie indig\u00e8ne pour l&#8217;engager dans le gouvernement local, ils construisaient un r\u00e9seau de routes reliant leurs villes coloniales nouvellement \u00e9tablies et divisa la r\u00e9gion entre les provinces romaines.<\/p>\n<p>La civilisation romaine a commenc\u00e9 \u00e0 se retirer du territoire suisse lorsqu&#8217;il est redevenu une r\u00e9gion frontali\u00e8re apr\u00e8s la crise du IIIe si\u00e8cle. Le contr\u00f4le romain s&#8217;est affaibli apr\u00e8s 401 apr\u00e8s JC, mais n&#8217;a compl\u00e8tement disparu qu&#8217;au milieu du Ve si\u00e8cle, apr\u00e8s quoi la r\u00e9gion a commenc\u00e9 \u00e0 \u00eatre occup\u00e9e par des peuples germaniques.<\/p>\n","protected":false},"excerpt":{"rendered":"<p>Le territoire de la Suisse moderne a fait partie de la R\u00e9publique et de l&#8217;Empire romains (voir carte ci-dessus) pendant une p\u00e9riode d&#8217;environ six si\u00e8cles, commen\u00e7ant par la conqu\u00eate \u00e9tape par \u00e9tape de la r\u00e9gion par les arm\u00e9es romaines \u00e0 partir du IIe si\u00e8cle av. J.-C. et se terminant par le d\u00e9clin de l&#8217;Empire romain [&hellip;]<\/p>\n","protected":false},"author":1,"featured_media":6943,"template":"","categoria_ficha":[139],"class_list":["post-6942","ficha","type-ficha","status-publish","has-post-thumbnail","hentry","categoria_ficha-cartes-de-la-suisse"],"acf":[],"_links":{"self":[{"href":"https:\/\/gifex.com\/fr\/wp-json\/wp\/v2\/ficha\/6942","targetHints":{"allow":["GET"]}}],"collection":[{"href":"https:\/\/gifex.com\/fr\/wp-json\/wp\/v2\/ficha"}],"about":[{"href":"https:\/\/gifex.com\/fr\/wp-json\/wp\/v2\/types\/ficha"}],"author":[{"embeddable":true,"href":"https:\/\/gifex.com\/fr\/wp-json\/wp\/v2\/users\/1"}],"version-history":[{"count":6,"href":"https:\/\/gifex.com\/fr\/wp-json\/wp\/v2\/ficha\/6942\/revisions"}],"predecessor-version":[{"id":20547,"href":"https:\/\/gifex.com\/fr\/wp-json\/wp\/v2\/ficha\/6942\/revisions\/20547"}],"wp:featuredmedia":[{"embeddable":true,"href":"https:\/\/gifex.com\/fr\/wp-json\/wp\/v2\/media\/6943"}],"wp:attachment":[{"href":"https:\/\/gifex.com\/fr\/wp-json\/wp\/v2\/media?parent=6942"}],"wp:term":[{"taxonomy":"categoria_ficha","embeddable":true,"href":"https:\/\/gifex.com\/fr\/wp-json\/wp\/v2\/categoria_ficha?post=6942"}],"curies":[{"name":"wp","href":"https:\/\/api.w.org\/{rel}","templated":true}]}}

Carte de la Suisse à l&#8217;époque romaine

<p>Le territoire de la <strong>Suisse</strong> moderne a fait partie de la République et de l&#8217;Empire <strong>romains</strong> (voir <strong>carte</strong> ci-dessus) pendant une période d&#8217;environ six siècles, commençant par la conquête étape par étape de la région par les armées romaines à partir du IIe siècle av. J.-C. et se terminant par le déclin de l&#8217;Empire romain d&#8217;Occident au 5ème siècle après JC.</p>
<figure id="attachment_6945" aria-describedby="caption-attachment-6945" style="width: 360px" class="wp-caption alignright"><a href="https://gifex.com/fr/wp-content/uploads/6942/Cesar-et-Divico-sur-la-Saone-peinture-de-Karl-Jauslin.jpg" target="_blank" rel="noopener"><img fetchpriority="high" decoding="async" class="wp-image-6945" style="width: 100%; max-width: 360px; height: auto;" title="César et Divico sur la Saône, peinture de Karl Jauslin" src="https://gifex.com/fr/wp-content/uploads/6942/Cesar-et-Divico-sur-la-Saone-peinture-de-Karl-Jauslin-300x218.jpg" alt="César et Divico sur la Saône, peinture de Karl Jauslin" width="360" height="261" srcset="https://gifex.com/fr/wp-content/uploads/6942/Cesar-et-Divico-sur-la-Saone-peinture-de-Karl-Jauslin-300x218.jpg 300w, https://gifex.com/fr/wp-content/uploads/6942/Cesar-et-Divico-sur-la-Saone-peinture-de-Karl-Jauslin-1024x743.jpg 1024w, https://gifex.com/fr/wp-content/uploads/6942/Cesar-et-Divico-sur-la-Saone-peinture-de-Karl-Jauslin-768x558.jpg 768w, https://gifex.com/fr/wp-content/uploads/6942/Cesar-et-Divico-sur-la-Saone-peinture-de-Karl-Jauslin-1536x1115.jpg 1536w, https://gifex.com/fr/wp-content/uploads/6942/Cesar-et-Divico-sur-la-Saone-peinture-de-Karl-Jauslin-1600x1162.jpg 1600w, https://gifex.com/fr/wp-content/uploads/6942/Cesar-et-Divico-sur-la-Saone-peinture-de-Karl-Jauslin.jpg 2000w" sizes="(max-width: 360px) 100vw, 360px" /></a><figcaption id="caption-attachment-6945" class="wp-caption-text"><label style="font-size: 15px;">César et Divico sur la Saône, peinture de Karl Jauslin</label></figcaption></figure>
<p>Les tribus principalement celtiques de la région ont été subjuguées par des campagnes romaines successives visant à contrôler les routes stratégiques de l&#8217;Italie à travers les Alpes jusqu&#8217;au Rhin et en Gaule, surtout par la défaite de Jules César du plus grand groupe tribal, les Helvètes, dans la Guerre des Gaules en 58 av. J.-C.</p>
<p>Sous la Pax Romana, la région fut intégrée en douceur dans le prosperant Empire et sa population assimilée à la culture gallo-romaine au sens large au IIe siècle après JC, alors que les Romains enrôlaient l&#8217;aristocratie indigène pour l&#8217;engager dans le gouvernement local, ils construisaient un réseau de routes reliant leurs villes coloniales nouvellement établies et divisa la région entre les provinces romaines.</p>
<p>La civilisation romaine a commencé à se retirer du territoire suisse lorsqu&#8217;il est redevenu une région frontalière après la crise du IIIe siècle. Le contrôle romain s&#8217;est affaibli après 401 après JC, mais n&#8217;a complètement disparu qu&#8217;au milieu du Ve siècle, après quoi la région a commencé à être occupée par des peuples germaniques.</p>

<p>Le territoire de la Suisse moderne a fait partie de la République et de l&#8217;Empire romains (voir carte ci-dessus) pendant une période d&#8217;environ six siècles, commençant par la conquête étape par étape de la région par les armées romaines à partir du IIe siècle av. J.-C. et se terminant par le déclin de l&#8217;Empire romain [&hellip;]</p>
