{"id":607,"date":"2022-02-04T00:13:23","date_gmt":"2022-02-04T00:13:23","guid":{"rendered":"https:\/\/gifex.com\/fr\/?post_type=ficha&#038;p=607"},"modified":"2022-08-07T21:51:00","modified_gmt":"2022-08-07T21:51:00","slug":"quelles-sont-les-principales-villes-de-colombie","status":"publish","type":"ficha","link":"https:\/\/gifex.com\/fr\/fichier\/quelles-sont-les-principales-villes-de-colombie\/","title":{"rendered":"Quelles sont les principales villes de Colombie ?"},"content":{"rendered":"<p>Carte de la <strong>Colombie<\/strong> montrant les <strong>principales villes<\/strong> ainsi que certaines parties des pays environnants et l&#8217;oc\u00e9an Pacifique Nord.<\/p>\n<p>Le tableau ci-dessous montre les plus grandes r\u00e9gions m\u00e9tropolitaines de Colombie (population estim\u00e9e en 2019 par DANE).<\/p>\n<div class=\"boxscrl\">\n<table width=\"216\">\n<tbody>\n<tr>\n<td colspan=\"2\" width=\"216\">R\u00e9gions m\u00e9tropolitaines colombiennes par population en 2019<\/td>\n<\/tr>\n<tr>\n<td width=\"141\">Aire urbaine<\/td>\n<td width=\"75\">Population<\/td>\n<\/tr>\n<tr>\n<td width=\"141\">Bogota<\/td>\n<td width=\"75\">9,886,678<\/td>\n<\/tr>\n<tr>\n<td width=\"141\">Valle de Aburr\u00e1<\/td>\n<td width=\"75\">3,952,494<\/td>\n<\/tr>\n<tr>\n<td width=\"141\">Cali<\/td>\n<td width=\"75\">3,151,710<\/td>\n<\/tr>\n<tr>\n<td width=\"141\">Barranquilla<\/td>\n<td width=\"75\">2,123,081<\/td>\n<\/tr>\n<tr>\n<td width=\"141\">Carthag\u00e8ne des Indes<\/td>\n<td width=\"75\">1,382,015<\/td>\n<\/tr>\n<tr>\n<td width=\"141\">Bucaramanga<\/td>\n<td width=\"75\">1,160,243<\/td>\n<\/tr>\n<tr>\n<td width=\"141\">C\u00facuta<\/td>\n<td width=\"75\">892,732<\/td>\n<\/tr>\n<tr>\n<td width=\"141\">Pereira<\/td>\n<td width=\"75\">717,914<\/td>\n<\/tr>\n<tr>\n<td width=\"141\">Santa Marta<\/td>\n<td width=\"75\">716,569<\/td>\n<\/tr>\n<tr>\n<td width=\"141\">Villavicencio<\/td>\n<td width=\"75\">641,634<\/td>\n<\/tr>\n<tr>\n<td width=\"141\">Ibagu\u00e9<\/td>\n<td width=\"75\">638,494<\/td>\n<\/tr>\n<tr>\n<td width=\"141\">Valledupar<\/td>\n<td width=\"75\">594,677<\/td>\n<\/tr>\n<\/tbody>\n<\/table>\n<p>Il y a 1 105 municipalit\u00e9s en Colombie. Les communes &#8211; la plus grande est Cumaribo avec 65 674 kilom\u00e8tres carr\u00e9s &#8211; ont en partie la superficie des r\u00e9gions fran\u00e7aises (\u00e0 titre de comparaison : Auvergne-Rh\u00f4ne-Alpes 69 711 kilom\u00e8tres carr\u00e9s). Elles se composent g\u00e9n\u00e9ralement de plusieurs localit\u00e9s. La zone administrative comprend souvent \u00e0 la fois l&#8217;agglom\u00e9ration centrale, principalement urbaine qui lui donne son nom, ainsi que la grande r\u00e9gion environnante, c&#8217;est-\u00e0-dire de vastes zones rurales.<\/p>\n<\/div>\n<p>Le tableau plus bas r\u00e9pertorie les villes colombiennes de plus de 100 000 habitants au recensement de 2018. Le d\u00e9partement auquel appartient la ville est \u00e9galement r\u00e9pertori\u00e9. Bogot\u00e1 forme sa propre capitale et n&#8217;appartient \u00e0 aucun d\u00e9partement. Les chiffres de population se rapportent \u00e0 l&#8217;\u00e9tablissement urbain respectif au sens strict &#8211; la ville-centre &#8211; et non \u00e0 la commune au sens politique.<\/p>\n<div class=\"boxscrl\">\n<table width=\"345\">\n<tbody>\n<tr>\n<td colspan=\"3\" width=\"345\">Villes colombiennes par population en 2018<\/td>\n<\/tr>\n<tr>\n<td width=\"141\">Ville<\/td>\n<td width=\"75\">Population<\/td>\n<td width=\"129\">D\u00e9partement<\/td>\n<\/tr>\n<tr>\n<td width=\"141\">Bogota<\/td>\n<td width=\"75\">7,387,400<\/td>\n<td width=\"129\">Distrito Capital<\/td>\n<\/tr>\n<tr>\n<td width=\"141\">Medell\u00edn<\/td>\n<td width=\"75\">2,382,399<\/td>\n<td width=\"129\">Antioquia<\/td>\n<\/tr>\n<tr>\n<td width=\"141\">Cali<\/td>\n<td width=\"75\">2,172,527<\/td>\n<td width=\"129\">Valle del Cauca<\/td>\n<\/tr>\n<tr>\n<td width=\"141\">Barranquilla<\/td>\n<td width=\"75\">1,205,284<\/td>\n<td width=\"129\">Atl\u00e1ntico<\/td>\n<\/tr>\n<tr>\n<td width=\"141\">Carthag\u00e8ne des Indes<\/td>\n<td width=\"75\">876,885<\/td>\n<td width=\"129\">Bol\u00edvar<\/td>\n<\/tr>\n<tr>\n<td width=\"141\">C\u00facuta<\/td>\n<td width=\"75\">685,445<\/td>\n<td width=\"129\">Norte de Santander<\/td>\n<\/tr>\n<tr>\n<td width=\"141\">Soacha<\/td>\n<td width=\"75\">655,025<\/td>\n<td width=\"129\">Cundinamarca<\/td>\n<\/tr>\n<tr>\n<td width=\"141\">Soledad<\/td>\n<td width=\"75\">602,644<\/td>\n<td width=\"129\">Atl\u00e1ntico<\/td>\n<\/tr>\n<tr>\n<td width=\"141\">Bucaramanga<\/td>\n<td width=\"75\">570,752<\/td>\n<td width=\"129\">Santander<\/td>\n<\/tr>\n<tr>\n<td width=\"141\">Bello<\/td>\n<td width=\"75\">495,483<\/td>\n<td width=\"129\">Antioquia<\/td>\n<\/tr>\n<tr>\n<td width=\"141\">Ibagu\u00e9<\/td>\n<td width=\"75\">492,554<\/td>\n<td width=\"129\">Tolima<\/td>\n<\/tr>\n<tr>\n<td width=\"141\">Villavicencio<\/td>\n<td width=\"75\">492,052<\/td>\n<td width=\"129\">Meta<\/td>\n<\/tr>\n<tr>\n<td width=\"141\">Santa Marta<\/td>\n<td width=\"75\">455,299<\/td>\n<td width=\"129\">Magdalena<\/td>\n<\/tr>\n<tr>\n<td width=\"141\">Valledupar<\/td>\n<td width=\"75\">431,794<\/td>\n<td width=\"129\">Cesar<\/td>\n<\/tr>\n<tr>\n<td width=\"141\">Manizales<\/td>\n<td width=\"75\">405,234<\/td>\n<td width=\"129\">Caldas<\/td>\n<\/tr>\n<tr>\n<td width=\"141\">Monter\u00eda<\/td>\n<td width=\"75\">388,499<\/td>\n<td width=\"129\">C\u00f3rdoba<\/td>\n<\/tr>\n<tr>\n<td width=\"141\">Pereira<\/td>\n<td width=\"75\">385,838<\/td>\n<td width=\"129\">Risaralda<\/td>\n<\/tr>\n<tr>\n<td width=\"141\">Neiva<\/td>\n<td width=\"75\">335,994<\/td>\n<td width=\"129\">Huila<\/td>\n<\/tr>\n<tr>\n<td width=\"141\">Pasto<\/td>\n<td width=\"75\">308,095<\/td>\n<td width=\"129\">Nari\u00f1o<\/td>\n<\/tr>\n<tr>\n<td width=\"141\">Armenia<\/td>\n<td width=\"75\">287,245<\/td>\n<td width=\"129\">Quind\u00edo<\/td>\n<\/tr>\n<tr>\n<td width=\"141\">Floridablanca<\/td>\n<td width=\"75\">280,025<\/td>\n<td width=\"129\">Santander<\/td>\n<\/tr>\n<tr>\n<td width=\"141\">Palmira<\/td>\n<td width=\"75\">275,254<\/td>\n<td width=\"129\">Valle del Cauca<\/td>\n<\/tr>\n<tr>\n<td width=\"141\">Popay\u00e1n<\/td>\n<td width=\"75\">266,561<\/td>\n<td width=\"129\">Cauca<\/td>\n<\/tr>\n<tr>\n<td width=\"141\">Sincelejo<\/td>\n<td width=\"75\">249,323<\/td>\n<td width=\"129\">Sucre<\/td>\n<\/tr>\n<tr>\n<td width=\"141\">Itag\u00fc\u00ed<\/td>\n<td width=\"75\">247,918<\/td>\n<td width=\"129\">Antioquia<\/td>\n<\/tr>\n<tr>\n<td width=\"141\">Buenaventura<\/td>\n<td width=\"75\">235,064<\/td>\n<td width=\"129\">Valle del Cauca<\/td>\n<\/tr>\n<tr>\n<td width=\"141\">Envigado<\/td>\n<td width=\"75\">215,766<\/td>\n<td width=\"129\">Antioquia<\/td>\n<\/tr>\n<tr>\n<td width=\"141\">Dosquebradas<\/td>\n<td width=\"75\">204,280<\/td>\n<td width=\"129\">Risaralda<\/td>\n<\/tr>\n<tr>\n<td width=\"141\">Barrancabermeja<\/td>\n<td width=\"75\">177,272<\/td>\n<td width=\"129\">Santander<\/td>\n<\/tr>\n<tr>\n<td width=\"141\">Tulu\u00e1<\/td>\n<td width=\"75\">174,951<\/td>\n<td width=\"129\">Valle del Cauca<\/td>\n<\/tr>\n<tr>\n<td width=\"141\">Tunja<\/td>\n<td width=\"75\">163,894<\/td>\n<td width=\"129\">Boyac\u00e1<\/td>\n<\/tr>\n<tr>\n<td width=\"141\">Florencia<\/td>\n<td width=\"75\">147,939<\/td>\n<td width=\"129\">Caquet\u00e1<\/td>\n<\/tr>\n<tr>\n<td width=\"141\">Yopal<\/td>\n<td width=\"75\">143,619<\/td>\n<td width=\"129\">Casanare<\/td>\n<\/tr>\n<tr>\n<td width=\"141\">Gir\u00f3n<\/td>\n<td width=\"75\">141,107<\/td>\n<td width=\"129\">Santander<\/td>\n<\/tr>\n<tr>\n<td width=\"141\">Piedecuesta<\/td>\n<td width=\"75\">139,273<\/td>\n<td width=\"129\">Santander<\/td>\n<\/tr>\n<tr>\n<td width=\"141\">Cartago<\/td>\n<td width=\"75\">131,641<\/td>\n<td width=\"129\">Valle del Cauca<\/td>\n<\/tr>\n<tr>\n<td width=\"141\">Mosquera<\/td>\n<td width=\"75\">128,012<\/td>\n<td width=\"129\">Cundinamarca<\/td>\n<\/tr>\n<tr>\n<td width=\"141\">Riohacha<\/td>\n<td width=\"75\">126,103<\/td>\n<td width=\"129\">La Guajira<\/td>\n<\/tr>\n<tr>\n<td width=\"141\">Facatativ\u00e1<\/td>\n<td width=\"75\">125,348<\/td>\n<td width=\"129\">Cundinamarca<\/td>\n<\/tr>\n<tr>\n<td width=\"141\">Malambo<\/td>\n<td width=\"75\">119,878<\/td>\n<td width=\"129\">Atl\u00e1ntico<\/td>\n<\/tr>\n<tr>\n<td width=\"141\">Fusagasug\u00e1<\/td>\n<td width=\"75\">114,722<\/td>\n<td width=\"129\">Cundinamarca<\/td>\n<\/tr>\n<tr>\n<td width=\"141\">Quibd\u00f3<\/td>\n<td width=\"75\">113,124<\/td>\n<td width=\"129\">Choc\u00f3<\/td>\n<\/tr>\n<tr>\n<td width=\"141\">Sogamoso<\/td>\n<td width=\"75\">111,815<\/td>\n<td width=\"129\">Boyac\u00e1<\/td>\n<\/tr>\n<tr>\n<td width=\"141\">Buga<\/td>\n<td width=\"75\">110,905<\/td>\n<td width=\"129\">Valle del Cauca<\/td>\n<\/tr>\n<tr>\n<td width=\"141\">Jamund\u00ed<\/td>\n<td width=\"75\">107,800<\/td>\n<td width=\"129\">Valle del Cauca<\/td>\n<\/tr>\n<tr>\n<td width=\"141\">Duitama<\/td>\n<td width=\"75\">107,520<\/td>\n<td width=\"129\">Boyac\u00e1<\/td>\n<\/tr>\n<tr>\n<td width=\"141\">Zipaquir\u00e1<\/td>\n<td width=\"75\">106,461<\/td>\n<td width=\"129\">Cundinamarca<\/td>\n<\/tr>\n<tr>\n<td width=\"141\">Oca\u00f1a<\/td>\n<td width=\"75\">106,159<\/td>\n<td width=\"129\">Norte de Santander<\/td>\n<\/tr>\n<tr>\n<td width=\"141\">Ch\u00eda<\/td>\n<td width=\"75\">105,509<\/td>\n<td width=\"129\">Cundinamarca<\/td>\n<\/tr>\n<tr>\n<td width=\"141\">Ci\u00e9naga<\/td>\n<td width=\"75\">104,999<\/td>\n<td width=\"129\">Magdalena<\/td>\n<\/tr>\n<tr>\n<td width=\"141\">Maicao<\/td>\n<td width=\"75\">103,354<\/td>\n<td width=\"129\">La Guajira<\/td>\n<\/tr>\n<tr>\n<td width=\"141\">Madrid<\/td>\n<td width=\"75\">102,710<\/td>\n<td width=\"129\">Cundinamarca<\/td>\n<\/tr>\n<\/tbody>\n<\/table>\n<\/div>\n<p>Source : Direction administrative nationale de la statistique (DANE) ; Recensement de la population et de l&#8217;habitat en Colombie 2018.<\/p>\n<p>Carte de la Colombie montrant les principales villes courtoisie de l&#8217;agence centrale de renseignement &#8211; CIA<\/p>\n","protected":false},"excerpt":{"rendered":"<p>Carte de la Colombie montrant les principales villes ainsi que certaines parties des pays environnants et l&#8217;oc\u00e9an Pacifique Nord.Le tableau ci-dessous montre les plus grandes r\u00e9gions m\u00e9tropolitaines de Colombie (population estim\u00e9e en 2019 par DANE).R\u00e9gions m\u00e9tropolitaines colombiennes par population<\/p>\n","protected":false},"author":1,"featured_media":4080,"template":"","categoria_ficha":[84],"class_list":["post-607","ficha","type-ficha","status-publish","has-post-thumbnail","hentry","categoria_ficha-cartes-de-la-colombie"],"acf":[],"_links":{"self":[{"href":"https:\/\/gifex.com\/fr\/wp-json\/wp\/v2\/ficha\/607","targetHints":{"allow":["GET"]}}],"collection":[{"href":"https:\/\/gifex.com\/fr\/wp-json\/wp\/v2\/ficha"}],"about":[{"href":"https:\/\/gifex.com\/fr\/wp-json\/wp\/v2\/types\/ficha"}],"author":[{"embeddable":true,"href":"https:\/\/gifex.com\/fr\/wp-json\/wp\/v2\/users\/1"}],"version-history":[{"count":13,"href":"https:\/\/gifex.com\/fr\/wp-json\/wp\/v2\/ficha\/607\/revisions"}],"predecessor-version":[{"id":19314,"href":"https:\/\/gifex.com\/fr\/wp-json\/wp\/v2\/ficha\/607\/revisions\/19314"}],"wp:featuredmedia":[{"embeddable":true,"href":"https:\/\/gifex.com\/fr\/wp-json\/wp\/v2\/media\/4080"}],"wp:attachment":[{"href":"https:\/\/gifex.com\/fr\/wp-json\/wp\/v2\/media?parent=607"}],"wp:term":[{"taxonomy":"categoria_ficha","embeddable":true,"href":"https:\/\/gifex.com\/fr\/wp-json\/wp\/v2\/categoria_ficha?post=607"}],"curies":[{"name":"wp","href":"https:\/\/api.w.org\/{rel}","templated":true}]}}

<p>Carte de la <strong>Colombie</strong> montrant les <strong>principales villes</strong> ainsi que certaines parties des pays environnants et l&#8217;océan Pacifique Nord.</p>
<p>Le tableau ci-dessous montre les plus grandes régions métropolitaines de Colombie (population estimée en 2019 par DANE).</p>
<div class="boxscrl">
<table width="216">
<tbody>
<tr>
<td colspan="2" width="216">Régions métropolitaines colombiennes par population en 2019</td>
</tr>
<tr>
<td width="141">Aire urbaine</td>
<td width="75">Population</td>
</tr>
<tr>
<td width="141">Bogota</td>
<td width="75">9,886,678</td>
</tr>
<tr>
<td width="141">Valle de Aburrá</td>
<td width="75">3,952,494</td>
</tr>
<tr>
<td width="141">Cali</td>
<td width="75">3,151,710</td>
</tr>
<tr>
<td width="141">Barranquilla</td>
<td width="75">2,123,081</td>
</tr>
<tr>
<td width="141">Carthagène des Indes</td>
<td width="75">1,382,015</td>
</tr>
<tr>
<td width="141">Bucaramanga</td>
<td width="75">1,160,243</td>
</tr>
<tr>
<td width="141">Cúcuta</td>
<td width="75">892,732</td>
</tr>
<tr>
<td width="141">Pereira</td>
<td width="75">717,914</td>
</tr>
<tr>
<td width="141">Santa Marta</td>
<td width="75">716,569</td>
</tr>
<tr>
<td width="141">Villavicencio</td>
<td width="75">641,634</td>
</tr>
<tr>
<td width="141">Ibagué</td>
<td width="75">638,494</td>
</tr>
<tr>
<td width="141">Valledupar</td>
<td width="75">594,677</td>
</tr>
</tbody>
</table>
<p>Il y a 1 105 municipalités en Colombie. Les communes &#8211; la plus grande est Cumaribo avec 65 674 kilomètres carrés &#8211; ont en partie la superficie des régions françaises (à titre de comparaison : Auvergne-Rhône-Alpes 69 711 kilomètres carrés). Elles se composent généralement de plusieurs localités. La zone administrative comprend souvent à la fois l&#8217;agglomération centrale, principalement urbaine qui lui donne son nom, ainsi que la grande région environnante, c&#8217;est-à-dire de vastes zones rurales.</p>
</div>
<p>Le tableau plus bas répertorie les villes colombiennes de plus de 100 000 habitants au recensement de 2018. Le département auquel appartient la ville est également répertorié. Bogotá forme sa propre capitale et n&#8217;appartient à aucun département. Les chiffres de population se rapportent à l&#8217;établissement urbain respectif au sens strict &#8211; la ville-centre &#8211; et non à la commune au sens politique.</p>
<div class="boxscrl">
<table width="345">
<tbody>
<tr>
<td colspan="3" width="345">Villes colombiennes par population en 2018</td>
</tr>
<tr>
<td width="141">Ville</td>
<td width="75">Population</td>
<td width="129">Département</td>
</tr>
<tr>
<td width="141">Bogota</td>
<td width="75">7,387,400</td>
<td width="129">Distrito Capital</td>
</tr>
<tr>
<td width="141">Medellín</td>
<td width="75">2,382,399</td>
<td width="129">Antioquia</td>
</tr>
<tr>
<td width="141">Cali</td>
<td width="75">2,172,527</td>
<td width="129">Valle del Cauca</td>
</tr>
<tr>
<td width="141">Barranquilla</td>
<td width="75">1,205,284</td>
<td width="129">Atlántico</td>
</tr>
<tr>
<td width="141">Carthagène des Indes</td>
<td width="75">876,885</td>
<td width="129">Bolívar</td>
</tr>
<tr>
<td width="141">Cúcuta</td>
<td width="75">685,445</td>
<td width="129">Norte de Santander</td>
</tr>
<tr>
<td width="141">Soacha</td>
<td width="75">655,025</td>
<td width="129">Cundinamarca</td>
</tr>
<tr>
<td width="141">Soledad</td>
<td width="75">602,644</td>
<td width="129">Atlántico</td>
</tr>
<tr>
<td width="141">Bucaramanga</td>
<td width="75">570,752</td>
<td width="129">Santander</td>
</tr>
<tr>
<td width="141">Bello</td>
<td width="75">495,483</td>
<td width="129">Antioquia</td>
</tr>
<tr>
<td width="141">Ibagué</td>
<td width="75">492,554</td>
<td width="129">Tolima</td>
</tr>
<tr>
<td width="141">Villavicencio</td>
<td width="75">492,052</td>
<td width="129">Meta</td>
</tr>
<tr>
<td width="141">Santa Marta</td>
<td width="75">455,299</td>
<td width="129">Magdalena</td>
</tr>
<tr>
<td width="141">Valledupar</td>
<td width="75">431,794</td>
<td width="129">Cesar</td>
</tr>
<tr>
<td width="141">Manizales</td>
<td width="75">405,234</td>
<td width="129">Caldas</td>
</tr>
<tr>
<td width="141">Montería</td>
<td width="75">388,499</td>
<td width="129">Córdoba</td>
</tr>
<tr>
<td width="141">Pereira</td>
<td width="75">385,838</td>
<td width="129">Risaralda</td>
</tr>
<tr>
<td width="141">Neiva</td>
<td width="75">335,994</td>
<td width="129">Huila</td>
</tr>
<tr>
<td width="141">Pasto</td>
<td width="75">308,095</td>
<td width="129">Nariño</td>
</tr>
<tr>
<td width="141">Armenia</td>
<td width="75">287,245</td>
<td width="129">Quindío</td>
</tr>
<tr>
<td width="141">Floridablanca</td>
<td width="75">280,025</td>
<td width="129">Santander</td>
</tr>
<tr>
<td width="141">Palmira</td>
<td width="75">275,254</td>
<td width="129">Valle del Cauca</td>
</tr>
<tr>
<td width="141">Popayán</td>
<td width="75">266,561</td>
<td width="129">Cauca</td>
</tr>
<tr>
<td width="141">Sincelejo</td>
<td width="75">249,323</td>
<td width="129">Sucre</td>
</tr>
<tr>
<td width="141">Itagüí</td>
<td width="75">247,918</td>
<td width="129">Antioquia</td>
</tr>
<tr>
<td width="141">Buenaventura</td>
<td width="75">235,064</td>
<td width="129">Valle del Cauca</td>
</tr>
<tr>
<td width="141">Envigado</td>
<td width="75">215,766</td>
<td width="129">Antioquia</td>
</tr>
<tr>
<td width="141">Dosquebradas</td>
<td width="75">204,280</td>
<td width="129">Risaralda</td>
</tr>
<tr>
<td width="141">Barrancabermeja</td>
<td width="75">177,272</td>
<td width="129">Santander</td>
</tr>
<tr>
<td width="141">Tuluá</td>
<td width="75">174,951</td>
<td width="129">Valle del Cauca</td>
</tr>
<tr>
<td width="141">Tunja</td>
<td width="75">163,894</td>
<td width="129">Boyacá</td>
</tr>
<tr>
<td width="141">Florencia</td>
<td width="75">147,939</td>
<td width="129">Caquetá</td>
</tr>
<tr>
<td width="141">Yopal</td>
<td width="75">143,619</td>
<td width="129">Casanare</td>
</tr>
<tr>
<td width="141">Girón</td>
<td width="75">141,107</td>
<td width="129">Santander</td>
</tr>
<tr>
<td width="141">Piedecuesta</td>
<td width="75">139,273</td>
<td width="129">Santander</td>
</tr>
<tr>
<td width="141">Cartago</td>
<td width="75">131,641</td>
<td width="129">Valle del Cauca</td>
</tr>
<tr>
<td width="141">Mosquera</td>
<td width="75">128,012</td>
<td width="129">Cundinamarca</td>
</tr>
<tr>
<td width="141">Riohacha</td>
<td width="75">126,103</td>
<td width="129">La Guajira</td>
</tr>
<tr>
<td width="141">Facatativá</td>
<td width="75">125,348</td>
<td width="129">Cundinamarca</td>
</tr>
<tr>
<td width="141">Malambo</td>
<td width="75">119,878</td>
<td width="129">Atlántico</td>
</tr>
<tr>
<td width="141">Fusagasugá</td>
<td width="75">114,722</td>
<td width="129">Cundinamarca</td>
</tr>
<tr>
<td width="141">Quibdó</td>
<td width="75">113,124</td>
<td width="129">Chocó</td>
</tr>
<tr>
<td width="141">Sogamoso</td>
<td width="75">111,815</td>
<td width="129">Boyacá</td>
</tr>
<tr>
<td width="141">Buga</td>
<td width="75">110,905</td>
<td width="129">Valle del Cauca</td>
</tr>
<tr>
<td width="141">Jamundí</td>
<td width="75">107,800</td>
<td width="129">Valle del Cauca</td>
</tr>
<tr>
<td width="141">Duitama</td>
<td width="75">107,520</td>
<td width="129">Boyacá</td>
</tr>
<tr>
<td width="141">Zipaquirá</td>
<td width="75">106,461</td>
<td width="129">Cundinamarca</td>
</tr>
<tr>
<td width="141">Ocaña</td>
<td width="75">106,159</td>
<td width="129">Norte de Santander</td>
</tr>
<tr>
<td width="141">Chía</td>
<td width="75">105,509</td>
<td width="129">Cundinamarca</td>
</tr>
<tr>
<td width="141">Ciénaga</td>
<td width="75">104,999</td>
<td width="129">Magdalena</td>
</tr>
<tr>
<td width="141">Maicao</td>
<td width="75">103,354</td>
<td width="129">La Guajira</td>
</tr>
<tr>
<td width="141">Madrid</td>
<td width="75">102,710</td>
<td width="129">Cundinamarca</td>
</tr>
</tbody>
</table>
</div>
<p>Source : Direction administrative nationale de la statistique (DANE) ; Recensement de la population et de l&#8217;habitat en Colombie 2018.</p>
<p>Carte de la Colombie montrant les principales villes courtoisie de l&#8217;agence centrale de renseignement &#8211; CIA</p>

<p>Carte de la Colombie montrant les principales villes ainsi que certaines parties des pays environnants et l&#8217;océan Pacifique Nord.Le tableau ci-dessous montre les plus grandes régions métropolitaines de Colombie (population estimée en 2019 par DANE).Régions métropolitaines colombiennes par population</p>
