{"id":5659,"date":"2022-02-25T02:24:59","date_gmt":"2022-02-25T02:24:59","guid":{"rendered":"https:\/\/gifex.com\/fr\/?post_type=ficha&#038;p=5659"},"modified":"2024-11-24T02:38:04","modified_gmt":"2024-11-24T02:38:04","slug":"carte-routiere-de-la-suisse","status":"publish","type":"ficha","link":"https:\/\/gifex.com\/fr\/fichier\/carte-routiere-de-la-suisse\/","title":{"rendered":"Carte routi\u00e8re de la Suisse"},"content":{"rendered":"<p style=\"text-align: center;\"><label style=\"font-size: 15px;\">Carte routi\u00e8re de la Suisse <a href=\"https:\/\/gifex.com\/fr\/wp-content\/uploads\/5659\/Carte-routiere-de-la-Suisse.pdf\" target=\"_blank\" rel=\"noopener\">(format pdf)<\/a>.<\/label><\/p>\n<p>Le r\u00e9seau routier de Suisse compte, en 2007, 71 353 kilom\u00e8tres de routes, r\u00e9parties en routes \u00ab communales \u00bb, qui repr\u00e9sentent plus de 70 % du total, \u00ab cantonales \u00bb (\u00e0 deux voies, g\u00e9n\u00e9ralement sans espace central de s\u00e9paration) pour un quart et \u00ab nationales \u00bb pour le reste ; cette r\u00e9partition est effectu\u00e9e selon le niveau de comp\u00e9tence et de responsabilit\u00e9 pour l&#8217;entretien de la route, \u00e0 savoir respectivement la commune, le canton ou la Conf\u00e9d\u00e9ration.<\/p>\n<figure id=\"attachment_5660\" aria-describedby=\"caption-attachment-5660\" style=\"width: 360px\" class=\"wp-caption alignright\"><a href=\"https:\/\/gifex.com\/fr\/wp-content\/uploads\/5659\/Carte-du-reseau-autoroutier-suisse.png\" target=\"_blank\" rel=\"noopener\"><img fetchpriority=\"high\" decoding=\"async\" class=\"wp-image-5660\" title=\"Carte du r\u00e9seau autoroutier suisse.\" src=\"https:\/\/gifex.com\/fr\/wp-content\/uploads\/5659\/Carte-du-reseau-autoroutier-suisse-300x205.png\" alt=\"Carte du r\u00e9seau autoroutier suisse.\" width=\"360\" height=\"246\" srcset=\"https:\/\/gifex.com\/fr\/wp-content\/uploads\/5659\/Carte-du-reseau-autoroutier-suisse-300x205.png 300w, https:\/\/gifex.com\/fr\/wp-content\/uploads\/5659\/Carte-du-reseau-autoroutier-suisse-1024x701.png 1024w, https:\/\/gifex.com\/fr\/wp-content\/uploads\/5659\/Carte-du-reseau-autoroutier-suisse-768x526.png 768w, https:\/\/gifex.com\/fr\/wp-content\/uploads\/5659\/Carte-du-reseau-autoroutier-suisse-1536x1051.png 1536w, https:\/\/gifex.com\/fr\/wp-content\/uploads\/5659\/Carte-du-reseau-autoroutier-suisse-2048x1402.png 2048w, https:\/\/gifex.com\/fr\/wp-content\/uploads\/5659\/Carte-du-reseau-autoroutier-suisse-1600x1095.png 1600w\" sizes=\"(max-width: 360px) 100vw, 360px\" \/><\/a><figcaption id=\"caption-attachment-5660\" class=\"wp-caption-text\"><label style=\"font-size: 15px;\">Carte du r\u00e9seau autoroutier suisse.<\/label><\/figcaption><\/figure>\n<p>La majorit\u00e9 des routes nationales sont class\u00e9es comme autoroute (en allemand Autobahn et en italien autostrada). G\u00e9n\u00e9ralement, la vitesse y est limit\u00e9e \u00e0 120 km\/h. Parmi les principales autoroutes du pays, deux d&#8217;entre elles forment une croix qui couvre les extr\u00e9mit\u00e9s est-ouest du pays pour l&#8217;A1 entre Gen\u00e8ve et Sankt Margrethen et nord-sud pour l&#8217;A2 qui va de B\u00e2le \u00e0 Chiasso. Le r\u00e9seau autoroutier suisse, d&#8217;une longueur de 1 383 km en 2007, est, au vu de la surface totale du pays qui est de 41 290 km\u00b2, l&#8217;un des plus denses au monde. En 2009, ce r\u00e9seau n&#8217;est pas encore termin\u00e9, la priorit\u00e9 ayant \u00e9t\u00e9 donn\u00e9e aux routes les plus importantes, notamment les axes nord-sud et est-ouest.<\/p>\n<p>Le r\u00e9seau routier et autoroutier du pays est principalement financ\u00e9 par une taxe pr\u00e9lev\u00e9e sur chaque v\u00e9hicule \u00e0 moteur enregistr\u00e9 ainsi que par une vignette automobile exig\u00e9e pour circuler sur les autoroutes, la Constitution suisse n&#8217;autorisant pas la cr\u00e9ation de p\u00e9ages pour des routes, tunnels ou ponts sp\u00e9cifiques.<\/p>\n<p><strong>Autoroutes de Suisse<\/strong><\/p>\n<p>Remarque : Les parties en italique indiquent des parties manquantes ou des itin\u00e9raires en construction ou en projection.<\/p>\n<ul>\n<li>A1\u00a0Sankt Margrethen (<span class=\"HwtZe\" lang=\"fr\"><span class=\"jCAhz ChMk0b\"><span class=\"ryNqvb\">Fronti\u00e8re autrichienne<\/span><\/span><\/span>) &#8211;\u00a0Saint-Gall &#8211; Winterthour &#8211; Zurich (<span class=\"HwtZe\" lang=\"fr\"><span class=\"jCAhz ChMk0b\"><span class=\"ryNqvb\">Anneau Nord<\/span><\/span><\/span>) &#8211; Aarau &#8211; Olten &#8211; Berne &#8211; Morat &#8211; Avenches &#8211; Payerne &#8211; Estavayer-le-Lac &#8211; Yverdon-les-Bains &#8211; Lausanne &#8211; Nyon &#8211;\u00a0Gen\u00e8ve &#8211; Bardonnex (<span class=\"HwtZe\" lang=\"fr\"><span class=\"jCAhz ChMk0b\"><span class=\"ryNqvb\">Fronti\u00e8re fran\u00e7aise<\/span><\/span><\/span>)<\/li>\n<li>A2\u00a0B\u00e2le (<span class=\"HwtZe\" lang=\"fr\"><span class=\"jCAhz ChMk0b\"><span class=\"ryNqvb\">Fronti\u00e8re allemande<\/span><\/span><\/span>) &#8211; Olten &#8211; Luzern &#8211; Altdorf Uri &#8211;\u00a0Saint-Gothard &#8211;\u00a0Bellinzone &#8211; Lugano &#8211; Chiasso (<span class=\"HwtZe\" lang=\"fr\"><span class=\"jCAhz ChMk0b\"><span class=\"ryNqvb\">Fronti\u00e8re italienne<\/span><\/span><\/span>)<\/li>\n<li>A3\u00a0B\u00e2le (<span class=\"HwtZe\" lang=\"fr\"><span class=\"jCAhz ChMk0b\"><span class=\"ryNqvb\">Fronti\u00e8re fran\u00e7aise<\/span><\/span><\/span>) &#8211; Augst &#8211; Brugg &#8211; Zurich (<span class=\"HwtZe\" lang=\"fr\"><span class=\"jCAhz ChMk0b\"><span class=\"ryNqvb\">Anneau Ouest<\/span><\/span><\/span>) &#8211; Thalwil &#8211; Pf\u00e4ffikon &#8211; Ziegelbr\u00fccke &#8211; Sargans<\/li>\n<li>A4 Thayngen \/ Bargen (<span class=\"HwtZe\" lang=\"fr\"><span class=\"jCAhz ChMk0b\"><span class=\"ryNqvb\">Fronti\u00e8re allemande<\/span><\/span><\/span>) &#8211;\u00a0Schaffhouse &#8211; Winterthour &#8211; Zurich (<span class=\"HwtZe\" lang=\"fr\"><span class=\"jCAhz ChMk0b\"><span class=\"ryNqvb\">Anneau Nord et Ouest<\/span><\/span><\/span>) &#8211; Cham &#8211; Brunnen &#8211; Altdorf<\/li>\n<li>A5 Luterbach &#8211;\u00a0Soleure &#8211; Biel\/Bienne &#8211; <i>(Nidau)<\/i> &#8211; La Neuveville &#8211; Neuch\u00e2tel &#8211; Yverdon-les-Bains<\/li>\n<li>A6 Lyss &#8211; Berne-Sch\u00f6nb\u00fchl &#8211;\u00a0Thoune &#8211; Spiez<\/li>\n<li>A7 Kreuzlingen (<span class=\"HwtZe\" lang=\"fr\"><span class=\"jCAhz ChMk0b\"><span class=\"ryNqvb\">Fronti\u00e8re allemande<\/span><\/span><\/span>) &#8211; Weinfelden &#8211; Frauenfeld &#8211; Winterthour<\/li>\n<li>A8 Hergiswil &#8211; Sarnen &#8211; <i>(Sachseln &#8211;\u00a0Col du Br\u00fcnig &#8211; Brienzwiler)<\/i> &#8211; Interlaken &#8211; Spiez<\/li>\n<li>A9 Vallorbe (<span class=\"HwtZe\" lang=\"fr\"><span class=\"jCAhz ChMk0b\"><span class=\"ryNqvb\">Fronti\u00e8re fran\u00e7aise<\/span><\/span><\/span>) &#8211; Chavornay \/ Villars-Sainte-Croix &#8211; Vevey &#8211; Sion &#8211; Sierre &#8211; <i>(Vi\u00e8ge)<\/i> &#8211; Brigue<\/li>\n<li>A10 Muri bei Bern &#8211; R\u00fcfenacht<\/li>\n<li>A12 Berne &#8211; Fribourg &#8211; Bulle &#8211; Vevey<\/li>\n<li>A13\u00a0Sankt Margrethen (<span class=\"HwtZe\" lang=\"fr\"><span class=\"jCAhz ChMk0b\"><span class=\"ryNqvb\">Fronti\u00e8re autrichienne<\/span><\/span><\/span>) &#8211; Buchs &#8211; Sargans &#8211; Landquart &#8211;\u00a0Coire &#8211; Thusis &#8211;\u00a0Tunnel du San Bernardino &#8211; Bellinzone<\/li>\n<li>A14\u00a0Lucerne &#8211; Cham &#8211; Zoug &#8211; Baar<\/li>\n<li>A15 Br\u00fcttisellen &#8211; Uster &#8211; <i>(Wetzikon)<\/i> &#8211; Hinwil &#8211; Reichenburg (\u00abZ\u00fcrcher Oberlandautobahn\u00bb)<\/li>\n<li>A16 Boncourt (<span class=\"HwtZe\" lang=\"fr\"><span class=\"jCAhz ChMk0b\"><span class=\"ryNqvb\">Fronti\u00e8re fran\u00e7aise<\/span><\/span><\/span>) &#8211; Porrentruy &#8211; Del\u00e9mont &#8211; Moutier &#8211; Biel\/Bienne (\u00abTransjurane\u00bb)<\/li>\n<li>A17 N\u00e4fels &#8211; Niederurnen<\/li>\n<li>A18\u00a0B\u00e2le &#8211; Reinach<\/li>\n<li>A20 Le Locle &#8211; La Chaux-de-Fonds &#8211; Neuch\u00e2tel &#8211; Anet<\/li>\n<li>A21 <span class=\"HwtZe\" lang=\"fr\"><span class=\"jCAhz ChMk0b\"><span class=\"ryNqvb\">Contourne<\/span><\/span><\/span> Martigny<\/li>\n<li>A22 Pratteln &#8211; Sissach<\/li>\n<li>A23 M\u00fcllheim &#8211; Eschikofen &#8211; <i>(Weinfelden<\/i> &#8211; <i>Amriswil)<\/i> &#8211; Arbon &#8211; Rorschach (\u00abBodensee-Thurtalstrasse\u00bb)<\/li>\n<li>A24 Mendrisio &#8211; Stabio<\/li>\n<li>A25 Herisau &#8211; Gossau<\/li>\n<li>A50 Rheinsfelden ZH &#8211; Glattfelden (c<span class=\"HwtZe\" lang=\"fr\"><span class=\"jCAhz ChMk0b\"><span class=\"ryNqvb\">ontourne<\/span><\/span><\/span> Glattfelden)<\/li>\n<li>A51 B\u00fclach &#8211; A\u00e9roport de Zurich &#8211; Zurich-Nord (\u00abFlughafenautobahn\u00bb)<\/li>\n<li>A52 Zumikon &#8211; Hinwil (\u00abForchstrasse\u00bb)<\/li>\n<\/ul>\n","protected":false},"excerpt":{"rendered":"<p>Le r\u00e9seau routier de Suisse compte, en 2007, 71 353 kilom\u00e8tres de routes, r\u00e9parties en routes \u00ab communales \u00bb, qui repr\u00e9sentent plus de 70 % du total &#8230;<\/p>\n","protected":false},"author":1,"featured_media":44194,"template":"","categoria_ficha":[139],"class_list":["post-5659","ficha","type-ficha","status-publish","has-post-thumbnail","hentry","categoria_ficha-cartes-de-la-suisse"],"acf":[],"_links":{"self":[{"href":"https:\/\/gifex.com\/fr\/wp-json\/wp\/v2\/ficha\/5659","targetHints":{"allow":["GET"]}}],"collection":[{"href":"https:\/\/gifex.com\/fr\/wp-json\/wp\/v2\/ficha"}],"about":[{"href":"https:\/\/gifex.com\/fr\/wp-json\/wp\/v2\/types\/ficha"}],"author":[{"embeddable":true,"href":"https:\/\/gifex.com\/fr\/wp-json\/wp\/v2\/users\/1"}],"version-history":[{"count":10,"href":"https:\/\/gifex.com\/fr\/wp-json\/wp\/v2\/ficha\/5659\/revisions"}],"predecessor-version":[{"id":54789,"href":"https:\/\/gifex.com\/fr\/wp-json\/wp\/v2\/ficha\/5659\/revisions\/54789"}],"wp:featuredmedia":[{"embeddable":true,"href":"https:\/\/gifex.com\/fr\/wp-json\/wp\/v2\/media\/44194"}],"wp:attachment":[{"href":"https:\/\/gifex.com\/fr\/wp-json\/wp\/v2\/media?parent=5659"}],"wp:term":[{"taxonomy":"categoria_ficha","embeddable":true,"href":"https:\/\/gifex.com\/fr\/wp-json\/wp\/v2\/categoria_ficha?post=5659"}],"curies":[{"name":"wp","href":"https:\/\/api.w.org\/{rel}","templated":true}]}}

Carte routière de la Suisse

<p style="text-align: center;"><label style="font-size: 15px;">Carte routière de la Suisse <a href="https://gifex.com/fr/wp-content/uploads/5659/Carte-routiere-de-la-Suisse.pdf" target="_blank" rel="noopener">(format pdf)</a>.</label></p>
<p>Le réseau routier de Suisse compte, en 2007, 71 353 kilomètres de routes, réparties en routes « communales », qui représentent plus de 70 % du total, « cantonales » (à deux voies, généralement sans espace central de séparation) pour un quart et « nationales » pour le reste ; cette répartition est effectuée selon le niveau de compétence et de responsabilité pour l&#8217;entretien de la route, à savoir respectivement la commune, le canton ou la Confédération.</p>
<figure id="attachment_5660" aria-describedby="caption-attachment-5660" style="width: 360px" class="wp-caption alignright"><a href="https://gifex.com/fr/wp-content/uploads/5659/Carte-du-reseau-autoroutier-suisse.png" target="_blank" rel="noopener"><img fetchpriority="high" decoding="async" class="wp-image-5660" title="Carte du réseau autoroutier suisse." src="https://gifex.com/fr/wp-content/uploads/5659/Carte-du-reseau-autoroutier-suisse-300x205.png" alt="Carte du réseau autoroutier suisse." width="360" height="246" srcset="https://gifex.com/fr/wp-content/uploads/5659/Carte-du-reseau-autoroutier-suisse-300x205.png 300w, https://gifex.com/fr/wp-content/uploads/5659/Carte-du-reseau-autoroutier-suisse-1024x701.png 1024w, https://gifex.com/fr/wp-content/uploads/5659/Carte-du-reseau-autoroutier-suisse-768x526.png 768w, https://gifex.com/fr/wp-content/uploads/5659/Carte-du-reseau-autoroutier-suisse-1536x1051.png 1536w, https://gifex.com/fr/wp-content/uploads/5659/Carte-du-reseau-autoroutier-suisse-2048x1402.png 2048w, https://gifex.com/fr/wp-content/uploads/5659/Carte-du-reseau-autoroutier-suisse-1600x1095.png 1600w" sizes="(max-width: 360px) 100vw, 360px" /></a><figcaption id="caption-attachment-5660" class="wp-caption-text"><label style="font-size: 15px;">Carte du réseau autoroutier suisse.</label></figcaption></figure>
<p>La majorité des routes nationales sont classées comme autoroute (en allemand Autobahn et en italien autostrada). Généralement, la vitesse y est limitée à 120 km/h. Parmi les principales autoroutes du pays, deux d&#8217;entre elles forment une croix qui couvre les extrémités est-ouest du pays pour l&#8217;A1 entre Genève et Sankt Margrethen et nord-sud pour l&#8217;A2 qui va de Bâle à Chiasso. Le réseau autoroutier suisse, d&#8217;une longueur de 1 383 km en 2007, est, au vu de la surface totale du pays qui est de 41 290 km², l&#8217;un des plus denses au monde. En 2009, ce réseau n&#8217;est pas encore terminé, la priorité ayant été donnée aux routes les plus importantes, notamment les axes nord-sud et est-ouest.</p>
<p>Le réseau routier et autoroutier du pays est principalement financé par une taxe prélevée sur chaque véhicule à moteur enregistré ainsi que par une vignette automobile exigée pour circuler sur les autoroutes, la Constitution suisse n&#8217;autorisant pas la création de péages pour des routes, tunnels ou ponts spécifiques.</p>
<p><strong>Autoroutes de Suisse</strong></p>
<p>Remarque : Les parties en italique indiquent des parties manquantes ou des itinéraires en construction ou en projection.</p>
<ul>
<li>A1 Sankt Margrethen (<span class="HwtZe" lang="fr"><span class="jCAhz ChMk0b"><span class="ryNqvb">Frontière autrichienne</span></span></span>) &#8211; Saint-Gall &#8211; Winterthour &#8211; Zurich (<span class="HwtZe" lang="fr"><span class="jCAhz ChMk0b"><span class="ryNqvb">Anneau Nord</span></span></span>) &#8211; Aarau &#8211; Olten &#8211; Berne &#8211; Morat &#8211; Avenches &#8211; Payerne &#8211; Estavayer-le-Lac &#8211; Yverdon-les-Bains &#8211; Lausanne &#8211; Nyon &#8211; Genève &#8211; Bardonnex (<span class="HwtZe" lang="fr"><span class="jCAhz ChMk0b"><span class="ryNqvb">Frontière française</span></span></span>)</li>
<li>A2 Bâle (<span class="HwtZe" lang="fr"><span class="jCAhz ChMk0b"><span class="ryNqvb">Frontière allemande</span></span></span>) &#8211; Olten &#8211; Luzern &#8211; Altdorf Uri &#8211; Saint-Gothard &#8211; Bellinzone &#8211; Lugano &#8211; Chiasso (<span class="HwtZe" lang="fr"><span class="jCAhz ChMk0b"><span class="ryNqvb">Frontière italienne</span></span></span>)</li>
<li>A3 Bâle (<span class="HwtZe" lang="fr"><span class="jCAhz ChMk0b"><span class="ryNqvb">Frontière française</span></span></span>) &#8211; Augst &#8211; Brugg &#8211; Zurich (<span class="HwtZe" lang="fr"><span class="jCAhz ChMk0b"><span class="ryNqvb">Anneau Ouest</span></span></span>) &#8211; Thalwil &#8211; Pfäffikon &#8211; Ziegelbrücke &#8211; Sargans</li>
<li>A4 Thayngen / Bargen (<span class="HwtZe" lang="fr"><span class="jCAhz ChMk0b"><span class="ryNqvb">Frontière allemande</span></span></span>) &#8211; Schaffhouse &#8211; Winterthour &#8211; Zurich (<span class="HwtZe" lang="fr"><span class="jCAhz ChMk0b"><span class="ryNqvb">Anneau Nord et Ouest</span></span></span>) &#8211; Cham &#8211; Brunnen &#8211; Altdorf</li>
<li>A5 Luterbach &#8211; Soleure &#8211; Biel/Bienne &#8211; <i>(Nidau)</i> &#8211; La Neuveville &#8211; Neuchâtel &#8211; Yverdon-les-Bains</li>
<li>A6 Lyss &#8211; Berne-Schönbühl &#8211; Thoune &#8211; Spiez</li>
<li>A7 Kreuzlingen (<span class="HwtZe" lang="fr"><span class="jCAhz ChMk0b"><span class="ryNqvb">Frontière allemande</span></span></span>) &#8211; Weinfelden &#8211; Frauenfeld &#8211; Winterthour</li>
<li>A8 Hergiswil &#8211; Sarnen &#8211; <i>(Sachseln &#8211; Col du Brünig &#8211; Brienzwiler)</i> &#8211; Interlaken &#8211; Spiez</li>
<li>A9 Vallorbe (<span class="HwtZe" lang="fr"><span class="jCAhz ChMk0b"><span class="ryNqvb">Frontière française</span></span></span>) &#8211; Chavornay / Villars-Sainte-Croix &#8211; Vevey &#8211; Sion &#8211; Sierre &#8211; <i>(Viège)</i> &#8211; Brigue</li>
<li>A10 Muri bei Bern &#8211; Rüfenacht</li>
<li>A12 Berne &#8211; Fribourg &#8211; Bulle &#8211; Vevey</li>
<li>A13 Sankt Margrethen (<span class="HwtZe" lang="fr"><span class="jCAhz ChMk0b"><span class="ryNqvb">Frontière autrichienne</span></span></span>) &#8211; Buchs &#8211; Sargans &#8211; Landquart &#8211; Coire &#8211; Thusis &#8211; Tunnel du San Bernardino &#8211; Bellinzone</li>
<li>A14 Lucerne &#8211; Cham &#8211; Zoug &#8211; Baar</li>
<li>A15 Brüttisellen &#8211; Uster &#8211; <i>(Wetzikon)</i> &#8211; Hinwil &#8211; Reichenburg («Zürcher Oberlandautobahn»)</li>
<li>A16 Boncourt (<span class="HwtZe" lang="fr"><span class="jCAhz ChMk0b"><span class="ryNqvb">Frontière française</span></span></span>) &#8211; Porrentruy &#8211; Delémont &#8211; Moutier &#8211; Biel/Bienne («Transjurane»)</li>
<li>A17 Näfels &#8211; Niederurnen</li>
<li>A18 Bâle &#8211; Reinach</li>
<li>A20 Le Locle &#8211; La Chaux-de-Fonds &#8211; Neuchâtel &#8211; Anet</li>
<li>A21 <span class="HwtZe" lang="fr"><span class="jCAhz ChMk0b"><span class="ryNqvb">Contourne</span></span></span> Martigny</li>
<li>A22 Pratteln &#8211; Sissach</li>
<li>A23 Müllheim &#8211; Eschikofen &#8211; <i>(Weinfelden</i> &#8211; <i>Amriswil)</i> &#8211; Arbon &#8211; Rorschach («Bodensee-Thurtalstrasse»)</li>
<li>A24 Mendrisio &#8211; Stabio</li>
<li>A25 Herisau &#8211; Gossau</li>
<li>A50 Rheinsfelden ZH &#8211; Glattfelden (c<span class="HwtZe" lang="fr"><span class="jCAhz ChMk0b"><span class="ryNqvb">ontourne</span></span></span> Glattfelden)</li>
<li>A51 Bülach &#8211; Aéroport de Zurich &#8211; Zurich-Nord («Flughafenautobahn»)</li>
<li>A52 Zumikon &#8211; Hinwil («Forchstrasse»)</li>
</ul>

<p>Le réseau routier de Suisse compte, en 2007, 71 353 kilomètres de routes, réparties en routes « communales », qui représentent plus de 70 % du total &#8230;</p>
