{"id":56469,"date":"2025-01-06T20:50:19","date_gmt":"2025-01-06T20:50:19","guid":{"rendered":"https:\/\/gifex.com\/fr\/?post_type=ficha&#038;p=56469"},"modified":"2025-01-06T20:50:19","modified_gmt":"2025-01-06T20:50:19","slug":"carte-politique-de-cuba","status":"publish","type":"ficha","link":"https:\/\/gifex.com\/fr\/fichier\/carte-politique-de-cuba\/","title":{"rendered":"Carte politique de Cuba"},"content":{"rendered":"<p style=\"text-align: center;\"><label style=\"font-size: 15px;\">Carte politique de Cuba.<\/label><\/p>\n<p><strong>Division politico-administrative de Cuba<\/strong><\/p>\n<p>Cuba se pr\u00e9sente comme un pays socialiste et se veut \u00eatre une r\u00e9publique unitaire des ouvriers et paysans et une r\u00e9publique parlementaire.<\/p>\n<p>Le territoire de la R\u00e9publique de Cuba est divis\u00e9 en 15 provinces et en la municipalit\u00e9 sp\u00e9ciale de l&#8217;Isla de la Juventud. Les provinces, \u00e0 leur tour, sont divis\u00e9es en municipalit\u00e9s, au nombre de 168 au total (y compris la municipalit\u00e9 sp\u00e9ciale).<\/p>\n<div style=\"clear: both; display: inline-block; width: 100%;\">\n<div class=\"row\">\n<div class=\"col-sm\">\n<figure id=\"attachment_56474\" aria-describedby=\"caption-attachment-56474\" style=\"width: 400px\" class=\"wp-caption alignleft\"><a href=\"https:\/\/gifex.com\/fr\/wp-content\/uploads\/56469\/Carte-politique-de-la-republique-de-Cuba.jpg\" target=\"_blank\" rel=\"noopener\"><img fetchpriority=\"high\" decoding=\"async\" class=\"wp-image-56474\" title=\"Carte politique de la r\u00e9publique de Cuba.\" src=\"https:\/\/gifex.com\/fr\/wp-content\/uploads\/56469\/Carte-politique-de-la-republique-de-Cuba-300x212.jpg\" alt=\"Carte politique de la r\u00e9publique de Cuba.\" width=\"400\" height=\"283\" srcset=\"https:\/\/gifex.com\/fr\/wp-content\/uploads\/56469\/Carte-politique-de-la-republique-de-Cuba-300x212.jpg 300w, https:\/\/gifex.com\/fr\/wp-content\/uploads\/56469\/Carte-politique-de-la-republique-de-Cuba-1024x724.jpg 1024w, https:\/\/gifex.com\/fr\/wp-content\/uploads\/56469\/Carte-politique-de-la-republique-de-Cuba-768x543.jpg 768w, https:\/\/gifex.com\/fr\/wp-content\/uploads\/56469\/Carte-politique-de-la-republique-de-Cuba-1536x1086.jpg 1536w, https:\/\/gifex.com\/fr\/wp-content\/uploads\/56469\/Carte-politique-de-la-republique-de-Cuba-2048x1448.jpg 2048w, https:\/\/gifex.com\/fr\/wp-content\/uploads\/56469\/Carte-politique-de-la-republique-de-Cuba-1600x1131.jpg 1600w\" sizes=\"(max-width: 400px) 100vw, 400px\" \/><\/a><figcaption id=\"caption-attachment-56474\" class=\"wp-caption-text\"><label style=\"font-size: 15px;\">Carte politique de la r\u00e9publique de Cuba <a href=\"https:\/\/gifex.com\/fr\/wp-content\/uploads\/56469\/Carte-politique-de-la-republique-de-Cuba.pdf\" target=\"_blank\" rel=\"noopener\">(format PDF)<\/a>.<\/label><\/figcaption><\/figure>\n<\/div>\n<div class=\"col-sm\">\n<figure id=\"attachment_56476\" aria-describedby=\"caption-attachment-56476\" style=\"width: 400px\" class=\"wp-caption alignright\"><a href=\"https:\/\/gifex.com\/fr\/wp-content\/uploads\/56469\/Carte-politique-de-Cuba-de-1994-de-la-CIA.jpg\" target=\"_blank\" rel=\"noopener\"><img decoding=\"async\" class=\"wp-image-56476\" title=\"Carte politique de Cuba de 1994 de la CIA.\" src=\"https:\/\/gifex.com\/fr\/wp-content\/uploads\/56469\/Carte-politique-de-Cuba-de-1994-de-la-CIA-300x204.jpg\" alt=\"Carte politique de Cuba de 1994 de la CIA.\" width=\"400\" height=\"273\" srcset=\"https:\/\/gifex.com\/fr\/wp-content\/uploads\/56469\/Carte-politique-de-Cuba-de-1994-de-la-CIA-300x204.jpg 300w, https:\/\/gifex.com\/fr\/wp-content\/uploads\/56469\/Carte-politique-de-Cuba-de-1994-de-la-CIA-1024x698.jpg 1024w, https:\/\/gifex.com\/fr\/wp-content\/uploads\/56469\/Carte-politique-de-Cuba-de-1994-de-la-CIA-768x523.jpg 768w, https:\/\/gifex.com\/fr\/wp-content\/uploads\/56469\/Carte-politique-de-Cuba-de-1994-de-la-CIA-1536x1047.jpg 1536w, https:\/\/gifex.com\/fr\/wp-content\/uploads\/56469\/Carte-politique-de-Cuba-de-1994-de-la-CIA-2048x1396.jpg 2048w, https:\/\/gifex.com\/fr\/wp-content\/uploads\/56469\/Carte-politique-de-Cuba-de-1994-de-la-CIA-1600x1091.jpg 1600w\" sizes=\"(max-width: 400px) 100vw, 400px\" \/><\/a><figcaption id=\"caption-attachment-56476\" class=\"wp-caption-text\"><label style=\"font-size: 15px;\">Carte politique de Cuba de 1994 de la CIA <a href=\"https:\/\/gifex.com\/fr\/wp-content\/uploads\/56469\/Carte-politique-de-Cuba-de-1994-de-la-CIA.pdf\" target=\"_blank\" rel=\"noopener\">(format PDF)<\/a>.<\/label><\/figcaption><\/figure>\n<\/div>\n<\/div>\n<\/div>\n","protected":false},"excerpt":{"rendered":"<p>Division politico-administrative de Cuba. Cuba se pr\u00e9sente comme un pays socialiste et se veut \u00eatre une r\u00e9publique unitaire des ouvriers et paysans et une &#8230;<\/p>\n","protected":false},"author":1,"featured_media":56473,"template":"","categoria_ficha":[53],"class_list":["post-56469","ficha","type-ficha","status-publish","has-post-thumbnail","hentry","categoria_ficha-cartes-de-cuba"],"acf":[],"_links":{"self":[{"href":"https:\/\/gifex.com\/fr\/wp-json\/wp\/v2\/ficha\/56469","targetHints":{"allow":["GET"]}}],"collection":[{"href":"https:\/\/gifex.com\/fr\/wp-json\/wp\/v2\/ficha"}],"about":[{"href":"https:\/\/gifex.com\/fr\/wp-json\/wp\/v2\/types\/ficha"}],"author":[{"embeddable":true,"href":"https:\/\/gifex.com\/fr\/wp-json\/wp\/v2\/users\/1"}],"version-history":[{"count":2,"href":"https:\/\/gifex.com\/fr\/wp-json\/wp\/v2\/ficha\/56469\/revisions"}],"predecessor-version":[{"id":56481,"href":"https:\/\/gifex.com\/fr\/wp-json\/wp\/v2\/ficha\/56469\/revisions\/56481"}],"wp:featuredmedia":[{"embeddable":true,"href":"https:\/\/gifex.com\/fr\/wp-json\/wp\/v2\/media\/56473"}],"wp:attachment":[{"href":"https:\/\/gifex.com\/fr\/wp-json\/wp\/v2\/media?parent=56469"}],"wp:term":[{"taxonomy":"categoria_ficha","embeddable":true,"href":"https:\/\/gifex.com\/fr\/wp-json\/wp\/v2\/categoria_ficha?post=56469"}],"curies":[{"name":"wp","href":"https:\/\/api.w.org\/{rel}","templated":true}]}}

<p style="text-align: center;"><label style="font-size: 15px;">Carte politique de Cuba.</label></p>
<p><strong>Division politico-administrative de Cuba</strong></p>
<p>Cuba se présente comme un pays socialiste et se veut être une république unitaire des ouvriers et paysans et une république parlementaire.</p>
<p>Le territoire de la République de Cuba est divisé en 15 provinces et en la municipalité spéciale de l&#8217;Isla de la Juventud. Les provinces, à leur tour, sont divisées en municipalités, au nombre de 168 au total (y compris la municipalité spéciale).</p>
<div style="clear: both; display: inline-block; width: 100%;">
<div class="row">
<div class="col-sm">
<figure id="attachment_56474" aria-describedby="caption-attachment-56474" style="width: 400px" class="wp-caption alignleft"><a href="https://gifex.com/fr/wp-content/uploads/56469/Carte-politique-de-la-republique-de-Cuba.jpg" target="_blank" rel="noopener"><img fetchpriority="high" decoding="async" class="wp-image-56474" title="Carte politique de la république de Cuba." src="https://gifex.com/fr/wp-content/uploads/56469/Carte-politique-de-la-republique-de-Cuba-300x212.jpg" alt="Carte politique de la république de Cuba." width="400" height="283" srcset="https://gifex.com/fr/wp-content/uploads/56469/Carte-politique-de-la-republique-de-Cuba-300x212.jpg 300w, https://gifex.com/fr/wp-content/uploads/56469/Carte-politique-de-la-republique-de-Cuba-1024x724.jpg 1024w, https://gifex.com/fr/wp-content/uploads/56469/Carte-politique-de-la-republique-de-Cuba-768x543.jpg 768w, https://gifex.com/fr/wp-content/uploads/56469/Carte-politique-de-la-republique-de-Cuba-1536x1086.jpg 1536w, https://gifex.com/fr/wp-content/uploads/56469/Carte-politique-de-la-republique-de-Cuba-2048x1448.jpg 2048w, https://gifex.com/fr/wp-content/uploads/56469/Carte-politique-de-la-republique-de-Cuba-1600x1131.jpg 1600w" sizes="(max-width: 400px) 100vw, 400px" /></a><figcaption id="caption-attachment-56474" class="wp-caption-text"><label style="font-size: 15px;">Carte politique de la république de Cuba <a href="https://gifex.com/fr/wp-content/uploads/56469/Carte-politique-de-la-republique-de-Cuba.pdf" target="_blank" rel="noopener">(format PDF)</a>.</label></figcaption></figure>
</div>
<div class="col-sm">
<figure id="attachment_56476" aria-describedby="caption-attachment-56476" style="width: 400px" class="wp-caption alignright"><a href="https://gifex.com/fr/wp-content/uploads/56469/Carte-politique-de-Cuba-de-1994-de-la-CIA.jpg" target="_blank" rel="noopener"><img decoding="async" class="wp-image-56476" title="Carte politique de Cuba de 1994 de la CIA." src="https://gifex.com/fr/wp-content/uploads/56469/Carte-politique-de-Cuba-de-1994-de-la-CIA-300x204.jpg" alt="Carte politique de Cuba de 1994 de la CIA." width="400" height="273" srcset="https://gifex.com/fr/wp-content/uploads/56469/Carte-politique-de-Cuba-de-1994-de-la-CIA-300x204.jpg 300w, https://gifex.com/fr/wp-content/uploads/56469/Carte-politique-de-Cuba-de-1994-de-la-CIA-1024x698.jpg 1024w, https://gifex.com/fr/wp-content/uploads/56469/Carte-politique-de-Cuba-de-1994-de-la-CIA-768x523.jpg 768w, https://gifex.com/fr/wp-content/uploads/56469/Carte-politique-de-Cuba-de-1994-de-la-CIA-1536x1047.jpg 1536w, https://gifex.com/fr/wp-content/uploads/56469/Carte-politique-de-Cuba-de-1994-de-la-CIA-2048x1396.jpg 2048w, https://gifex.com/fr/wp-content/uploads/56469/Carte-politique-de-Cuba-de-1994-de-la-CIA-1600x1091.jpg 1600w" sizes="(max-width: 400px) 100vw, 400px" /></a><figcaption id="caption-attachment-56476" class="wp-caption-text"><label style="font-size: 15px;">Carte politique de Cuba de 1994 de la CIA <a href="https://gifex.com/fr/wp-content/uploads/56469/Carte-politique-de-Cuba-de-1994-de-la-CIA.pdf" target="_blank" rel="noopener">(format PDF)</a>.</label></figcaption></figure>
</div>
</div>
</div>

<p>Division politico-administrative de Cuba. Cuba se présente comme un pays socialiste et se veut être une république unitaire des ouvriers et paysans et une &#8230;</p>
