{"id":56366,"date":"2025-01-04T20:09:35","date_gmt":"2025-01-04T20:09:35","guid":{"rendered":"https:\/\/gifex.com\/fr\/?post_type=ficha&#038;p=56366"},"modified":"2025-01-04T20:09:35","modified_gmt":"2025-01-04T20:09:35","slug":"armoiries-de-cuba","status":"publish","type":"ficha","link":"https:\/\/gifex.com\/fr\/fichier\/armoiries-de-cuba\/","title":{"rendered":"Armoiries de Cuba"},"content":{"rendered":"<p>Le blason cubain est le symbole h\u00e9raldique officiel de Cuba. Il se compose d&#8217;un bouclier, devant un faisceau couronn\u00e9 du bonnet phrygien, le tout soutenu par une branche de ch\u00eane d&#8217;un c\u00f4t\u00e9 et une couronne de laurier de l&#8217;autre. Le blason a \u00e9t\u00e9 cr\u00e9\u00e9 par Miguel Teurbe Tol\u00f3n en 1849. La version actuelle n&#8217;est pas exactement la m\u00eame que l&#8217;original, car certains \u00e9l\u00e9ments li\u00e9s aux id\u00e9es annexionnistes ont \u00e9t\u00e9 supprim\u00e9s. Les sp\u00e9cifications de conception du blason ont \u00e9t\u00e9 \u00e9tablies par d\u00e9cret du premier pr\u00e9sident de Cuba, Tom\u00e1s Estrada Palma, le 21 avril 1906.<\/p>\n<p>Cet embl\u00e8me est actuellement le seul \u00c9tat communiste \u00e0 ne pas arborer d&#8217;h\u00e9raldique socialiste.<\/p>\n<p><strong>Description officielle<\/strong><\/p>\n<p>La loi cubaine d\u00e9crit les armoiries comme suit :<\/p>\n<p>Le blason est un symbole de la nation qui est form\u00e9 de deux arcs de cercles \u00e9gaux, coup\u00e9s en concavit\u00e9s tournantes l&#8217;un vers l&#8217;autre, comme dans un bouclier ogival. Il est divis\u00e9 aux deux tiers de sa hauteur, l\u00e0 o\u00f9 une ligne horizontale le divise. Il est compos\u00e9 de trois espaces ou champs : celui du haut repr\u00e9sente une mer, sur ses c\u00f4t\u00e9s, \u00e0 droite et \u00e0 gauche, oppos\u00e9s l&#8217;un \u00e0 l&#8217;autre, deux caps ou pointes de terre, entre lesquels, fermant le d\u00e9troit qu&#8217;ils forment, s&#8217;\u00e9tendant de gauche \u00e0 droite, une cl\u00e9 avec une tige \u00e9paisse, sa garde vers le bas, et pour son arri\u00e8re-plan un soleil levant avec ses rayons s&#8217;\u00e9tendant dans tout le ciel du paysage. Dans l&#8217;espace inf\u00e9rieur ou champ \u00e0 sa gauche se trouvent cinq courbes, plac\u00e9es alternativement, de m\u00eame largeur, de couleurs bleu fonc\u00e9 et blanc, la bleue \u00e9tant la plus haute, et toutes inclin\u00e9es de gauche \u00e0 droite. Dans l&#8217;espace inf\u00e9rieur ou champ \u00e0 sa droite, la figure d&#8217;un paysage repr\u00e9sentant une vall\u00e9e, en son centre s&#8217;\u00e9l\u00e8ve un palmier royal, avec le bourgeon de sa feuille m\u00e9diane qui est la plus haute, debout, pour son arri\u00e8re-plan deux montagnes et un ciel clair. Le bouclier est soutenu par un faisceau de b\u00e2tons, dont l&#8217;extr\u00e9mit\u00e9 inf\u00e9rieure est nou\u00e9e par un cordon rouge crois\u00e9 en sautoir, d\u00e9passant de la pointe du bouclier. Au-dessus, d\u00e9passant de la partie centrale du bouclier, se trouve un faisceau de b\u00e2tons li\u00e9s ensemble par un cordon circulaire rouge. La couronne du fagot est couverte par un bonnet phrygien de couleur rouge tourn\u00e9 vers la droite et soutenu par un des b\u00e2tons l\u00e9g\u00e8rement en saillie. Dans la partie centrale du bonnet se trouve une \u00e9toile blanche \u00e0 cinq branches, l&#8217;une des pointes vers le haut. Ne d\u00e9passant pas les pointes les plus \u00e0 droite et les plus \u00e0 gauche des arcs de l&#8217;\u00e9cu, deux branches, avec leurs fruits respectifs, le bordent, l&#8217;une de laurier \u00e0 droite et l&#8217;autre de ch\u00eane vert \u00e0 gauche, lui faisant face et se croisant dans l&#8217;extr\u00e9mit\u00e9 inf\u00e9rieure de l&#8217;\u00e9cu, derri\u00e8re le fagot.<\/p>\n","protected":false},"excerpt":{"rendered":"<p>Le blason cubain est le symbole h\u00e9raldique officiel de Cuba. Il se compose d&#8217;un bouclier, devant un faisceau couronn\u00e9 du bonnet phrygien, le tout soutenu &#8230;<\/p>\n","protected":false},"author":1,"featured_media":56367,"template":"","categoria_ficha":[53],"class_list":["post-56366","ficha","type-ficha","status-publish","has-post-thumbnail","hentry","categoria_ficha-cartes-de-cuba"],"acf":[],"_links":{"self":[{"href":"https:\/\/gifex.com\/fr\/wp-json\/wp\/v2\/ficha\/56366","targetHints":{"allow":["GET"]}}],"collection":[{"href":"https:\/\/gifex.com\/fr\/wp-json\/wp\/v2\/ficha"}],"about":[{"href":"https:\/\/gifex.com\/fr\/wp-json\/wp\/v2\/types\/ficha"}],"author":[{"embeddable":true,"href":"https:\/\/gifex.com\/fr\/wp-json\/wp\/v2\/users\/1"}],"version-history":[{"count":2,"href":"https:\/\/gifex.com\/fr\/wp-json\/wp\/v2\/ficha\/56366\/revisions"}],"predecessor-version":[{"id":56388,"href":"https:\/\/gifex.com\/fr\/wp-json\/wp\/v2\/ficha\/56366\/revisions\/56388"}],"wp:featuredmedia":[{"embeddable":true,"href":"https:\/\/gifex.com\/fr\/wp-json\/wp\/v2\/media\/56367"}],"wp:attachment":[{"href":"https:\/\/gifex.com\/fr\/wp-json\/wp\/v2\/media?parent=56366"}],"wp:term":[{"taxonomy":"categoria_ficha","embeddable":true,"href":"https:\/\/gifex.com\/fr\/wp-json\/wp\/v2\/categoria_ficha?post=56366"}],"curies":[{"name":"wp","href":"https:\/\/api.w.org\/{rel}","templated":true}]}}

<p>Le blason cubain est le symbole héraldique officiel de Cuba. Il se compose d&#8217;un bouclier, devant un faisceau couronné du bonnet phrygien, le tout soutenu par une branche de chêne d&#8217;un côté et une couronne de laurier de l&#8217;autre. Le blason a été créé par Miguel Teurbe Tolón en 1849. La version actuelle n&#8217;est pas exactement la même que l&#8217;original, car certains éléments liés aux idées annexionnistes ont été supprimés. Les spécifications de conception du blason ont été établies par décret du premier président de Cuba, Tomás Estrada Palma, le 21 avril 1906.</p>
<p>Cet emblème est actuellement le seul État communiste à ne pas arborer d&#8217;héraldique socialiste.</p>
<p><strong>Description officielle</strong></p>
<p>La loi cubaine décrit les armoiries comme suit :</p>
<p>Le blason est un symbole de la nation qui est formé de deux arcs de cercles égaux, coupés en concavités tournantes l&#8217;un vers l&#8217;autre, comme dans un bouclier ogival. Il est divisé aux deux tiers de sa hauteur, là où une ligne horizontale le divise. Il est composé de trois espaces ou champs : celui du haut représente une mer, sur ses côtés, à droite et à gauche, opposés l&#8217;un à l&#8217;autre, deux caps ou pointes de terre, entre lesquels, fermant le détroit qu&#8217;ils forment, s&#8217;étendant de gauche à droite, une clé avec une tige épaisse, sa garde vers le bas, et pour son arrière-plan un soleil levant avec ses rayons s&#8217;étendant dans tout le ciel du paysage. Dans l&#8217;espace inférieur ou champ à sa gauche se trouvent cinq courbes, placées alternativement, de même largeur, de couleurs bleu foncé et blanc, la bleue étant la plus haute, et toutes inclinées de gauche à droite. Dans l&#8217;espace inférieur ou champ à sa droite, la figure d&#8217;un paysage représentant une vallée, en son centre s&#8217;élève un palmier royal, avec le bourgeon de sa feuille médiane qui est la plus haute, debout, pour son arrière-plan deux montagnes et un ciel clair. Le bouclier est soutenu par un faisceau de bâtons, dont l&#8217;extrémité inférieure est nouée par un cordon rouge croisé en sautoir, dépassant de la pointe du bouclier. Au-dessus, dépassant de la partie centrale du bouclier, se trouve un faisceau de bâtons liés ensemble par un cordon circulaire rouge. La couronne du fagot est couverte par un bonnet phrygien de couleur rouge tourné vers la droite et soutenu par un des bâtons légèrement en saillie. Dans la partie centrale du bonnet se trouve une étoile blanche à cinq branches, l&#8217;une des pointes vers le haut. Ne dépassant pas les pointes les plus à droite et les plus à gauche des arcs de l&#8217;écu, deux branches, avec leurs fruits respectifs, le bordent, l&#8217;une de laurier à droite et l&#8217;autre de chêne vert à gauche, lui faisant face et se croisant dans l&#8217;extrémité inférieure de l&#8217;écu, derrière le fagot.</p>

<p>Le blason cubain est le symbole héraldique officiel de Cuba. Il se compose d&#8217;un bouclier, devant un faisceau couronné du bonnet phrygien, le tout soutenu &#8230;</p>
