{"id":56147,"date":"2024-12-24T20:43:11","date_gmt":"2024-12-24T20:43:11","guid":{"rendered":"https:\/\/gifex.com\/fr\/?post_type=ficha&#038;p=56147"},"modified":"2024-12-24T20:43:11","modified_gmt":"2024-12-24T20:43:11","slug":"carte-politique-du-costa-rica","status":"publish","type":"ficha","link":"https:\/\/gifex.com\/fr\/fichier\/carte-politique-du-costa-rica\/","title":{"rendered":"Carte politique du Costa Rica"},"content":{"rendered":"<p style=\"text-align: center;\"><label style=\"font-size: 15px;\">Carte politique du Costa Rica <a href=\"https:\/\/gifex.com\/fr\/wp-content\/uploads\/56147\/Carte-politique-du-Costa-Rica.pdf\" target=\"_blank\" rel=\"noopener\">(format pdf)<\/a>.<\/label><\/p>\n<p>Le Costa Rica est r\u00e9gi par la constitution politique du 7 novembre 1949, qui organise un \u00c9tat unitaire d\u00e9centralis\u00e9 en sept provinces et un r\u00e9gime pr\u00e9sidentiel. Le Costa Rica est partag\u00e9 en sept provinces, divis\u00e9es elles-m\u00eames en 81 cantons, eux-m\u00eames divis\u00e9s en 470 districts (C\u00b0, art. 168).<\/p>\n<div style=\"clear: both; display: inline-block; width: 100%;\">\n<div class=\"row\">\n<div class=\"col-sm\">\n<figure id=\"attachment_56155\" aria-describedby=\"caption-attachment-56155\" style=\"width: 400px\" class=\"wp-caption alignleft\"><a href=\"https:\/\/gifex.com\/fr\/wp-content\/uploads\/56147\/Carte-politique-des-divisions-administratives-de-la-republique-du-Costa-Rica.jpg\" target=\"_blank\" rel=\"noopener\"><img fetchpriority=\"high\" decoding=\"async\" class=\"wp-image-56155\" title=\"Carte politique des divisions administratives de la r\u00e9publique du Costa Rica.\" src=\"https:\/\/gifex.com\/fr\/wp-content\/uploads\/56147\/Carte-politique-des-divisions-administratives-de-la-republique-du-Costa-Rica-300x249.jpg\" alt=\"Carte politique des divisions administratives de la r\u00e9publique du Costa Rica.\" width=\"400\" height=\"332\" srcset=\"https:\/\/gifex.com\/fr\/wp-content\/uploads\/56147\/Carte-politique-des-divisions-administratives-de-la-republique-du-Costa-Rica-300x249.jpg 300w, https:\/\/gifex.com\/fr\/wp-content\/uploads\/56147\/Carte-politique-des-divisions-administratives-de-la-republique-du-Costa-Rica-1024x850.jpg 1024w, https:\/\/gifex.com\/fr\/wp-content\/uploads\/56147\/Carte-politique-des-divisions-administratives-de-la-republique-du-Costa-Rica-768x637.jpg 768w, https:\/\/gifex.com\/fr\/wp-content\/uploads\/56147\/Carte-politique-des-divisions-administratives-de-la-republique-du-Costa-Rica.jpg 1400w\" sizes=\"(max-width: 400px) 100vw, 400px\" \/><\/a><figcaption id=\"caption-attachment-56155\" class=\"wp-caption-text\"><label style=\"font-size: 15px;\">Carte politique des divisions administratives de la r\u00e9publique du Costa Rica <a href=\"https:\/\/gifex.com\/fr\/wp-content\/uploads\/56147\/Carte-politique-des-divisions-administratives-de-la-republique-du-Costa-Rica.pdf\" target=\"_blank\" rel=\"noopener\">(format pdf)<\/a>.<\/label><\/figcaption><\/figure>\n<\/div>\n<div class=\"col-sm\">\n<figure id=\"attachment_56151\" aria-describedby=\"caption-attachment-56151\" style=\"width: 400px\" class=\"wp-caption alignright\"><a href=\"https:\/\/gifex.com\/fr\/wp-content\/uploads\/56147\/Carte-politique-de-la-republique-du-Costa-Rica.jpg\" target=\"_blank\" rel=\"noopener\"><img decoding=\"async\" class=\"wp-image-56151\" title=\"Carte politique de la r\u00e9publique du Costa Rica.\" src=\"https:\/\/gifex.com\/fr\/wp-content\/uploads\/56147\/Carte-politique-de-la-republique-du-Costa-Rica-300x212.jpg\" alt=\"Carte politique de la r\u00e9publique du Costa Rica.\" width=\"400\" height=\"283\" srcset=\"https:\/\/gifex.com\/fr\/wp-content\/uploads\/56147\/Carte-politique-de-la-republique-du-Costa-Rica-300x212.jpg 300w, https:\/\/gifex.com\/fr\/wp-content\/uploads\/56147\/Carte-politique-de-la-republique-du-Costa-Rica-1024x723.jpg 1024w, https:\/\/gifex.com\/fr\/wp-content\/uploads\/56147\/Carte-politique-de-la-republique-du-Costa-Rica-768x542.jpg 768w, https:\/\/gifex.com\/fr\/wp-content\/uploads\/56147\/Carte-politique-de-la-republique-du-Costa-Rica-1536x1085.jpg 1536w, https:\/\/gifex.com\/fr\/wp-content\/uploads\/56147\/Carte-politique-de-la-republique-du-Costa-Rica-2048x1447.jpg 2048w, https:\/\/gifex.com\/fr\/wp-content\/uploads\/56147\/Carte-politique-de-la-republique-du-Costa-Rica-1600x1130.jpg 1600w\" sizes=\"(max-width: 400px) 100vw, 400px\" \/><\/a><figcaption id=\"caption-attachment-56151\" class=\"wp-caption-text\"><label style=\"font-size: 15px;\">Carte politique de la r\u00e9publique du Costa Rica <a href=\"https:\/\/gifex.com\/fr\/wp-content\/uploads\/56147\/Carte-politique-de-la-republique-du-Costa-Rica.pdf\" target=\"_blank\" rel=\"noopener\">(format pdf)<\/a>.<\/label><\/figcaption><\/figure>\n<\/div>\n<div class=\"col-sm\">\n<figure id=\"attachment_56153\" aria-describedby=\"caption-attachment-56153\" style=\"width: 400px\" class=\"wp-caption alignleft\"><a href=\"https:\/\/gifex.com\/fr\/wp-content\/uploads\/56147\/Carte-politique-du-Costa-Rica-de-1987-de-la-CIA.jpg\" target=\"_blank\" rel=\"noopener\"><img decoding=\"async\" class=\"wp-image-56153\" title=\"Carte politique du Costa Rica de 1987 de la CIA.\" src=\"https:\/\/gifex.com\/fr\/wp-content\/uploads\/56147\/Carte-politique-du-Costa-Rica-de-1987-de-la-CIA-245x300.jpg\" alt=\"Carte politique du Costa Rica de 1987 de la CIA.\" width=\"400\" height=\"490\" srcset=\"https:\/\/gifex.com\/fr\/wp-content\/uploads\/56147\/Carte-politique-du-Costa-Rica-de-1987-de-la-CIA-245x300.jpg 245w, https:\/\/gifex.com\/fr\/wp-content\/uploads\/56147\/Carte-politique-du-Costa-Rica-de-1987-de-la-CIA-835x1024.jpg 835w, https:\/\/gifex.com\/fr\/wp-content\/uploads\/56147\/Carte-politique-du-Costa-Rica-de-1987-de-la-CIA-768x941.jpg 768w, https:\/\/gifex.com\/fr\/wp-content\/uploads\/56147\/Carte-politique-du-Costa-Rica-de-1987-de-la-CIA-300x368.jpg 300w, https:\/\/gifex.com\/fr\/wp-content\/uploads\/56147\/Carte-politique-du-Costa-Rica-de-1987-de-la-CIA.jpg 1015w\" sizes=\"(max-width: 400px) 100vw, 400px\" \/><\/a><figcaption id=\"caption-attachment-56153\" class=\"wp-caption-text\"><label style=\"font-size: 15px;\">Carte politique du Costa Rica de 1987 de la CIA <a href=\"https:\/\/gifex.com\/fr\/wp-content\/uploads\/56147\/Carte-politique-du-Costa-Rica-de-1987-de-la-CIA.pdf\" target=\"_blank\" rel=\"noopener\">(format pdf)<\/a>.<\/label><\/figcaption><\/figure>\n<\/div>\n<div class=\"col-sm\">\n<figure id=\"attachment_56150\" aria-describedby=\"caption-attachment-56150\" style=\"width: 400px\" class=\"wp-caption alignright\"><a href=\"https:\/\/gifex.com\/fr\/wp-content\/uploads\/56147\/Carte-politique-des-divisions-administratives-du-Costa-Rica.jpg\" target=\"_blank\" rel=\"noopener\"><img loading=\"lazy\" decoding=\"async\" class=\"wp-image-56150\" title=\"Carte politique des divisions administratives du Costa Rica.\" src=\"https:\/\/gifex.com\/fr\/wp-content\/uploads\/56147\/Carte-politique-des-divisions-administratives-du-Costa-Rica-300x290.jpg\" alt=\"Carte politique des divisions administratives du Costa Rica.\" width=\"400\" height=\"387\" srcset=\"https:\/\/gifex.com\/fr\/wp-content\/uploads\/56147\/Carte-politique-des-divisions-administratives-du-Costa-Rica-300x290.jpg 300w, https:\/\/gifex.com\/fr\/wp-content\/uploads\/56147\/Carte-politique-des-divisions-administratives-du-Costa-Rica-1024x990.jpg 1024w, https:\/\/gifex.com\/fr\/wp-content\/uploads\/56147\/Carte-politique-des-divisions-administratives-du-Costa-Rica-768x743.jpg 768w, https:\/\/gifex.com\/fr\/wp-content\/uploads\/56147\/Carte-politique-des-divisions-administratives-du-Costa-Rica.jpg 1183w\" sizes=\"(max-width: 400px) 100vw, 400px\" \/><\/a><figcaption id=\"caption-attachment-56150\" class=\"wp-caption-text\"><label style=\"font-size: 15px;\">Carte politique des divisions administratives du Costa Rica.<\/label><\/figcaption><\/figure>\n<\/div>\n<\/div>\n<\/div>\n","protected":false},"excerpt":{"rendered":"<p>Le Costa Rica est r\u00e9gi par la constitution politique du 7 novembre 1949, qui organise un \u00c9tat unitaire d\u00e9centralis\u00e9 en sept provinces et un r\u00e9gime pr\u00e9sidentiel.<\/p>\n","protected":false},"author":1,"featured_media":56148,"template":"","categoria_ficha":[52],"class_list":["post-56147","ficha","type-ficha","status-publish","has-post-thumbnail","hentry","categoria_ficha-cartes-du-costa-rica"],"acf":[],"_links":{"self":[{"href":"https:\/\/gifex.com\/fr\/wp-json\/wp\/v2\/ficha\/56147","targetHints":{"allow":["GET"]}}],"collection":[{"href":"https:\/\/gifex.com\/fr\/wp-json\/wp\/v2\/ficha"}],"about":[{"href":"https:\/\/gifex.com\/fr\/wp-json\/wp\/v2\/types\/ficha"}],"author":[{"embeddable":true,"href":"https:\/\/gifex.com\/fr\/wp-json\/wp\/v2\/users\/1"}],"version-history":[{"count":2,"href":"https:\/\/gifex.com\/fr\/wp-json\/wp\/v2\/ficha\/56147\/revisions"}],"predecessor-version":[{"id":56158,"href":"https:\/\/gifex.com\/fr\/wp-json\/wp\/v2\/ficha\/56147\/revisions\/56158"}],"wp:featuredmedia":[{"embeddable":true,"href":"https:\/\/gifex.com\/fr\/wp-json\/wp\/v2\/media\/56148"}],"wp:attachment":[{"href":"https:\/\/gifex.com\/fr\/wp-json\/wp\/v2\/media?parent=56147"}],"wp:term":[{"taxonomy":"categoria_ficha","embeddable":true,"href":"https:\/\/gifex.com\/fr\/wp-json\/wp\/v2\/categoria_ficha?post=56147"}],"curies":[{"name":"wp","href":"https:\/\/api.w.org\/{rel}","templated":true}]}}

<p style="text-align: center;"><label style="font-size: 15px;">Carte politique du Costa Rica <a href="https://gifex.com/fr/wp-content/uploads/56147/Carte-politique-du-Costa-Rica.pdf" target="_blank" rel="noopener">(format pdf)</a>.</label></p>
<p>Le Costa Rica est régi par la constitution politique du 7 novembre 1949, qui organise un État unitaire décentralisé en sept provinces et un régime présidentiel. Le Costa Rica est partagé en sept provinces, divisées elles-mêmes en 81 cantons, eux-mêmes divisés en 470 districts (C°, art. 168).</p>
<div style="clear: both; display: inline-block; width: 100%;">
<div class="row">
<div class="col-sm">
<figure id="attachment_56155" aria-describedby="caption-attachment-56155" style="width: 400px" class="wp-caption alignleft"><a href="https://gifex.com/fr/wp-content/uploads/56147/Carte-politique-des-divisions-administratives-de-la-republique-du-Costa-Rica.jpg" target="_blank" rel="noopener"><img fetchpriority="high" decoding="async" class="wp-image-56155" title="Carte politique des divisions administratives de la république du Costa Rica." src="https://gifex.com/fr/wp-content/uploads/56147/Carte-politique-des-divisions-administratives-de-la-republique-du-Costa-Rica-300x249.jpg" alt="Carte politique des divisions administratives de la république du Costa Rica." width="400" height="332" srcset="https://gifex.com/fr/wp-content/uploads/56147/Carte-politique-des-divisions-administratives-de-la-republique-du-Costa-Rica-300x249.jpg 300w, https://gifex.com/fr/wp-content/uploads/56147/Carte-politique-des-divisions-administratives-de-la-republique-du-Costa-Rica-1024x850.jpg 1024w, https://gifex.com/fr/wp-content/uploads/56147/Carte-politique-des-divisions-administratives-de-la-republique-du-Costa-Rica-768x637.jpg 768w, https://gifex.com/fr/wp-content/uploads/56147/Carte-politique-des-divisions-administratives-de-la-republique-du-Costa-Rica.jpg 1400w" sizes="(max-width: 400px) 100vw, 400px" /></a><figcaption id="caption-attachment-56155" class="wp-caption-text"><label style="font-size: 15px;">Carte politique des divisions administratives de la république du Costa Rica <a href="https://gifex.com/fr/wp-content/uploads/56147/Carte-politique-des-divisions-administratives-de-la-republique-du-Costa-Rica.pdf" target="_blank" rel="noopener">(format pdf)</a>.</label></figcaption></figure>
</div>
<div class="col-sm">
<figure id="attachment_56151" aria-describedby="caption-attachment-56151" style="width: 400px" class="wp-caption alignright"><a href="https://gifex.com/fr/wp-content/uploads/56147/Carte-politique-de-la-republique-du-Costa-Rica.jpg" target="_blank" rel="noopener"><img decoding="async" class="wp-image-56151" title="Carte politique de la république du Costa Rica." src="https://gifex.com/fr/wp-content/uploads/56147/Carte-politique-de-la-republique-du-Costa-Rica-300x212.jpg" alt="Carte politique de la république du Costa Rica." width="400" height="283" srcset="https://gifex.com/fr/wp-content/uploads/56147/Carte-politique-de-la-republique-du-Costa-Rica-300x212.jpg 300w, https://gifex.com/fr/wp-content/uploads/56147/Carte-politique-de-la-republique-du-Costa-Rica-1024x723.jpg 1024w, https://gifex.com/fr/wp-content/uploads/56147/Carte-politique-de-la-republique-du-Costa-Rica-768x542.jpg 768w, https://gifex.com/fr/wp-content/uploads/56147/Carte-politique-de-la-republique-du-Costa-Rica-1536x1085.jpg 1536w, https://gifex.com/fr/wp-content/uploads/56147/Carte-politique-de-la-republique-du-Costa-Rica-2048x1447.jpg 2048w, https://gifex.com/fr/wp-content/uploads/56147/Carte-politique-de-la-republique-du-Costa-Rica-1600x1130.jpg 1600w" sizes="(max-width: 400px) 100vw, 400px" /></a><figcaption id="caption-attachment-56151" class="wp-caption-text"><label style="font-size: 15px;">Carte politique de la république du Costa Rica <a href="https://gifex.com/fr/wp-content/uploads/56147/Carte-politique-de-la-republique-du-Costa-Rica.pdf" target="_blank" rel="noopener">(format pdf)</a>.</label></figcaption></figure>
</div>
<div class="col-sm">
<figure id="attachment_56153" aria-describedby="caption-attachment-56153" style="width: 400px" class="wp-caption alignleft"><a href="https://gifex.com/fr/wp-content/uploads/56147/Carte-politique-du-Costa-Rica-de-1987-de-la-CIA.jpg" target="_blank" rel="noopener"><img decoding="async" class="wp-image-56153" title="Carte politique du Costa Rica de 1987 de la CIA." src="https://gifex.com/fr/wp-content/uploads/56147/Carte-politique-du-Costa-Rica-de-1987-de-la-CIA-245x300.jpg" alt="Carte politique du Costa Rica de 1987 de la CIA." width="400" height="490" srcset="https://gifex.com/fr/wp-content/uploads/56147/Carte-politique-du-Costa-Rica-de-1987-de-la-CIA-245x300.jpg 245w, https://gifex.com/fr/wp-content/uploads/56147/Carte-politique-du-Costa-Rica-de-1987-de-la-CIA-835x1024.jpg 835w, https://gifex.com/fr/wp-content/uploads/56147/Carte-politique-du-Costa-Rica-de-1987-de-la-CIA-768x941.jpg 768w, https://gifex.com/fr/wp-content/uploads/56147/Carte-politique-du-Costa-Rica-de-1987-de-la-CIA-300x368.jpg 300w, https://gifex.com/fr/wp-content/uploads/56147/Carte-politique-du-Costa-Rica-de-1987-de-la-CIA.jpg 1015w" sizes="(max-width: 400px) 100vw, 400px" /></a><figcaption id="caption-attachment-56153" class="wp-caption-text"><label style="font-size: 15px;">Carte politique du Costa Rica de 1987 de la CIA <a href="https://gifex.com/fr/wp-content/uploads/56147/Carte-politique-du-Costa-Rica-de-1987-de-la-CIA.pdf" target="_blank" rel="noopener">(format pdf)</a>.</label></figcaption></figure>
</div>
<div class="col-sm">
<figure id="attachment_56150" aria-describedby="caption-attachment-56150" style="width: 400px" class="wp-caption alignright"><a href="https://gifex.com/fr/wp-content/uploads/56147/Carte-politique-des-divisions-administratives-du-Costa-Rica.jpg" target="_blank" rel="noopener"><img loading="lazy" decoding="async" class="wp-image-56150" title="Carte politique des divisions administratives du Costa Rica." src="https://gifex.com/fr/wp-content/uploads/56147/Carte-politique-des-divisions-administratives-du-Costa-Rica-300x290.jpg" alt="Carte politique des divisions administratives du Costa Rica." width="400" height="387" srcset="https://gifex.com/fr/wp-content/uploads/56147/Carte-politique-des-divisions-administratives-du-Costa-Rica-300x290.jpg 300w, https://gifex.com/fr/wp-content/uploads/56147/Carte-politique-des-divisions-administratives-du-Costa-Rica-1024x990.jpg 1024w, https://gifex.com/fr/wp-content/uploads/56147/Carte-politique-des-divisions-administratives-du-Costa-Rica-768x743.jpg 768w, https://gifex.com/fr/wp-content/uploads/56147/Carte-politique-des-divisions-administratives-du-Costa-Rica.jpg 1183w" sizes="(max-width: 400px) 100vw, 400px" /></a><figcaption id="caption-attachment-56150" class="wp-caption-text"><label style="font-size: 15px;">Carte politique des divisions administratives du Costa Rica.</label></figcaption></figure>
</div>
</div>
</div>

<p>Le Costa Rica est régi par la constitution politique du 7 novembre 1949, qui organise un État unitaire décentralisé en sept provinces et un régime présidentiel.</p>
