{"id":55897,"date":"2024-12-19T14:56:21","date_gmt":"2024-12-19T14:56:21","guid":{"rendered":"https:\/\/gifex.com\/fr\/?post_type=ficha&#038;p=55897"},"modified":"2024-12-19T14:56:21","modified_gmt":"2024-12-19T14:56:21","slug":"carte-politique-du-salvador","status":"publish","type":"ficha","link":"https:\/\/gifex.com\/fr\/fichier\/carte-politique-du-salvador\/","title":{"rendered":"Carte politique du Salvador"},"content":{"rendered":"<p style=\"text-align: center;\"><label style=\"font-size: 15px;\">Carte politique du Salvador.<\/label><\/p>\n<p>Politiquement, le Salvador est une r\u00e9publique unitaire, repr\u00e9sentative et pr\u00e9sidentielle, divis\u00e9e en 14 d\u00e9partements, 39 districts et 262 municipalit\u00e9s.<\/p>\n<div style=\"clear: both; display: inline-block; width: 100%;\">\n<div class=\"row\">\n<div class=\"col-sm\">\n<figure id=\"attachment_55899\" aria-describedby=\"caption-attachment-55899\" style=\"width: 400px\" class=\"wp-caption alignleft\"><a href=\"https:\/\/gifex.com\/fr\/wp-content\/uploads\/55897\/Carte-politique-de-la-republique-du-Salvador.jpg\" target=\"_blank\" rel=\"noopener\"><img fetchpriority=\"high\" decoding=\"async\" class=\"wp-image-55899\" title=\"Carte politique de la r\u00e9publique du Salvador.\" src=\"https:\/\/gifex.com\/fr\/wp-content\/uploads\/55897\/Carte-politique-de-la-republique-du-Salvador-300x212.jpg\" alt=\"Carte politique de la r\u00e9publique du Salvador.\" width=\"400\" height=\"283\" srcset=\"https:\/\/gifex.com\/fr\/wp-content\/uploads\/55897\/Carte-politique-de-la-republique-du-Salvador-300x212.jpg 300w, https:\/\/gifex.com\/fr\/wp-content\/uploads\/55897\/Carte-politique-de-la-republique-du-Salvador-1024x724.jpg 1024w, https:\/\/gifex.com\/fr\/wp-content\/uploads\/55897\/Carte-politique-de-la-republique-du-Salvador-768x543.jpg 768w, https:\/\/gifex.com\/fr\/wp-content\/uploads\/55897\/Carte-politique-de-la-republique-du-Salvador-1536x1086.jpg 1536w, https:\/\/gifex.com\/fr\/wp-content\/uploads\/55897\/Carte-politique-de-la-republique-du-Salvador-2048x1448.jpg 2048w, https:\/\/gifex.com\/fr\/wp-content\/uploads\/55897\/Carte-politique-de-la-republique-du-Salvador-1600x1131.jpg 1600w\" sizes=\"(max-width: 400px) 100vw, 400px\" \/><\/a><figcaption id=\"caption-attachment-55899\" class=\"wp-caption-text\"><label style=\"font-size: 15px;\">Carte politique de la r\u00e9publique du Salvador <a href=\"https:\/\/gifex.com\/fr\/wp-content\/uploads\/55897\/Carte-politique-de-la-republique-du-Salvador.pdf\" target=\"_blank\" rel=\"noopener\">(format pdf)<\/a>.<\/label><\/figcaption><\/figure>\n<\/div>\n<div class=\"col-sm\">\n<figure id=\"attachment_55901\" aria-describedby=\"caption-attachment-55901\" style=\"width: 400px\" class=\"wp-caption alignright\"><a href=\"https:\/\/gifex.com\/fr\/wp-content\/uploads\/55897\/Carte-politique-du-Salvador-de-1980-de-la-CIA.jpg\" target=\"_blank\" rel=\"noopener\"><img decoding=\"async\" class=\"wp-image-55901\" title=\"Carte politique du Salvador de 1980 de la CIA.\" src=\"https:\/\/gifex.com\/fr\/wp-content\/uploads\/55897\/Carte-politique-du-Salvador-de-1980-de-la-CIA-300x189.jpg\" alt=\"Carte politique du Salvador de 1980 de la CIA.\" width=\"400\" height=\"252\" srcset=\"https:\/\/gifex.com\/fr\/wp-content\/uploads\/55897\/Carte-politique-du-Salvador-de-1980-de-la-CIA-300x189.jpg 300w, https:\/\/gifex.com\/fr\/wp-content\/uploads\/55897\/Carte-politique-du-Salvador-de-1980-de-la-CIA-1024x645.jpg 1024w, https:\/\/gifex.com\/fr\/wp-content\/uploads\/55897\/Carte-politique-du-Salvador-de-1980-de-la-CIA-768x484.jpg 768w, https:\/\/gifex.com\/fr\/wp-content\/uploads\/55897\/Carte-politique-du-Salvador-de-1980-de-la-CIA-1536x967.jpg 1536w, https:\/\/gifex.com\/fr\/wp-content\/uploads\/55897\/Carte-politique-du-Salvador-de-1980-de-la-CIA-2048x1290.jpg 2048w, https:\/\/gifex.com\/fr\/wp-content\/uploads\/55897\/Carte-politique-du-Salvador-de-1980-de-la-CIA-1600x1008.jpg 1600w\" sizes=\"(max-width: 400px) 100vw, 400px\" \/><\/a><figcaption id=\"caption-attachment-55901\" class=\"wp-caption-text\"><label style=\"font-size: 15px;\">Carte politique du Salvador de 1980 de la CIA <a href=\"https:\/\/gifex.com\/fr\/wp-content\/uploads\/55897\/Carte-politique-du-Salvador-de-1980-de-la-CIA.pdf\" target=\"_blank\" rel=\"noopener\">(format pdf)<\/a>.<\/label><\/figcaption><\/figure>\n<\/div>\n<\/div>\n<\/div>\n","protected":false},"excerpt":{"rendered":"<p>Politiquement, le Salvador est une r\u00e9publique unitaire, repr\u00e9sentative et pr\u00e9sidentielle, divis\u00e9e en 14 d\u00e9partements, 39 districts et 262 municipalit\u00e9s.<\/p>\n","protected":false},"author":1,"featured_media":55898,"template":"","categoria_ficha":[55],"class_list":["post-55897","ficha","type-ficha","status-publish","has-post-thumbnail","hentry","categoria_ficha-cartes-du-salvador"],"acf":[],"_links":{"self":[{"href":"https:\/\/gifex.com\/fr\/wp-json\/wp\/v2\/ficha\/55897","targetHints":{"allow":["GET"]}}],"collection":[{"href":"https:\/\/gifex.com\/fr\/wp-json\/wp\/v2\/ficha"}],"about":[{"href":"https:\/\/gifex.com\/fr\/wp-json\/wp\/v2\/types\/ficha"}],"author":[{"embeddable":true,"href":"https:\/\/gifex.com\/fr\/wp-json\/wp\/v2\/users\/1"}],"version-history":[{"count":2,"href":"https:\/\/gifex.com\/fr\/wp-json\/wp\/v2\/ficha\/55897\/revisions"}],"predecessor-version":[{"id":55903,"href":"https:\/\/gifex.com\/fr\/wp-json\/wp\/v2\/ficha\/55897\/revisions\/55903"}],"wp:featuredmedia":[{"embeddable":true,"href":"https:\/\/gifex.com\/fr\/wp-json\/wp\/v2\/media\/55898"}],"wp:attachment":[{"href":"https:\/\/gifex.com\/fr\/wp-json\/wp\/v2\/media?parent=55897"}],"wp:term":[{"taxonomy":"categoria_ficha","embeddable":true,"href":"https:\/\/gifex.com\/fr\/wp-json\/wp\/v2\/categoria_ficha?post=55897"}],"curies":[{"name":"wp","href":"https:\/\/api.w.org\/{rel}","templated":true}]}}

<p style="text-align: center;"><label style="font-size: 15px;">Carte politique du Salvador.</label></p>
<p>Politiquement, le Salvador est une république unitaire, représentative et présidentielle, divisée en 14 départements, 39 districts et 262 municipalités.</p>
<div style="clear: both; display: inline-block; width: 100%;">
<div class="row">
<div class="col-sm">
<figure id="attachment_55899" aria-describedby="caption-attachment-55899" style="width: 400px" class="wp-caption alignleft"><a href="https://gifex.com/fr/wp-content/uploads/55897/Carte-politique-de-la-republique-du-Salvador.jpg" target="_blank" rel="noopener"><img fetchpriority="high" decoding="async" class="wp-image-55899" title="Carte politique de la république du Salvador." src="https://gifex.com/fr/wp-content/uploads/55897/Carte-politique-de-la-republique-du-Salvador-300x212.jpg" alt="Carte politique de la république du Salvador." width="400" height="283" srcset="https://gifex.com/fr/wp-content/uploads/55897/Carte-politique-de-la-republique-du-Salvador-300x212.jpg 300w, https://gifex.com/fr/wp-content/uploads/55897/Carte-politique-de-la-republique-du-Salvador-1024x724.jpg 1024w, https://gifex.com/fr/wp-content/uploads/55897/Carte-politique-de-la-republique-du-Salvador-768x543.jpg 768w, https://gifex.com/fr/wp-content/uploads/55897/Carte-politique-de-la-republique-du-Salvador-1536x1086.jpg 1536w, https://gifex.com/fr/wp-content/uploads/55897/Carte-politique-de-la-republique-du-Salvador-2048x1448.jpg 2048w, https://gifex.com/fr/wp-content/uploads/55897/Carte-politique-de-la-republique-du-Salvador-1600x1131.jpg 1600w" sizes="(max-width: 400px) 100vw, 400px" /></a><figcaption id="caption-attachment-55899" class="wp-caption-text"><label style="font-size: 15px;">Carte politique de la république du Salvador <a href="https://gifex.com/fr/wp-content/uploads/55897/Carte-politique-de-la-republique-du-Salvador.pdf" target="_blank" rel="noopener">(format pdf)</a>.</label></figcaption></figure>
</div>
<div class="col-sm">
<figure id="attachment_55901" aria-describedby="caption-attachment-55901" style="width: 400px" class="wp-caption alignright"><a href="https://gifex.com/fr/wp-content/uploads/55897/Carte-politique-du-Salvador-de-1980-de-la-CIA.jpg" target="_blank" rel="noopener"><img decoding="async" class="wp-image-55901" title="Carte politique du Salvador de 1980 de la CIA." src="https://gifex.com/fr/wp-content/uploads/55897/Carte-politique-du-Salvador-de-1980-de-la-CIA-300x189.jpg" alt="Carte politique du Salvador de 1980 de la CIA." width="400" height="252" srcset="https://gifex.com/fr/wp-content/uploads/55897/Carte-politique-du-Salvador-de-1980-de-la-CIA-300x189.jpg 300w, https://gifex.com/fr/wp-content/uploads/55897/Carte-politique-du-Salvador-de-1980-de-la-CIA-1024x645.jpg 1024w, https://gifex.com/fr/wp-content/uploads/55897/Carte-politique-du-Salvador-de-1980-de-la-CIA-768x484.jpg 768w, https://gifex.com/fr/wp-content/uploads/55897/Carte-politique-du-Salvador-de-1980-de-la-CIA-1536x967.jpg 1536w, https://gifex.com/fr/wp-content/uploads/55897/Carte-politique-du-Salvador-de-1980-de-la-CIA-2048x1290.jpg 2048w, https://gifex.com/fr/wp-content/uploads/55897/Carte-politique-du-Salvador-de-1980-de-la-CIA-1600x1008.jpg 1600w" sizes="(max-width: 400px) 100vw, 400px" /></a><figcaption id="caption-attachment-55901" class="wp-caption-text"><label style="font-size: 15px;">Carte politique du Salvador de 1980 de la CIA <a href="https://gifex.com/fr/wp-content/uploads/55897/Carte-politique-du-Salvador-de-1980-de-la-CIA.pdf" target="_blank" rel="noopener">(format pdf)</a>.</label></figcaption></figure>
</div>
</div>
</div>

<p>Politiquement, le Salvador est une république unitaire, représentative et présidentielle, divisée en 14 départements, 39 districts et 262 municipalités.</p>
