{"id":55880,"date":"2024-12-19T13:58:50","date_gmt":"2024-12-19T13:58:50","guid":{"rendered":"https:\/\/gifex.com\/fr\/?post_type=ficha&#038;p=55880"},"modified":"2024-12-19T22:39:02","modified_gmt":"2024-12-19T22:39:02","slug":"carte-routiere-du-salvador","status":"publish","type":"ficha","link":"https:\/\/gifex.com\/fr\/fichier\/carte-routiere-du-salvador\/","title":{"rendered":"Carte routi\u00e8re du Salvador"},"content":{"rendered":"<p style=\"text-align: center;\"><label style=\"font-size: 15px;\">Carte routi\u00e8re du Salvador.<\/label><\/p>\n<p><strong>R\u00e9seau routier du Salvador<\/strong><\/p>\n<figure id=\"attachment_55882\" aria-describedby=\"caption-attachment-55882\" style=\"width: 360px\" class=\"wp-caption alignright\"><a href=\"https:\/\/gifex.com\/fr\/wp-content\/uploads\/55880\/Carte-routiere-de-la-republique-du-Salvador.png\" target=\"_blank\" rel=\"noopener\"><img fetchpriority=\"high\" decoding=\"async\" class=\"wp-image-55882\" title=\"Carte routi\u00e8re de la r\u00e9publique du Salvador.\" src=\"https:\/\/gifex.com\/fr\/wp-content\/uploads\/55880\/Carte-routiere-de-la-republique-du-Salvador-300x212.png\" alt=\"Carte routi\u00e8re de la r\u00e9publique du Salvador.\" width=\"360\" height=\"255\" srcset=\"https:\/\/gifex.com\/fr\/wp-content\/uploads\/55880\/Carte-routiere-de-la-republique-du-Salvador-300x212.png 300w, https:\/\/gifex.com\/fr\/wp-content\/uploads\/55880\/Carte-routiere-de-la-republique-du-Salvador-1024x724.png 1024w, https:\/\/gifex.com\/fr\/wp-content\/uploads\/55880\/Carte-routiere-de-la-republique-du-Salvador-768x543.png 768w, https:\/\/gifex.com\/fr\/wp-content\/uploads\/55880\/Carte-routiere-de-la-republique-du-Salvador-1536x1086.png 1536w, https:\/\/gifex.com\/fr\/wp-content\/uploads\/55880\/Carte-routiere-de-la-republique-du-Salvador-2048x1448.png 2048w, https:\/\/gifex.com\/fr\/wp-content\/uploads\/55880\/Carte-routiere-de-la-republique-du-Salvador-1600x1131.png 1600w\" sizes=\"(max-width: 360px) 100vw, 360px\" \/><\/a><figcaption id=\"caption-attachment-55882\" class=\"wp-caption-text\"><label style=\"font-size: 15px;\">Carte routi\u00e8re de la r\u00e9publique du Salvador.<\/label><\/figcaption><\/figure>\n<p>Le Salvador compte plus de 10 000 km de routes<\/p>\n<ul>\n<li>total : 10 029 km<\/li>\n<li>asphalt\u00e9 : 1 986 km (dont 327 km d&#8217;autoroutes)<\/li>\n<li>non pav\u00e9 : 8 043 km (est. 1999)<\/li>\n<\/ul>\n<p>La RN-21 (Bulevar Monse\u00f1or Romero) (Est-Ouest) a \u00e9t\u00e9 la premi\u00e8re autoroute construite au Salvador et en Am\u00e9rique centrale. L&#8217;autoroute traverse la zone nord de la ville de Santa Tecla, La Libertad. Il a une petite partie desservant Antiguo Cuscatlan, La Libertad, et fusionne avec la RN-5 (Autopista Comalapa) (Est-Ouest, Boulevard de Los Proceres\/Autopista del Aeropuerto) \u00e0 San Salvador.<\/p>\n<p>La RN-21, d&#8217;une longueur totale de 9,95 kilom\u00e8tres, est actuellement utilis\u00e9e pour soulager le trafic dans la zone m\u00e9tropolitaine. La RN-21 a \u00e9t\u00e9 baptis\u00e9e en l&#8217;honneur d&#8217;\u00d3scar Romero. La premi\u00e8re phase de l&#8217;autoroute a \u00e9t\u00e9 achev\u00e9e en 2009 et la deuxi\u00e8me phase en novembre 2012.<\/p>\n<figure id=\"attachment_55941\" aria-describedby=\"caption-attachment-55941\" style=\"width: 400px\" class=\"wp-caption aligncenter\"><a href=\"https:\/\/gifex.com\/fr\/wp-content\/uploads\/55880\/Carte-du-Salvador-avec-les-routes-les-villes-et-d-autres-reperes.jpg\" target=\"_blank\" rel=\"noopener\"><img decoding=\"async\" class=\"wp-image-55941\" title=\"Carte du Salvador avec les routes, les villes et d'autres rep\u00e8res.\" src=\"https:\/\/gifex.com\/fr\/wp-content\/uploads\/55880\/Carte-du-Salvador-avec-les-routes-les-villes-et-d-autres-reperes-300x239.jpg\" alt=\"Carte du Salvador avec les routes, les villes et d'autres rep\u00e8res.\" width=\"400\" height=\"318\" srcset=\"https:\/\/gifex.com\/fr\/wp-content\/uploads\/55880\/Carte-du-Salvador-avec-les-routes-les-villes-et-d-autres-reperes-300x239.jpg 300w, https:\/\/gifex.com\/fr\/wp-content\/uploads\/55880\/Carte-du-Salvador-avec-les-routes-les-villes-et-d-autres-reperes-1024x815.jpg 1024w, https:\/\/gifex.com\/fr\/wp-content\/uploads\/55880\/Carte-du-Salvador-avec-les-routes-les-villes-et-d-autres-reperes-768x611.jpg 768w, https:\/\/gifex.com\/fr\/wp-content\/uploads\/55880\/Carte-du-Salvador-avec-les-routes-les-villes-et-d-autres-reperes-1536x1222.jpg 1536w, https:\/\/gifex.com\/fr\/wp-content\/uploads\/55880\/Carte-du-Salvador-avec-les-routes-les-villes-et-d-autres-reperes-2048x1630.jpg 2048w, https:\/\/gifex.com\/fr\/wp-content\/uploads\/55880\/Carte-du-Salvador-avec-les-routes-les-villes-et-d-autres-reperes-1600x1273.jpg 1600w\" sizes=\"(max-width: 400px) 100vw, 400px\" \/><\/a><figcaption id=\"caption-attachment-55941\" class=\"wp-caption-text\"><label style=\"font-size: 15px;\">Carte du Salvador avec les routes, les villes et d&#8217;autres rep\u00e8res.<\/label><\/figcaption><\/figure>\n","protected":false},"excerpt":{"rendered":"<p>R\u00e9seau routier du Salvador. Le Salvador compte plus de 10 000 km de routes. total : 10 029 km. asphalt\u00e9 : 1 986 km (dont 327 km d&#8217;autoroutes)<\/p>\n","protected":false},"author":1,"featured_media":55881,"template":"","categoria_ficha":[55],"class_list":["post-55880","ficha","type-ficha","status-publish","has-post-thumbnail","hentry","categoria_ficha-cartes-du-salvador"],"acf":[],"_links":{"self":[{"href":"https:\/\/gifex.com\/fr\/wp-json\/wp\/v2\/ficha\/55880","targetHints":{"allow":["GET"]}}],"collection":[{"href":"https:\/\/gifex.com\/fr\/wp-json\/wp\/v2\/ficha"}],"about":[{"href":"https:\/\/gifex.com\/fr\/wp-json\/wp\/v2\/types\/ficha"}],"author":[{"embeddable":true,"href":"https:\/\/gifex.com\/fr\/wp-json\/wp\/v2\/users\/1"}],"version-history":[{"count":3,"href":"https:\/\/gifex.com\/fr\/wp-json\/wp\/v2\/ficha\/55880\/revisions"}],"predecessor-version":[{"id":55942,"href":"https:\/\/gifex.com\/fr\/wp-json\/wp\/v2\/ficha\/55880\/revisions\/55942"}],"wp:featuredmedia":[{"embeddable":true,"href":"https:\/\/gifex.com\/fr\/wp-json\/wp\/v2\/media\/55881"}],"wp:attachment":[{"href":"https:\/\/gifex.com\/fr\/wp-json\/wp\/v2\/media?parent=55880"}],"wp:term":[{"taxonomy":"categoria_ficha","embeddable":true,"href":"https:\/\/gifex.com\/fr\/wp-json\/wp\/v2\/categoria_ficha?post=55880"}],"curies":[{"name":"wp","href":"https:\/\/api.w.org\/{rel}","templated":true}]}}

Carte routière du Salvador

<p style="text-align: center;"><label style="font-size: 15px;">Carte routière du Salvador.</label></p>
<p><strong>Réseau routier du Salvador</strong></p>
<figure id="attachment_55882" aria-describedby="caption-attachment-55882" style="width: 360px" class="wp-caption alignright"><a href="https://gifex.com/fr/wp-content/uploads/55880/Carte-routiere-de-la-republique-du-Salvador.png" target="_blank" rel="noopener"><img fetchpriority="high" decoding="async" class="wp-image-55882" title="Carte routière de la république du Salvador." src="https://gifex.com/fr/wp-content/uploads/55880/Carte-routiere-de-la-republique-du-Salvador-300x212.png" alt="Carte routière de la république du Salvador." width="360" height="255" srcset="https://gifex.com/fr/wp-content/uploads/55880/Carte-routiere-de-la-republique-du-Salvador-300x212.png 300w, https://gifex.com/fr/wp-content/uploads/55880/Carte-routiere-de-la-republique-du-Salvador-1024x724.png 1024w, https://gifex.com/fr/wp-content/uploads/55880/Carte-routiere-de-la-republique-du-Salvador-768x543.png 768w, https://gifex.com/fr/wp-content/uploads/55880/Carte-routiere-de-la-republique-du-Salvador-1536x1086.png 1536w, https://gifex.com/fr/wp-content/uploads/55880/Carte-routiere-de-la-republique-du-Salvador-2048x1448.png 2048w, https://gifex.com/fr/wp-content/uploads/55880/Carte-routiere-de-la-republique-du-Salvador-1600x1131.png 1600w" sizes="(max-width: 360px) 100vw, 360px" /></a><figcaption id="caption-attachment-55882" class="wp-caption-text"><label style="font-size: 15px;">Carte routière de la république du Salvador.</label></figcaption></figure>
<p>Le Salvador compte plus de 10 000 km de routes</p>
<ul>
<li>total : 10 029 km</li>
<li>asphalté : 1 986 km (dont 327 km d&#8217;autoroutes)</li>
<li>non pavé : 8 043 km (est. 1999)</li>
</ul>
<p>La RN-21 (Bulevar Monseñor Romero) (Est-Ouest) a été la première autoroute construite au Salvador et en Amérique centrale. L&#8217;autoroute traverse la zone nord de la ville de Santa Tecla, La Libertad. Il a une petite partie desservant Antiguo Cuscatlan, La Libertad, et fusionne avec la RN-5 (Autopista Comalapa) (Est-Ouest, Boulevard de Los Proceres/Autopista del Aeropuerto) à San Salvador.</p>
<p>La RN-21, d&#8217;une longueur totale de 9,95 kilomètres, est actuellement utilisée pour soulager le trafic dans la zone métropolitaine. La RN-21 a été baptisée en l&#8217;honneur d&#8217;Óscar Romero. La première phase de l&#8217;autoroute a été achevée en 2009 et la deuxième phase en novembre 2012.</p>
<figure id="attachment_55941" aria-describedby="caption-attachment-55941" style="width: 400px" class="wp-caption aligncenter"><a href="https://gifex.com/fr/wp-content/uploads/55880/Carte-du-Salvador-avec-les-routes-les-villes-et-d-autres-reperes.jpg" target="_blank" rel="noopener"><img decoding="async" class="wp-image-55941" title="Carte du Salvador avec les routes, les villes et d'autres repères." src="https://gifex.com/fr/wp-content/uploads/55880/Carte-du-Salvador-avec-les-routes-les-villes-et-d-autres-reperes-300x239.jpg" alt="Carte du Salvador avec les routes, les villes et d'autres repères." width="400" height="318" srcset="https://gifex.com/fr/wp-content/uploads/55880/Carte-du-Salvador-avec-les-routes-les-villes-et-d-autres-reperes-300x239.jpg 300w, https://gifex.com/fr/wp-content/uploads/55880/Carte-du-Salvador-avec-les-routes-les-villes-et-d-autres-reperes-1024x815.jpg 1024w, https://gifex.com/fr/wp-content/uploads/55880/Carte-du-Salvador-avec-les-routes-les-villes-et-d-autres-reperes-768x611.jpg 768w, https://gifex.com/fr/wp-content/uploads/55880/Carte-du-Salvador-avec-les-routes-les-villes-et-d-autres-reperes-1536x1222.jpg 1536w, https://gifex.com/fr/wp-content/uploads/55880/Carte-du-Salvador-avec-les-routes-les-villes-et-d-autres-reperes-2048x1630.jpg 2048w, https://gifex.com/fr/wp-content/uploads/55880/Carte-du-Salvador-avec-les-routes-les-villes-et-d-autres-reperes-1600x1273.jpg 1600w" sizes="(max-width: 400px) 100vw, 400px" /></a><figcaption id="caption-attachment-55941" class="wp-caption-text"><label style="font-size: 15px;">Carte du Salvador avec les routes, les villes et d&#8217;autres repères.</label></figcaption></figure>

<p>Réseau routier du Salvador. Le Salvador compte plus de 10 000 km de routes. total : 10 029 km. asphalté : 1 986 km (dont 327 km d&#8217;autoroutes)</p>
