{"id":55861,"date":"2024-12-19T01:05:46","date_gmt":"2024-12-19T01:05:46","guid":{"rendered":"https:\/\/gifex.com\/fr\/?post_type=ficha&#038;p=55861"},"modified":"2024-12-19T19:50:32","modified_gmt":"2024-12-19T19:50:32","slug":"carte-climatique-du-salvador","status":"publish","type":"ficha","link":"https:\/\/gifex.com\/fr\/fichier\/carte-climatique-du-salvador\/","title":{"rendered":"Carte climatique du Salvador"},"content":{"rendered":"<p style=\"text-align: center;\"><label style=\"font-size: 15px;\">Carte de classification climatique K\u00f6ppen-Geiger pour le Salvador.<\/label><\/p>\n<p><strong>Climat du Salvador<\/strong><\/p>\n<p>Le Salvador a un climat tropical avec des saisons humides et s\u00e8ches marqu\u00e9es. Les temp\u00e9ratures varient principalement avec l&#8217;altitude et ne pr\u00e9sentent que peu de variations saisonni\u00e8res. Les basses terres du Pacifique sont uniform\u00e9ment chaudes et humides ; le plateau central et les zones montagneuses sont plus mod\u00e9r\u00e9s.<\/p>\n<figure id=\"attachment_55922\" aria-describedby=\"caption-attachment-55922\" style=\"width: 360px\" class=\"wp-caption alignright\"><a href=\"https:\/\/gifex.com\/fr\/wp-content\/uploads\/55861\/Carte-des-temperatures-moyennes-du-Salvador.jpg\" target=\"_blank\" rel=\"noopener\"><img fetchpriority=\"high\" decoding=\"async\" class=\"wp-image-55922\" title=\"Carte des temp\u00e9ratures moyennes du Salvador.\" src=\"https:\/\/gifex.com\/fr\/wp-content\/uploads\/55861\/Carte-des-temperatures-moyennes-du-Salvador-300x175.jpg\" alt=\"Carte des temp\u00e9ratures moyennes du Salvador.\" width=\"360\" height=\"210\" srcset=\"https:\/\/gifex.com\/fr\/wp-content\/uploads\/55861\/Carte-des-temperatures-moyennes-du-Salvador-300x175.jpg 300w, https:\/\/gifex.com\/fr\/wp-content\/uploads\/55861\/Carte-des-temperatures-moyennes-du-Salvador-1024x598.jpg 1024w, https:\/\/gifex.com\/fr\/wp-content\/uploads\/55861\/Carte-des-temperatures-moyennes-du-Salvador-768x448.jpg 768w, https:\/\/gifex.com\/fr\/wp-content\/uploads\/55861\/Carte-des-temperatures-moyennes-du-Salvador-1536x896.jpg 1536w, https:\/\/gifex.com\/fr\/wp-content\/uploads\/55861\/Carte-des-temperatures-moyennes-du-Salvador-1600x934.jpg 1600w, https:\/\/gifex.com\/fr\/wp-content\/uploads\/55861\/Carte-des-temperatures-moyennes-du-Salvador.jpg 1979w\" sizes=\"(max-width: 360px) 100vw, 360px\" \/><\/a><figcaption id=\"caption-attachment-55922\" class=\"wp-caption-text\"><label style=\"font-size: 15px;\">Carte des temp\u00e9ratures moyennes du Salvador.<\/label><\/figcaption><\/figure>\n<p>La saison des pluies, appel\u00e9e localement <em>invierno<\/em>, s&#8217;\u00e9tend de mai \u00e0 octobre. Presque toutes les pr\u00e9cipitations annuelles se produisent pendant cette p\u00e9riode, et le total annuel des pr\u00e9cipitations, en particulier sur les pentes des montagnes expos\u00e9es au sud, peut atteindre 2 000 millim\u00e8tres. Les zones prot\u00e9g\u00e9es et le plateau central re\u00e7oivent des quantit\u00e9s moindres, bien que tout de m\u00eame importantes. Les pr\u00e9cipitations pendant cette saison proviennent g\u00e9n\u00e9ralement de la basse pression au-dessus du Pacifique et tombent g\u00e9n\u00e9ralement sous forme d&#8217;orages violents l&#8217;apr\u00e8s-midi. Bien que des ouragans se forment occasionnellement dans le Pacifique, ils affectent rarement le Salvador, \u00e0 l&#8217;exception notable de l&#8217;ouragan Mitch en 1998 (qui s&#8217;est en fait form\u00e9 au-dessus du bassin atlantique) et de l&#8217;ouragan Emily en 1973.<\/p>\n<figure id=\"attachment_55920\" aria-describedby=\"caption-attachment-55920\" style=\"width: 360px\" class=\"wp-caption alignright\"><a href=\"https:\/\/gifex.com\/fr\/wp-content\/uploads\/55861\/Carte-pluviometrique-du-Salvador.jpg\" target=\"_blank\" rel=\"noopener\"><img decoding=\"async\" class=\"wp-image-55920\" title=\"Carte pluviom\u00e9trique du Salvador.\" src=\"https:\/\/gifex.com\/fr\/wp-content\/uploads\/55861\/Carte-pluviometrique-du-Salvador-300x174.jpg\" alt=\"Carte pluviom\u00e9trique du Salvador.\" width=\"360\" height=\"209\" srcset=\"https:\/\/gifex.com\/fr\/wp-content\/uploads\/55861\/Carte-pluviometrique-du-Salvador-300x174.jpg 300w, https:\/\/gifex.com\/fr\/wp-content\/uploads\/55861\/Carte-pluviometrique-du-Salvador-1024x596.jpg 1024w, https:\/\/gifex.com\/fr\/wp-content\/uploads\/55861\/Carte-pluviometrique-du-Salvador-768x447.jpg 768w, https:\/\/gifex.com\/fr\/wp-content\/uploads\/55861\/Carte-pluviometrique-du-Salvador-1536x893.jpg 1536w, https:\/\/gifex.com\/fr\/wp-content\/uploads\/55861\/Carte-pluviometrique-du-Salvador-1600x931.jpg 1600w, https:\/\/gifex.com\/fr\/wp-content\/uploads\/55861\/Carte-pluviometrique-du-Salvador.jpg 1991w\" sizes=\"(max-width: 360px) 100vw, 360px\" \/><\/a><figcaption id=\"caption-attachment-55920\" class=\"wp-caption-text\"><label style=\"font-size: 15px;\">Carte pluviom\u00e9trique du Salvador.<\/label><\/figcaption><\/figure>\n<p>De novembre \u00e0 avril, les aliz\u00e9s du nord-est contr\u00f4lent les conditions m\u00e9t\u00e9orologiques. Durant ces mois, l&#8217;air provenant des Cara\u00efbes a perdu la plupart de ses pr\u00e9cipitations en passant au-dessus des montagnes du Honduras. Lorsque cet air atteint le Salvador, il est sec, chaud et brumeux. Cette saison est connue localement sous le nom de <em>verano<\/em>, ou \u00e9t\u00e9.<\/p>\n<p>Les temp\u00e9ratures varient peu selon les saisons, l&#8217;altitude \u00e9tant le principal facteur d\u00e9terminant. Les basses terres du Pacifique sont la r\u00e9gion la plus chaude, avec des moyennes annuelles allant de 25 \u00e0 29 \u00b0C. San Salvador est repr\u00e9sentatif du plateau central, avec une temp\u00e9rature moyenne annuelle de 23 \u00b0C et des valeurs maximales et minimales absolues de 38 et 6 \u00b0C, respectivement. Les zones montagneuses sont les plus fra\u00eeches, avec des moyennes annuelles de 12 \u00e0 23 \u00b0C et des temp\u00e9ratures minimales approchant parfois le point de cong\u00e9lation.<\/p>\n","protected":false},"excerpt":{"rendered":"<p>Carte de classification climatique K\u00f6ppen-Geiger pour le Salvador. Climat du Salvador. Le Salvador a un climat tropical avec des saisons humides et s\u00e8ches &#8230;<\/p>\n","protected":false},"author":1,"featured_media":55864,"template":"","categoria_ficha":[55],"class_list":["post-55861","ficha","type-ficha","status-publish","has-post-thumbnail","hentry","categoria_ficha-cartes-du-salvador"],"acf":[],"_links":{"self":[{"href":"https:\/\/gifex.com\/fr\/wp-json\/wp\/v2\/ficha\/55861","targetHints":{"allow":["GET"]}}],"collection":[{"href":"https:\/\/gifex.com\/fr\/wp-json\/wp\/v2\/ficha"}],"about":[{"href":"https:\/\/gifex.com\/fr\/wp-json\/wp\/v2\/types\/ficha"}],"author":[{"embeddable":true,"href":"https:\/\/gifex.com\/fr\/wp-json\/wp\/v2\/users\/1"}],"version-history":[{"count":3,"href":"https:\/\/gifex.com\/fr\/wp-json\/wp\/v2\/ficha\/55861\/revisions"}],"predecessor-version":[{"id":55923,"href":"https:\/\/gifex.com\/fr\/wp-json\/wp\/v2\/ficha\/55861\/revisions\/55923"}],"wp:featuredmedia":[{"embeddable":true,"href":"https:\/\/gifex.com\/fr\/wp-json\/wp\/v2\/media\/55864"}],"wp:attachment":[{"href":"https:\/\/gifex.com\/fr\/wp-json\/wp\/v2\/media?parent=55861"}],"wp:term":[{"taxonomy":"categoria_ficha","embeddable":true,"href":"https:\/\/gifex.com\/fr\/wp-json\/wp\/v2\/categoria_ficha?post=55861"}],"curies":[{"name":"wp","href":"https:\/\/api.w.org\/{rel}","templated":true}]}}

<p style="text-align: center;"><label style="font-size: 15px;">Carte de classification climatique Köppen-Geiger pour le Salvador.</label></p>
<p><strong>Climat du Salvador</strong></p>
<p>Le Salvador a un climat tropical avec des saisons humides et sèches marquées. Les températures varient principalement avec l&#8217;altitude et ne présentent que peu de variations saisonnières. Les basses terres du Pacifique sont uniformément chaudes et humides ; le plateau central et les zones montagneuses sont plus modérés.</p>
<figure id="attachment_55922" aria-describedby="caption-attachment-55922" style="width: 360px" class="wp-caption alignright"><a href="https://gifex.com/fr/wp-content/uploads/55861/Carte-des-temperatures-moyennes-du-Salvador.jpg" target="_blank" rel="noopener"><img fetchpriority="high" decoding="async" class="wp-image-55922" title="Carte des températures moyennes du Salvador." src="https://gifex.com/fr/wp-content/uploads/55861/Carte-des-temperatures-moyennes-du-Salvador-300x175.jpg" alt="Carte des températures moyennes du Salvador." width="360" height="210" srcset="https://gifex.com/fr/wp-content/uploads/55861/Carte-des-temperatures-moyennes-du-Salvador-300x175.jpg 300w, https://gifex.com/fr/wp-content/uploads/55861/Carte-des-temperatures-moyennes-du-Salvador-1024x598.jpg 1024w, https://gifex.com/fr/wp-content/uploads/55861/Carte-des-temperatures-moyennes-du-Salvador-768x448.jpg 768w, https://gifex.com/fr/wp-content/uploads/55861/Carte-des-temperatures-moyennes-du-Salvador-1536x896.jpg 1536w, https://gifex.com/fr/wp-content/uploads/55861/Carte-des-temperatures-moyennes-du-Salvador-1600x934.jpg 1600w, https://gifex.com/fr/wp-content/uploads/55861/Carte-des-temperatures-moyennes-du-Salvador.jpg 1979w" sizes="(max-width: 360px) 100vw, 360px" /></a><figcaption id="caption-attachment-55922" class="wp-caption-text"><label style="font-size: 15px;">Carte des températures moyennes du Salvador.</label></figcaption></figure>
<p>La saison des pluies, appelée localement <em>invierno</em>, s&#8217;étend de mai à octobre. Presque toutes les précipitations annuelles se produisent pendant cette période, et le total annuel des précipitations, en particulier sur les pentes des montagnes exposées au sud, peut atteindre 2 000 millimètres. Les zones protégées et le plateau central reçoivent des quantités moindres, bien que tout de même importantes. Les précipitations pendant cette saison proviennent généralement de la basse pression au-dessus du Pacifique et tombent généralement sous forme d&#8217;orages violents l&#8217;après-midi. Bien que des ouragans se forment occasionnellement dans le Pacifique, ils affectent rarement le Salvador, à l&#8217;exception notable de l&#8217;ouragan Mitch en 1998 (qui s&#8217;est en fait formé au-dessus du bassin atlantique) et de l&#8217;ouragan Emily en 1973.</p>
<figure id="attachment_55920" aria-describedby="caption-attachment-55920" style="width: 360px" class="wp-caption alignright"><a href="https://gifex.com/fr/wp-content/uploads/55861/Carte-pluviometrique-du-Salvador.jpg" target="_blank" rel="noopener"><img decoding="async" class="wp-image-55920" title="Carte pluviométrique du Salvador." src="https://gifex.com/fr/wp-content/uploads/55861/Carte-pluviometrique-du-Salvador-300x174.jpg" alt="Carte pluviométrique du Salvador." width="360" height="209" srcset="https://gifex.com/fr/wp-content/uploads/55861/Carte-pluviometrique-du-Salvador-300x174.jpg 300w, https://gifex.com/fr/wp-content/uploads/55861/Carte-pluviometrique-du-Salvador-1024x596.jpg 1024w, https://gifex.com/fr/wp-content/uploads/55861/Carte-pluviometrique-du-Salvador-768x447.jpg 768w, https://gifex.com/fr/wp-content/uploads/55861/Carte-pluviometrique-du-Salvador-1536x893.jpg 1536w, https://gifex.com/fr/wp-content/uploads/55861/Carte-pluviometrique-du-Salvador-1600x931.jpg 1600w, https://gifex.com/fr/wp-content/uploads/55861/Carte-pluviometrique-du-Salvador.jpg 1991w" sizes="(max-width: 360px) 100vw, 360px" /></a><figcaption id="caption-attachment-55920" class="wp-caption-text"><label style="font-size: 15px;">Carte pluviométrique du Salvador.</label></figcaption></figure>
<p>De novembre à avril, les alizés du nord-est contrôlent les conditions météorologiques. Durant ces mois, l&#8217;air provenant des Caraïbes a perdu la plupart de ses précipitations en passant au-dessus des montagnes du Honduras. Lorsque cet air atteint le Salvador, il est sec, chaud et brumeux. Cette saison est connue localement sous le nom de <em>verano</em>, ou été.</p>
<p>Les températures varient peu selon les saisons, l&#8217;altitude étant le principal facteur déterminant. Les basses terres du Pacifique sont la région la plus chaude, avec des moyennes annuelles allant de 25 à 29 °C. San Salvador est représentatif du plateau central, avec une température moyenne annuelle de 23 °C et des valeurs maximales et minimales absolues de 38 et 6 °C, respectivement. Les zones montagneuses sont les plus fraîches, avec des moyennes annuelles de 12 à 23 °C et des températures minimales approchant parfois le point de congélation.</p>

<p>Carte de classification climatique Köppen-Geiger pour le Salvador. Climat du Salvador. Le Salvador a un climat tropical avec des saisons humides et sèches &#8230;</p>
