{"id":55580,"date":"2024-12-12T18:24:52","date_gmt":"2024-12-12T18:24:52","guid":{"rendered":"https:\/\/gifex.com\/fr\/?post_type=ficha&#038;p=55580"},"modified":"2024-12-12T18:24:52","modified_gmt":"2024-12-12T18:24:52","slug":"carte-physique-du-belize","status":"publish","type":"ficha","link":"https:\/\/gifex.com\/fr\/fichier\/carte-physique-du-belize\/","title":{"rendered":"Carte physique du Belize"},"content":{"rendered":"<p style=\"text-align: center;\"><label style=\"font-size: 15px;\">Carte physique du Belize <a href=\"https:\/\/gifex.com\/fr\/wp-content\/uploads\/55580\/Carte-physique-du-Belize.pdf\" target=\"_blank\" rel=\"noopener\">(format pdf)<\/a>.<\/label><\/p>\n<p><strong>G\u00e9ographie du Belize<\/strong><\/p>\n<p>Le Belize est situ\u00e9 sur la c\u00f4te cara\u00efbe du nord de l&#8217;Am\u00e9rique centrale. Il partage une fronti\u00e8re avec l&#8217;\u00c9tat mexicain de Quintana Roo au nord, avec le d\u00e9partement guat\u00e9malt\u00e8que de Pet\u00e9n \u00e0 l&#8217;ouest et avec le d\u00e9partement guat\u00e9malt\u00e8que d&#8217;Izabal au sud. \u00c0 l&#8217;est, dans la mer des Cara\u00efbes, la deuxi\u00e8me plus longue barri\u00e8re de corail du monde borde une grande partie des 386 kilom\u00e8tres de c\u00f4tes essentiellement mar\u00e9cageuses.<\/p>\n<figure id=\"attachment_55592\" aria-describedby=\"caption-attachment-55592\" style=\"width: 360px\" class=\"wp-caption alignright\"><a href=\"https:\/\/gifex.com\/fr\/wp-content\/uploads\/55580\/Carte-en-relief-ombre-du-Belize.jpg\" target=\"_blank\" rel=\"noopener\"><img fetchpriority=\"high\" decoding=\"async\" class=\"wp-image-55592\" title=\"Carte en relief ombr\u00e9 du Belize.\" src=\"https:\/\/gifex.com\/fr\/wp-content\/uploads\/55580\/Carte-en-relief-ombre-du-Belize-243x300.jpg\" alt=\"Carte en relief ombr\u00e9 du Belize.\" width=\"360\" height=\"444\" srcset=\"https:\/\/gifex.com\/fr\/wp-content\/uploads\/55580\/Carte-en-relief-ombre-du-Belize-243x300.jpg 243w, https:\/\/gifex.com\/fr\/wp-content\/uploads\/55580\/Carte-en-relief-ombre-du-Belize-830x1024.jpg 830w, https:\/\/gifex.com\/fr\/wp-content\/uploads\/55580\/Carte-en-relief-ombre-du-Belize-768x948.jpg 768w, https:\/\/gifex.com\/fr\/wp-content\/uploads\/55580\/Carte-en-relief-ombre-du-Belize-1244x1536.jpg 1244w, https:\/\/gifex.com\/fr\/wp-content\/uploads\/55580\/Carte-en-relief-ombre-du-Belize-1659x2048.jpg 1659w, https:\/\/gifex.com\/fr\/wp-content\/uploads\/55580\/Carte-en-relief-ombre-du-Belize-300x370.jpg 300w, https:\/\/gifex.com\/fr\/wp-content\/uploads\/55580\/Carte-en-relief-ombre-du-Belize-1296x1600.jpg 1296w, https:\/\/gifex.com\/fr\/wp-content\/uploads\/55580\/Carte-en-relief-ombre-du-Belize.jpg 1985w\" sizes=\"(max-width: 360px) 100vw, 360px\" \/><\/a><figcaption id=\"caption-attachment-55592\" class=\"wp-caption-text\"><label style=\"font-size: 15px;\">Carte en relief ombr\u00e9 du Belize <a href=\"https:\/\/gifex.com\/fr\/wp-content\/uploads\/55580\/Carte-en-relief-ombre-du-Belize.pdf\" target=\"_blank\" rel=\"noopener\">(format pdf)<\/a>.<\/label><\/figcaption><\/figure>\n<p>La superficie du pays totalise 22 960 kilom\u00e8tres carr\u00e9s, soit une superficie l\u00e9g\u00e8rement sup\u00e9rieure \u00e0 celle du Salvador, d&#8217;Isra\u00ebl, du New Jersey ou du Pays de Galles. Les nombreux lagons le long des c\u00f4tes et dans l&#8217;int\u00e9rieur du pays au nord r\u00e9duisent la superficie r\u00e9elle du pays \u00e0 21 400 kilom\u00e8tres carr\u00e9s. C&#8217;est le seul pays d&#8217;Am\u00e9rique centrale \u00e0 ne pas avoir de littoral pacifique.<\/p>\n<p>Le Belize a la forme d&#8217;un losange qui s&#8217;\u00e9tend sur environ 280 kilom\u00e8tres du nord au sud et environ 100 kilom\u00e8tres d&#8217;est en ouest, avec une longueur totale de fronti\u00e8re terrestre de 516 kilom\u00e8tres.<\/p>\n<p>Les cours ondulants de deux rivi\u00e8res, la Hondo et la Sarstoon, d\u00e9limitent une grande partie des fronti\u00e8res nord et sud du pays. La fronti\u00e8re occidentale ne suit aucun \u00e9l\u00e9ment naturel et s&#8217;\u00e9tend du nord au sud \u00e0 travers des for\u00eats de plaine et des plateaux d&#8217;altitude.<\/p>\n<p>Le nord du Belize est principalement constitu\u00e9 de plaines c\u00f4ti\u00e8res plates et mar\u00e9cageuses, par endroits fortement bois\u00e9es. La flore y est tr\u00e8s diversifi\u00e9e compte tenu de la petite superficie g\u00e9ographique. Le sud abrite la cha\u00eene de montagnes basses des monts Maya. Le point culminant du Belize est Doyle&#8217;s Delight \u00e0 1 124 m.<\/p>\n<div style=\"clear: both; display: inline-block; width: 100%;\">\n<div class=\"row\">\n<div class=\"col-sm\">\n<figure id=\"attachment_55594\" aria-describedby=\"caption-attachment-55594\" style=\"width: 400px\" class=\"wp-caption alignleft\"><a href=\"https:\/\/gifex.com\/fr\/wp-content\/uploads\/55580\/Carte-topographique-du-Belize.png\" target=\"_blank\" rel=\"noopener\"><img decoding=\"async\" class=\"wp-image-55594\" title=\"Carte topographique du Belize.\" src=\"https:\/\/gifex.com\/fr\/wp-content\/uploads\/55580\/Carte-topographique-du-Belize-214x300.png\" alt=\"Carte topographique du Belize.\" width=\"400\" height=\"561\" srcset=\"https:\/\/gifex.com\/fr\/wp-content\/uploads\/55580\/Carte-topographique-du-Belize-214x300.png 214w, https:\/\/gifex.com\/fr\/wp-content\/uploads\/55580\/Carte-topographique-du-Belize-730x1024.png 730w, https:\/\/gifex.com\/fr\/wp-content\/uploads\/55580\/Carte-topographique-du-Belize-768x1078.png 768w, https:\/\/gifex.com\/fr\/wp-content\/uploads\/55580\/Carte-topographique-du-Belize-1095x1536.png 1095w, https:\/\/gifex.com\/fr\/wp-content\/uploads\/55580\/Carte-topographique-du-Belize-300x421.png 300w, https:\/\/gifex.com\/fr\/wp-content\/uploads\/55580\/Carte-topographique-du-Belize-1140x1600.png 1140w, https:\/\/gifex.com\/fr\/wp-content\/uploads\/55580\/Carte-topographique-du-Belize.png 1419w\" sizes=\"(max-width: 400px) 100vw, 400px\" \/><\/a><figcaption id=\"caption-attachment-55594\" class=\"wp-caption-text\"><label style=\"font-size: 15px;\">Carte topographique du Belize.<\/label><\/figcaption><\/figure>\n<\/div>\n<div class=\"col-sm\">\n<figure id=\"attachment_55595\" aria-describedby=\"caption-attachment-55595\" style=\"width: 400px\" class=\"wp-caption alignright\"><a href=\"https:\/\/gifex.com\/fr\/wp-content\/uploads\/55580\/Carte-du-relief-du-Belize.jpeg\" target=\"_blank\" rel=\"noopener\"><img decoding=\"async\" class=\"wp-image-55595\" title=\"Carte du relief du Belize.\" src=\"https:\/\/gifex.com\/fr\/wp-content\/uploads\/55580\/Carte-du-relief-du-Belize-236x300.jpeg\" alt=\"Carte du relief du Belize.\" width=\"400\" height=\"509\" srcset=\"https:\/\/gifex.com\/fr\/wp-content\/uploads\/55580\/Carte-du-relief-du-Belize-236x300.jpeg 236w, https:\/\/gifex.com\/fr\/wp-content\/uploads\/55580\/Carte-du-relief-du-Belize-805x1024.jpeg 805w, https:\/\/gifex.com\/fr\/wp-content\/uploads\/55580\/Carte-du-relief-du-Belize-768x976.jpeg 768w, https:\/\/gifex.com\/fr\/wp-content\/uploads\/55580\/Carte-du-relief-du-Belize-1208x1536.jpeg 1208w, https:\/\/gifex.com\/fr\/wp-content\/uploads\/55580\/Carte-du-relief-du-Belize-1611x2048.jpeg 1611w, https:\/\/gifex.com\/fr\/wp-content\/uploads\/55580\/Carte-du-relief-du-Belize-300x381.jpeg 300w, https:\/\/gifex.com\/fr\/wp-content\/uploads\/55580\/Carte-du-relief-du-Belize-1259x1600.jpeg 1259w\" sizes=\"(max-width: 400px) 100vw, 400px\" \/><\/a><figcaption id=\"caption-attachment-55595\" class=\"wp-caption-text\"><label style=\"font-size: 15px;\">Carte du relief du Belize <a href=\"https:\/\/gifex.com\/fr\/wp-content\/uploads\/55580\/Carte-du-relief-du-Belize.pdf\" target=\"_blank\" rel=\"noopener\">(format pdf)<\/a>.<\/label><\/figcaption><\/figure>\n<\/div>\n<\/div>\n<\/div>\n","protected":false},"excerpt":{"rendered":"<p>G\u00e9ographie du Belize. Le Belize est situ\u00e9 sur la c\u00f4te cara\u00efbe du nord de l&#8217;Am\u00e9rique centrale. Il partage une fronti\u00e8re avec l&#8217;\u00c9tat mexicain de Quintana Roo &#8230;<\/p>\n","protected":false},"author":1,"featured_media":55588,"template":"","categoria_ficha":[49],"class_list":["post-55580","ficha","type-ficha","status-publish","has-post-thumbnail","hentry","categoria_ficha-cartes-du-belize"],"acf":[],"_links":{"self":[{"href":"https:\/\/gifex.com\/fr\/wp-json\/wp\/v2\/ficha\/55580","targetHints":{"allow":["GET"]}}],"collection":[{"href":"https:\/\/gifex.com\/fr\/wp-json\/wp\/v2\/ficha"}],"about":[{"href":"https:\/\/gifex.com\/fr\/wp-json\/wp\/v2\/types\/ficha"}],"author":[{"embeddable":true,"href":"https:\/\/gifex.com\/fr\/wp-json\/wp\/v2\/users\/1"}],"version-history":[{"count":3,"href":"https:\/\/gifex.com\/fr\/wp-json\/wp\/v2\/ficha\/55580\/revisions"}],"predecessor-version":[{"id":55597,"href":"https:\/\/gifex.com\/fr\/wp-json\/wp\/v2\/ficha\/55580\/revisions\/55597"}],"wp:featuredmedia":[{"embeddable":true,"href":"https:\/\/gifex.com\/fr\/wp-json\/wp\/v2\/media\/55588"}],"wp:attachment":[{"href":"https:\/\/gifex.com\/fr\/wp-json\/wp\/v2\/media?parent=55580"}],"wp:term":[{"taxonomy":"categoria_ficha","embeddable":true,"href":"https:\/\/gifex.com\/fr\/wp-json\/wp\/v2\/categoria_ficha?post=55580"}],"curies":[{"name":"wp","href":"https:\/\/api.w.org\/{rel}","templated":true}]}}

<p style="text-align: center;"><label style="font-size: 15px;">Carte physique du Belize <a href="https://gifex.com/fr/wp-content/uploads/55580/Carte-physique-du-Belize.pdf" target="_blank" rel="noopener">(format pdf)</a>.</label></p>
<p><strong>Géographie du Belize</strong></p>
<p>Le Belize est situé sur la côte caraïbe du nord de l&#8217;Amérique centrale. Il partage une frontière avec l&#8217;État mexicain de Quintana Roo au nord, avec le département guatémaltèque de Petén à l&#8217;ouest et avec le département guatémaltèque d&#8217;Izabal au sud. À l&#8217;est, dans la mer des Caraïbes, la deuxième plus longue barrière de corail du monde borde une grande partie des 386 kilomètres de côtes essentiellement marécageuses.</p>
<figure id="attachment_55592" aria-describedby="caption-attachment-55592" style="width: 360px" class="wp-caption alignright"><a href="https://gifex.com/fr/wp-content/uploads/55580/Carte-en-relief-ombre-du-Belize.jpg" target="_blank" rel="noopener"><img fetchpriority="high" decoding="async" class="wp-image-55592" title="Carte en relief ombré du Belize." src="https://gifex.com/fr/wp-content/uploads/55580/Carte-en-relief-ombre-du-Belize-243x300.jpg" alt="Carte en relief ombré du Belize." width="360" height="444" srcset="https://gifex.com/fr/wp-content/uploads/55580/Carte-en-relief-ombre-du-Belize-243x300.jpg 243w, https://gifex.com/fr/wp-content/uploads/55580/Carte-en-relief-ombre-du-Belize-830x1024.jpg 830w, https://gifex.com/fr/wp-content/uploads/55580/Carte-en-relief-ombre-du-Belize-768x948.jpg 768w, https://gifex.com/fr/wp-content/uploads/55580/Carte-en-relief-ombre-du-Belize-1244x1536.jpg 1244w, https://gifex.com/fr/wp-content/uploads/55580/Carte-en-relief-ombre-du-Belize-1659x2048.jpg 1659w, https://gifex.com/fr/wp-content/uploads/55580/Carte-en-relief-ombre-du-Belize-300x370.jpg 300w, https://gifex.com/fr/wp-content/uploads/55580/Carte-en-relief-ombre-du-Belize-1296x1600.jpg 1296w, https://gifex.com/fr/wp-content/uploads/55580/Carte-en-relief-ombre-du-Belize.jpg 1985w" sizes="(max-width: 360px) 100vw, 360px" /></a><figcaption id="caption-attachment-55592" class="wp-caption-text"><label style="font-size: 15px;">Carte en relief ombré du Belize <a href="https://gifex.com/fr/wp-content/uploads/55580/Carte-en-relief-ombre-du-Belize.pdf" target="_blank" rel="noopener">(format pdf)</a>.</label></figcaption></figure>
<p>La superficie du pays totalise 22 960 kilomètres carrés, soit une superficie légèrement supérieure à celle du Salvador, d&#8217;Israël, du New Jersey ou du Pays de Galles. Les nombreux lagons le long des côtes et dans l&#8217;intérieur du pays au nord réduisent la superficie réelle du pays à 21 400 kilomètres carrés. C&#8217;est le seul pays d&#8217;Amérique centrale à ne pas avoir de littoral pacifique.</p>
<p>Le Belize a la forme d&#8217;un losange qui s&#8217;étend sur environ 280 kilomètres du nord au sud et environ 100 kilomètres d&#8217;est en ouest, avec une longueur totale de frontière terrestre de 516 kilomètres.</p>
<p>Les cours ondulants de deux rivières, la Hondo et la Sarstoon, délimitent une grande partie des frontières nord et sud du pays. La frontière occidentale ne suit aucun élément naturel et s&#8217;étend du nord au sud à travers des forêts de plaine et des plateaux d&#8217;altitude.</p>
<p>Le nord du Belize est principalement constitué de plaines côtières plates et marécageuses, par endroits fortement boisées. La flore y est très diversifiée compte tenu de la petite superficie géographique. Le sud abrite la chaîne de montagnes basses des monts Maya. Le point culminant du Belize est Doyle&#8217;s Delight à 1 124 m.</p>
<div style="clear: both; display: inline-block; width: 100%;">
<div class="row">
<div class="col-sm">
<figure id="attachment_55594" aria-describedby="caption-attachment-55594" style="width: 400px" class="wp-caption alignleft"><a href="https://gifex.com/fr/wp-content/uploads/55580/Carte-topographique-du-Belize.png" target="_blank" rel="noopener"><img decoding="async" class="wp-image-55594" title="Carte topographique du Belize." src="https://gifex.com/fr/wp-content/uploads/55580/Carte-topographique-du-Belize-214x300.png" alt="Carte topographique du Belize." width="400" height="561" srcset="https://gifex.com/fr/wp-content/uploads/55580/Carte-topographique-du-Belize-214x300.png 214w, https://gifex.com/fr/wp-content/uploads/55580/Carte-topographique-du-Belize-730x1024.png 730w, https://gifex.com/fr/wp-content/uploads/55580/Carte-topographique-du-Belize-768x1078.png 768w, https://gifex.com/fr/wp-content/uploads/55580/Carte-topographique-du-Belize-1095x1536.png 1095w, https://gifex.com/fr/wp-content/uploads/55580/Carte-topographique-du-Belize-300x421.png 300w, https://gifex.com/fr/wp-content/uploads/55580/Carte-topographique-du-Belize-1140x1600.png 1140w, https://gifex.com/fr/wp-content/uploads/55580/Carte-topographique-du-Belize.png 1419w" sizes="(max-width: 400px) 100vw, 400px" /></a><figcaption id="caption-attachment-55594" class="wp-caption-text"><label style="font-size: 15px;">Carte topographique du Belize.</label></figcaption></figure>
</div>
<div class="col-sm">
<figure id="attachment_55595" aria-describedby="caption-attachment-55595" style="width: 400px" class="wp-caption alignright"><a href="https://gifex.com/fr/wp-content/uploads/55580/Carte-du-relief-du-Belize.jpeg" target="_blank" rel="noopener"><img decoding="async" class="wp-image-55595" title="Carte du relief du Belize." src="https://gifex.com/fr/wp-content/uploads/55580/Carte-du-relief-du-Belize-236x300.jpeg" alt="Carte du relief du Belize." width="400" height="509" srcset="https://gifex.com/fr/wp-content/uploads/55580/Carte-du-relief-du-Belize-236x300.jpeg 236w, https://gifex.com/fr/wp-content/uploads/55580/Carte-du-relief-du-Belize-805x1024.jpeg 805w, https://gifex.com/fr/wp-content/uploads/55580/Carte-du-relief-du-Belize-768x976.jpeg 768w, https://gifex.com/fr/wp-content/uploads/55580/Carte-du-relief-du-Belize-1208x1536.jpeg 1208w, https://gifex.com/fr/wp-content/uploads/55580/Carte-du-relief-du-Belize-1611x2048.jpeg 1611w, https://gifex.com/fr/wp-content/uploads/55580/Carte-du-relief-du-Belize-300x381.jpeg 300w, https://gifex.com/fr/wp-content/uploads/55580/Carte-du-relief-du-Belize-1259x1600.jpeg 1259w" sizes="(max-width: 400px) 100vw, 400px" /></a><figcaption id="caption-attachment-55595" class="wp-caption-text"><label style="font-size: 15px;">Carte du relief du Belize <a href="https://gifex.com/fr/wp-content/uploads/55580/Carte-du-relief-du-Belize.pdf" target="_blank" rel="noopener">(format pdf)</a>.</label></figcaption></figure>
</div>
</div>
</div>

<p>Géographie du Belize. Le Belize est situé sur la côte caraïbe du nord de l&#8217;Amérique centrale. Il partage une frontière avec l&#8217;État mexicain de Quintana Roo &#8230;</p>
