{"id":54469,"date":"2024-11-19T17:55:48","date_gmt":"2024-11-19T17:55:48","guid":{"rendered":"https:\/\/gifex.com\/fr\/?post_type=ficha&#038;p=54469"},"modified":"2024-11-19T17:55:48","modified_gmt":"2024-11-19T17:55:48","slug":"carte-physique-de-la-province-de-namur","status":"publish","type":"ficha","link":"https:\/\/gifex.com\/fr\/fichier\/carte-physique-de-la-province-de-namur\/","title":{"rendered":"Carte physique de la province de Namur"},"content":{"rendered":"<p style=\"text-align: center;\"><label style=\"font-size: 15px;\">Carte physique de la province de Namur <a href=\"https:\/\/gifex.com\/fr\/wp-content\/uploads\/54469\/Carte-physique-de-la-province-de-Namur.pdf\" target=\"_blank\" rel=\"noopener\">(format pdf)<\/a>.<\/label><\/p>\n<p><strong>G\u00e9ographie de la province de Namur<\/strong><\/p>\n<figure id=\"attachment_54472\" aria-describedby=\"caption-attachment-54472\" style=\"width: 360px\" class=\"wp-caption alignright\"><a href=\"https:\/\/gifex.com\/fr\/wp-content\/uploads\/54469\/Carte-du-relief-de-la-province-de-Namur.jpg\" target=\"_blank\" rel=\"noopener\"><img fetchpriority=\"high\" decoding=\"async\" class=\"wp-image-54472\" title=\"Carte du relief de la province de Namur.\" src=\"https:\/\/gifex.com\/fr\/wp-content\/uploads\/54469\/Carte-du-relief-de-la-province-de-Namur-265x300.jpg\" alt=\"Carte du relief de la province de Namur.\" width=\"360\" height=\"407\" srcset=\"https:\/\/gifex.com\/fr\/wp-content\/uploads\/54469\/Carte-du-relief-de-la-province-de-Namur-265x300.jpg 265w, https:\/\/gifex.com\/fr\/wp-content\/uploads\/54469\/Carte-du-relief-de-la-province-de-Namur-906x1024.jpg 906w, https:\/\/gifex.com\/fr\/wp-content\/uploads\/54469\/Carte-du-relief-de-la-province-de-Namur-768x868.jpg 768w, https:\/\/gifex.com\/fr\/wp-content\/uploads\/54469\/Carte-du-relief-de-la-province-de-Namur-1359x1536.jpg 1359w, https:\/\/gifex.com\/fr\/wp-content\/uploads\/54469\/Carte-du-relief-de-la-province-de-Namur-1811x2048.jpg 1811w, https:\/\/gifex.com\/fr\/wp-content\/uploads\/54469\/Carte-du-relief-de-la-province-de-Namur-300x339.jpg 300w, https:\/\/gifex.com\/fr\/wp-content\/uploads\/54469\/Carte-du-relief-de-la-province-de-Namur-1415x1600.jpg 1415w\" sizes=\"(max-width: 360px) 100vw, 360px\" \/><\/a><figcaption id=\"caption-attachment-54472\" class=\"wp-caption-text\"><label style=\"font-size: 15px;\">Carte du relief de la province de Namur.<\/label><\/figcaption><\/figure>\n<p>La petite partie de la province situ\u00e9e au nord de la Sambre et Meuse appartient au plateau brabant-hainaut \u00e0 l&#8217;ouest et \u00e0 la Hesbaye \u00e0 l&#8217;est.<\/p>\n<p>La partie centrale de la province fait partie du plateau du Condroz, qui se fond dans la d\u00e9pression de la Fagne-Famenne au sud. Celle-ci est s\u00e9par\u00e9e des Ardennes, dans la partie la plus m\u00e9ridionale de la province, par l&#8217;\u00e9troite bande calestienne.<\/p>\n<p>Le point culminant de la province, la Croix-Scaille, est situ\u00e9 \u00e0 505 m\u00e8tres au-dessus du niveau de la mer.<\/p>\n<p><strong>Hydrographie<\/strong><\/p>\n<p>La Meuse entre en Belgique depuis la France pr\u00e8s de Heer, au sud de la province, et coupe la province en deux du sud au nord. Comme son principal affluent la Sambre, qui le rejoint \u00e0 Namur, elle a \u00e9t\u00e9 canalis\u00e9e par la construction d&#8217;\u00e9cluses et de seuils et, apr\u00e8s les derni\u00e8res modernisations, est d\u00e9sormais navigable pour les navires de classe CEMT V.<\/p>\n<p>Les autres rivi\u00e8res de la province non navigables sont la Lesse, la Molign\u00e9e, le Bocq, le Viroin, l&#8217;Orneau et la Mehaigne, toutes appartenant au bassin de la Meuse.<\/p>\n","protected":false},"excerpt":{"rendered":"<p>G\u00e9ographie de la province de Namur. La petite partie de la province situ\u00e9e au nord de la Sambre et Meuse appartient au plateau brabant-hainaut \u00e0 l&#8217;ouest et \u00e0 la<\/p>\n","protected":false},"author":1,"featured_media":54470,"template":"","categoria_ficha":[1757],"class_list":["post-54469","ficha","type-ficha","status-publish","has-post-thumbnail","hentry","categoria_ficha-cartes-de-la-province-de-namur"],"acf":[],"_links":{"self":[{"href":"https:\/\/gifex.com\/fr\/wp-json\/wp\/v2\/ficha\/54469","targetHints":{"allow":["GET"]}}],"collection":[{"href":"https:\/\/gifex.com\/fr\/wp-json\/wp\/v2\/ficha"}],"about":[{"href":"https:\/\/gifex.com\/fr\/wp-json\/wp\/v2\/types\/ficha"}],"author":[{"embeddable":true,"href":"https:\/\/gifex.com\/fr\/wp-json\/wp\/v2\/users\/1"}],"version-history":[{"count":2,"href":"https:\/\/gifex.com\/fr\/wp-json\/wp\/v2\/ficha\/54469\/revisions"}],"predecessor-version":[{"id":54476,"href":"https:\/\/gifex.com\/fr\/wp-json\/wp\/v2\/ficha\/54469\/revisions\/54476"}],"wp:featuredmedia":[{"embeddable":true,"href":"https:\/\/gifex.com\/fr\/wp-json\/wp\/v2\/media\/54470"}],"wp:attachment":[{"href":"https:\/\/gifex.com\/fr\/wp-json\/wp\/v2\/media?parent=54469"}],"wp:term":[{"taxonomy":"categoria_ficha","embeddable":true,"href":"https:\/\/gifex.com\/fr\/wp-json\/wp\/v2\/categoria_ficha?post=54469"}],"curies":[{"name":"wp","href":"https:\/\/api.w.org\/{rel}","templated":true}]}}

<p style="text-align: center;"><label style="font-size: 15px;">Carte physique de la province de Namur <a href="https://gifex.com/fr/wp-content/uploads/54469/Carte-physique-de-la-province-de-Namur.pdf" target="_blank" rel="noopener">(format pdf)</a>.</label></p>
<p><strong>Géographie de la province de Namur</strong></p>
<figure id="attachment_54472" aria-describedby="caption-attachment-54472" style="width: 360px" class="wp-caption alignright"><a href="https://gifex.com/fr/wp-content/uploads/54469/Carte-du-relief-de-la-province-de-Namur.jpg" target="_blank" rel="noopener"><img fetchpriority="high" decoding="async" class="wp-image-54472" title="Carte du relief de la province de Namur." src="https://gifex.com/fr/wp-content/uploads/54469/Carte-du-relief-de-la-province-de-Namur-265x300.jpg" alt="Carte du relief de la province de Namur." width="360" height="407" srcset="https://gifex.com/fr/wp-content/uploads/54469/Carte-du-relief-de-la-province-de-Namur-265x300.jpg 265w, https://gifex.com/fr/wp-content/uploads/54469/Carte-du-relief-de-la-province-de-Namur-906x1024.jpg 906w, https://gifex.com/fr/wp-content/uploads/54469/Carte-du-relief-de-la-province-de-Namur-768x868.jpg 768w, https://gifex.com/fr/wp-content/uploads/54469/Carte-du-relief-de-la-province-de-Namur-1359x1536.jpg 1359w, https://gifex.com/fr/wp-content/uploads/54469/Carte-du-relief-de-la-province-de-Namur-1811x2048.jpg 1811w, https://gifex.com/fr/wp-content/uploads/54469/Carte-du-relief-de-la-province-de-Namur-300x339.jpg 300w, https://gifex.com/fr/wp-content/uploads/54469/Carte-du-relief-de-la-province-de-Namur-1415x1600.jpg 1415w" sizes="(max-width: 360px) 100vw, 360px" /></a><figcaption id="caption-attachment-54472" class="wp-caption-text"><label style="font-size: 15px;">Carte du relief de la province de Namur.</label></figcaption></figure>
<p>La petite partie de la province située au nord de la Sambre et Meuse appartient au plateau brabant-hainaut à l&#8217;ouest et à la Hesbaye à l&#8217;est.</p>
<p>La partie centrale de la province fait partie du plateau du Condroz, qui se fond dans la dépression de la Fagne-Famenne au sud. Celle-ci est séparée des Ardennes, dans la partie la plus méridionale de la province, par l&#8217;étroite bande calestienne.</p>
<p>Le point culminant de la province, la Croix-Scaille, est situé à 505 mètres au-dessus du niveau de la mer.</p>
<p><strong>Hydrographie</strong></p>
<p>La Meuse entre en Belgique depuis la France près de Heer, au sud de la province, et coupe la province en deux du sud au nord. Comme son principal affluent la Sambre, qui le rejoint à Namur, elle a été canalisée par la construction d&#8217;écluses et de seuils et, après les dernières modernisations, est désormais navigable pour les navires de classe CEMT V.</p>
<p>Les autres rivières de la province non navigables sont la Lesse, la Molignée, le Bocq, le Viroin, l&#8217;Orneau et la Mehaigne, toutes appartenant au bassin de la Meuse.</p>

<p>Géographie de la province de Namur. La petite partie de la province située au nord de la Sambre et Meuse appartient au plateau brabant-hainaut à l&#8217;ouest et à la</p>
