{"id":54438,"date":"2024-11-18T22:33:36","date_gmt":"2024-11-18T22:33:36","guid":{"rendered":"https:\/\/gifex.com\/fr\/?post_type=ficha&#038;p=54438"},"modified":"2024-11-18T22:33:36","modified_gmt":"2024-11-18T22:33:36","slug":"carte-physique-de-la-province-de-luxembourg","status":"publish","type":"ficha","link":"https:\/\/gifex.com\/fr\/fichier\/carte-physique-de-la-province-de-luxembourg\/","title":{"rendered":"Carte physique de la province de Luxembourg"},"content":{"rendered":"<p style=\"text-align: center;\"><label style=\"font-size: 15px;\">Carte physique de la province de Luxembourg <a href=\"https:\/\/gifex.com\/fr\/wp-content\/uploads\/54438\/Carte-physique-de-la-province-de-Luxembourg.pdf\" target=\"_blank\" rel=\"noopener\">(format pdf)<\/a>.<\/label><\/p>\n<p><strong>G\u00e9ographie de la province de Luxembourg<\/strong><\/p>\n<p>La province est d\u00e9limit\u00e9e au nord-ouest par la province de Namur, au nord-est par la province de Li\u00e8ge, \u00e0 l&#8217;est par le grand-duch\u00e9 de Luxembourg (cantons de Clervaux, Wiltz, Redange, Capellen et d&#8217;Esch-sur-Alzette) et au sud par les d\u00e9partements fran\u00e7ais de Meurthe-et-Moselle, Meuse et Ardennes (Grand Est).<\/p>\n<figure id=\"attachment_54441\" aria-describedby=\"caption-attachment-54441\" style=\"width: 360px\" class=\"wp-caption alignright\"><a href=\"https:\/\/gifex.com\/fr\/wp-content\/uploads\/54438\/Carte-du-relief-de-la-province-de-Luxembourg.jpg\" target=\"_blank\" rel=\"noopener\"><img fetchpriority=\"high\" decoding=\"async\" class=\"wp-image-54441\" title=\"Carte du relief de la province de Luxembourg.\" src=\"https:\/\/gifex.com\/fr\/wp-content\/uploads\/54438\/Carte-du-relief-de-la-province-de-Luxembourg-263x300.jpg\" alt=\"Carte du relief de la province de Luxembourg.\" width=\"360\" height=\"411\" srcset=\"https:\/\/gifex.com\/fr\/wp-content\/uploads\/54438\/Carte-du-relief-de-la-province-de-Luxembourg-263x300.jpg 263w, https:\/\/gifex.com\/fr\/wp-content\/uploads\/54438\/Carte-du-relief-de-la-province-de-Luxembourg-897x1024.jpg 897w, https:\/\/gifex.com\/fr\/wp-content\/uploads\/54438\/Carte-du-relief-de-la-province-de-Luxembourg-768x877.jpg 768w, https:\/\/gifex.com\/fr\/wp-content\/uploads\/54438\/Carte-du-relief-de-la-province-de-Luxembourg-1345x1536.jpg 1345w, https:\/\/gifex.com\/fr\/wp-content\/uploads\/54438\/Carte-du-relief-de-la-province-de-Luxembourg-1794x2048.jpg 1794w, https:\/\/gifex.com\/fr\/wp-content\/uploads\/54438\/Carte-du-relief-de-la-province-de-Luxembourg-300x343.jpg 300w, https:\/\/gifex.com\/fr\/wp-content\/uploads\/54438\/Carte-du-relief-de-la-province-de-Luxembourg-1401x1600.jpg 1401w\" sizes=\"(max-width: 360px) 100vw, 360px\" \/><\/a><figcaption id=\"caption-attachment-54441\" class=\"wp-caption-text\"><label style=\"font-size: 15px;\">Carte du relief de la province de Luxembourg.<\/label><\/figcaption><\/figure>\n<p>Le territoire couvre les sous-r\u00e9gions naturelles suivantes :<\/p>\n<ul>\n<li>la Lorraine belge, le tiers sud, elle-m\u00eame compos\u00e9e \u00e0 l&#8217;ouest de la Gaume (correspondant \u00e0 peu pr\u00e8s \u00e0 l&#8217;arrondissement de Virton) et \u00e0 l&#8217;est du Pays d&#8217;Arlon (correspondant \u00e0 peu pr\u00e8s \u00e0 l&#8217;arrondissement d&#8217;Arlon), sous-r\u00e9gions culturelles ;<\/li>\n<li>une partie de l&#8217;Ardenne, les deux tiers nord ;<\/li>\n<li>une partie de la Calestienne, pour bon nombre de communes limitrophes de la province de Namur ;<\/li>\n<li>une partie de la Famenne, \u00e0 l&#8217;extr\u00eame nord autour de Marche-en-Famenne ;<\/li>\n<li>une minuscule partie du Condroz dans la commune de Durbuy \u00e0 la pointe nord.<\/li>\n<\/ul>\n<p>Avec 115 m d\u2019altitude, les rives de l\u2019Ourthe \u00e0 la fronti\u00e8re avec la province de Li\u00e8ge est le point le plus bas de la province.<\/p>\n<p>Avec 652 m d&#8217;altitude, la Baraque de Fraiture (commune de Vielsalm) est le point culminant de la province.<\/p>\n<p>Les cours d&#8217;eau principaux sont les rivi\u00e8res suivantes :<\/p>\n<ul>\n<li>la Semois, affluent de la Meuse qui prend sa source \u00e0 Arlon et traverse le sud de la province d&#8217;est en ouest ;<\/li>\n<li>la S\u00fbre, affluent de la Moselle qui prend sa source pr\u00e8s de Vaux-lez-Rosi\u00e8res dans le centre de la province et coule vers l&#8217;est ;<\/li>\n<li>la Lesse, affluent de la Meuse qui prend sa source \u00e0 Ochamps dans le centre de la province et coule vers le nord-ouest ;<\/li>\n<li>l&#8217;Ourthe, affluent de la Meuse qui prend ses sources \u00e0 Ourt (commune de Libramont, centre de la province) et Ourthe (commune de Gouvy, nord-est de la province) et coule vers le nord ;<\/li>\n<li>le Ton, affluent de la Chiers qui prend sa source \u00e0 Ch\u00e2tillon dans le Sud de la province ;<\/li>\n<li>la Lhomme, affluent de la Lesse qui prend sa source \u00e0 Bras (commune de Libramont, centre de la province), et qui coule vers le nord pour rejoindre la province de Namur.<\/li>\n<\/ul>\n","protected":false},"excerpt":{"rendered":"<p>G\u00e9ographie de la province de Luxembourg. La province est d\u00e9limit\u00e9e au nord-ouest par la province de Namur, au nord-est par la province de Li\u00e8ge, \u00e0 l&#8217;est par le <\/p>\n","protected":false},"author":1,"featured_media":54439,"template":"","categoria_ficha":[1756],"class_list":["post-54438","ficha","type-ficha","status-publish","has-post-thumbnail","hentry","categoria_ficha-cartes-de-la-province-de-luxembourg"],"acf":[],"_links":{"self":[{"href":"https:\/\/gifex.com\/fr\/wp-json\/wp\/v2\/ficha\/54438","targetHints":{"allow":["GET"]}}],"collection":[{"href":"https:\/\/gifex.com\/fr\/wp-json\/wp\/v2\/ficha"}],"about":[{"href":"https:\/\/gifex.com\/fr\/wp-json\/wp\/v2\/types\/ficha"}],"author":[{"embeddable":true,"href":"https:\/\/gifex.com\/fr\/wp-json\/wp\/v2\/users\/1"}],"version-history":[{"count":2,"href":"https:\/\/gifex.com\/fr\/wp-json\/wp\/v2\/ficha\/54438\/revisions"}],"predecessor-version":[{"id":54443,"href":"https:\/\/gifex.com\/fr\/wp-json\/wp\/v2\/ficha\/54438\/revisions\/54443"}],"wp:featuredmedia":[{"embeddable":true,"href":"https:\/\/gifex.com\/fr\/wp-json\/wp\/v2\/media\/54439"}],"wp:attachment":[{"href":"https:\/\/gifex.com\/fr\/wp-json\/wp\/v2\/media?parent=54438"}],"wp:term":[{"taxonomy":"categoria_ficha","embeddable":true,"href":"https:\/\/gifex.com\/fr\/wp-json\/wp\/v2\/categoria_ficha?post=54438"}],"curies":[{"name":"wp","href":"https:\/\/api.w.org\/{rel}","templated":true}]}}

<p style="text-align: center;"><label style="font-size: 15px;">Carte physique de la province de Luxembourg <a href="https://gifex.com/fr/wp-content/uploads/54438/Carte-physique-de-la-province-de-Luxembourg.pdf" target="_blank" rel="noopener">(format pdf)</a>.</label></p>
<p><strong>Géographie de la province de Luxembourg</strong></p>
<p>La province est délimitée au nord-ouest par la province de Namur, au nord-est par la province de Liège, à l&#8217;est par le grand-duché de Luxembourg (cantons de Clervaux, Wiltz, Redange, Capellen et d&#8217;Esch-sur-Alzette) et au sud par les départements français de Meurthe-et-Moselle, Meuse et Ardennes (Grand Est).</p>
<figure id="attachment_54441" aria-describedby="caption-attachment-54441" style="width: 360px" class="wp-caption alignright"><a href="https://gifex.com/fr/wp-content/uploads/54438/Carte-du-relief-de-la-province-de-Luxembourg.jpg" target="_blank" rel="noopener"><img fetchpriority="high" decoding="async" class="wp-image-54441" title="Carte du relief de la province de Luxembourg." src="https://gifex.com/fr/wp-content/uploads/54438/Carte-du-relief-de-la-province-de-Luxembourg-263x300.jpg" alt="Carte du relief de la province de Luxembourg." width="360" height="411" srcset="https://gifex.com/fr/wp-content/uploads/54438/Carte-du-relief-de-la-province-de-Luxembourg-263x300.jpg 263w, https://gifex.com/fr/wp-content/uploads/54438/Carte-du-relief-de-la-province-de-Luxembourg-897x1024.jpg 897w, https://gifex.com/fr/wp-content/uploads/54438/Carte-du-relief-de-la-province-de-Luxembourg-768x877.jpg 768w, https://gifex.com/fr/wp-content/uploads/54438/Carte-du-relief-de-la-province-de-Luxembourg-1345x1536.jpg 1345w, https://gifex.com/fr/wp-content/uploads/54438/Carte-du-relief-de-la-province-de-Luxembourg-1794x2048.jpg 1794w, https://gifex.com/fr/wp-content/uploads/54438/Carte-du-relief-de-la-province-de-Luxembourg-300x343.jpg 300w, https://gifex.com/fr/wp-content/uploads/54438/Carte-du-relief-de-la-province-de-Luxembourg-1401x1600.jpg 1401w" sizes="(max-width: 360px) 100vw, 360px" /></a><figcaption id="caption-attachment-54441" class="wp-caption-text"><label style="font-size: 15px;">Carte du relief de la province de Luxembourg.</label></figcaption></figure>
<p>Le territoire couvre les sous-régions naturelles suivantes :</p>
<ul>
<li>la Lorraine belge, le tiers sud, elle-même composée à l&#8217;ouest de la Gaume (correspondant à peu près à l&#8217;arrondissement de Virton) et à l&#8217;est du Pays d&#8217;Arlon (correspondant à peu près à l&#8217;arrondissement d&#8217;Arlon), sous-régions culturelles ;</li>
<li>une partie de l&#8217;Ardenne, les deux tiers nord ;</li>
<li>une partie de la Calestienne, pour bon nombre de communes limitrophes de la province de Namur ;</li>
<li>une partie de la Famenne, à l&#8217;extrême nord autour de Marche-en-Famenne ;</li>
<li>une minuscule partie du Condroz dans la commune de Durbuy à la pointe nord.</li>
</ul>
<p>Avec 115 m d’altitude, les rives de l’Ourthe à la frontière avec la province de Liège est le point le plus bas de la province.</p>
<p>Avec 652 m d&#8217;altitude, la Baraque de Fraiture (commune de Vielsalm) est le point culminant de la province.</p>
<p>Les cours d&#8217;eau principaux sont les rivières suivantes :</p>
<ul>
<li>la Semois, affluent de la Meuse qui prend sa source à Arlon et traverse le sud de la province d&#8217;est en ouest ;</li>
<li>la Sûre, affluent de la Moselle qui prend sa source près de Vaux-lez-Rosières dans le centre de la province et coule vers l&#8217;est ;</li>
<li>la Lesse, affluent de la Meuse qui prend sa source à Ochamps dans le centre de la province et coule vers le nord-ouest ;</li>
<li>l&#8217;Ourthe, affluent de la Meuse qui prend ses sources à Ourt (commune de Libramont, centre de la province) et Ourthe (commune de Gouvy, nord-est de la province) et coule vers le nord ;</li>
<li>le Ton, affluent de la Chiers qui prend sa source à Châtillon dans le Sud de la province ;</li>
<li>la Lhomme, affluent de la Lesse qui prend sa source à Bras (commune de Libramont, centre de la province), et qui coule vers le nord pour rejoindre la province de Namur.</li>
</ul>

<p>Géographie de la province de Luxembourg. La province est délimitée au nord-ouest par la province de Namur, au nord-est par la province de Liège, à l&#8217;est par le </p>
