{"id":54416,"date":"2024-11-18T17:01:30","date_gmt":"2024-11-18T17:01:30","guid":{"rendered":"https:\/\/gifex.com\/fr\/?post_type=ficha&#038;p=54416"},"modified":"2024-11-18T17:01:30","modified_gmt":"2024-11-18T17:01:30","slug":"carte-physique-du-brabant-wallon","status":"publish","type":"ficha","link":"https:\/\/gifex.com\/fr\/fichier\/carte-physique-du-brabant-wallon\/","title":{"rendered":"Carte physique du Brabant wallon"},"content":{"rendered":"<p style=\"text-align: center;\"><label style=\"font-size: 15px;\">Carte physique du Brabant wallon <a href=\"https:\/\/gifex.com\/fr\/wp-content\/uploads\/54416\/Carte-physique-du-Brabant-wallon.pdf\" target=\"_blank\" rel=\"noopener\">(format pdf)<\/a>.<\/label><\/p>\n<p><strong>G\u00e9ographie du Brabant wallon<\/strong><\/p>\n<p>La superficie totale de la province est de 1091 km\u00b2, la capitale est Wavre. La province a une forme allong\u00e9e et mesure environ 90 km d&#8217;est en ouest, et du nord au sud, la distance \u00e0 vol d&#8217;oiseau est d&#8217;environ 40 km.<\/p>\n<figure id=\"attachment_54419\" aria-describedby=\"caption-attachment-54419\" style=\"width: 360px\" class=\"wp-caption alignright\"><a href=\"https:\/\/gifex.com\/fr\/wp-content\/uploads\/54416\/Carte-du-relief-du-Brabant-wallon.jpg\" target=\"_blank\" rel=\"noopener\"><img fetchpriority=\"high\" decoding=\"async\" class=\"wp-image-54419\" title=\"Carte du relief du Brabant wallon.\" src=\"https:\/\/gifex.com\/fr\/wp-content\/uploads\/54416\/Carte-du-relief-du-Brabant-wallon-300x177.jpg\" alt=\"Carte du relief du Brabant wallon.\" width=\"360\" height=\"213\" srcset=\"https:\/\/gifex.com\/fr\/wp-content\/uploads\/54416\/Carte-du-relief-du-Brabant-wallon-300x177.jpg 300w, https:\/\/gifex.com\/fr\/wp-content\/uploads\/54416\/Carte-du-relief-du-Brabant-wallon-1024x605.jpg 1024w, https:\/\/gifex.com\/fr\/wp-content\/uploads\/54416\/Carte-du-relief-du-Brabant-wallon-768x454.jpg 768w, https:\/\/gifex.com\/fr\/wp-content\/uploads\/54416\/Carte-du-relief-du-Brabant-wallon-1536x907.jpg 1536w, https:\/\/gifex.com\/fr\/wp-content\/uploads\/54416\/Carte-du-relief-du-Brabant-wallon-2048x1210.jpg 2048w, https:\/\/gifex.com\/fr\/wp-content\/uploads\/54416\/Carte-du-relief-du-Brabant-wallon-1600x945.jpg 1600w\" sizes=\"(max-width: 360px) 100vw, 360px\" \/><\/a><figcaption id=\"caption-attachment-54419\" class=\"wp-caption-text\"><label style=\"font-size: 15px;\">Carte du relief du Brabant wallon.<\/label><\/figcaption><\/figure>\n<p>Le centre g\u00e9ographique de la Belgique est situ\u00e9 sur le territoire de Nil-Saint-Vincent-Saint-Martin, arrondissement de Walhain. Avant l&#8217;annexion des cantons de l&#8217;Est (\u00e0 la suite du trait\u00e9 de Versailles), le centre se trouvait \u00e0 Itter \u00e9galement dans le Brabant wallon. Il y a un monument aux deux endroits qui fait r\u00e9f\u00e9rence \u00e0 cela. Le point culminant de la province (175 m\u00e8tres) est situ\u00e9 dans la commune de Perwez \u00e0 la fronti\u00e8re avec la province de Namur \u00e0 proximit\u00e9 du Bois de Grand-Leez, le point le plus bas (30 m\u00e8tres) dans la vall\u00e9e de la Dyle pr\u00e8s de la sous-commune de Nethen de Grav\u00e9 \u00e0 la fronti\u00e8re avec le Brabant flamand.<\/p>\n<p><strong>Hydrographie<\/strong><\/p>\n<p>Les principaux cours d&#8217;eau de la province sont, d&#8217;ouest en est, la Senne, la Dyle qui prend sa source \u00e0 Houtain-le-Val \u00e0 l&#8217;extr\u00eame sud de la province, et la Grande Gette. Ces cours d&#8217;eau appartiennent tous au bassin de l&#8217;Escaut et s&#8217;\u00e9tendent chacun du sud au nord. Les cours d&#8217;eau plus petits sont le Hain, le Lasne, le Train et la Petite Gette. A l&#8217;ouest de la province, en partie dans la vall\u00e9e de la Senne, coule le canal Charleroi-Bruxelles.<\/p>\n","protected":false},"excerpt":{"rendered":"<p>G\u00e9ographie du Brabant wallon. La superficie totale de la province est de 1091 km\u00b2, la capitale est Wavre. La province a une forme allong\u00e9e et mesure environ 90 <\/p>\n","protected":false},"author":1,"featured_media":54417,"template":"","categoria_ficha":[1758],"class_list":["post-54416","ficha","type-ficha","status-publish","has-post-thumbnail","hentry","categoria_ficha-cartes-de-la-province-du-brabant-wallon"],"acf":[],"_links":{"self":[{"href":"https:\/\/gifex.com\/fr\/wp-json\/wp\/v2\/ficha\/54416","targetHints":{"allow":["GET"]}}],"collection":[{"href":"https:\/\/gifex.com\/fr\/wp-json\/wp\/v2\/ficha"}],"about":[{"href":"https:\/\/gifex.com\/fr\/wp-json\/wp\/v2\/types\/ficha"}],"author":[{"embeddable":true,"href":"https:\/\/gifex.com\/fr\/wp-json\/wp\/v2\/users\/1"}],"version-history":[{"count":1,"href":"https:\/\/gifex.com\/fr\/wp-json\/wp\/v2\/ficha\/54416\/revisions"}],"predecessor-version":[{"id":54421,"href":"https:\/\/gifex.com\/fr\/wp-json\/wp\/v2\/ficha\/54416\/revisions\/54421"}],"wp:featuredmedia":[{"embeddable":true,"href":"https:\/\/gifex.com\/fr\/wp-json\/wp\/v2\/media\/54417"}],"wp:attachment":[{"href":"https:\/\/gifex.com\/fr\/wp-json\/wp\/v2\/media?parent=54416"}],"wp:term":[{"taxonomy":"categoria_ficha","embeddable":true,"href":"https:\/\/gifex.com\/fr\/wp-json\/wp\/v2\/categoria_ficha?post=54416"}],"curies":[{"name":"wp","href":"https:\/\/api.w.org\/{rel}","templated":true}]}}

<p style="text-align: center;"><label style="font-size: 15px;">Carte physique du Brabant wallon <a href="https://gifex.com/fr/wp-content/uploads/54416/Carte-physique-du-Brabant-wallon.pdf" target="_blank" rel="noopener">(format pdf)</a>.</label></p>
<p><strong>Géographie du Brabant wallon</strong></p>
<p>La superficie totale de la province est de 1091 km², la capitale est Wavre. La province a une forme allongée et mesure environ 90 km d&#8217;est en ouest, et du nord au sud, la distance à vol d&#8217;oiseau est d&#8217;environ 40 km.</p>
<figure id="attachment_54419" aria-describedby="caption-attachment-54419" style="width: 360px" class="wp-caption alignright"><a href="https://gifex.com/fr/wp-content/uploads/54416/Carte-du-relief-du-Brabant-wallon.jpg" target="_blank" rel="noopener"><img fetchpriority="high" decoding="async" class="wp-image-54419" title="Carte du relief du Brabant wallon." src="https://gifex.com/fr/wp-content/uploads/54416/Carte-du-relief-du-Brabant-wallon-300x177.jpg" alt="Carte du relief du Brabant wallon." width="360" height="213" srcset="https://gifex.com/fr/wp-content/uploads/54416/Carte-du-relief-du-Brabant-wallon-300x177.jpg 300w, https://gifex.com/fr/wp-content/uploads/54416/Carte-du-relief-du-Brabant-wallon-1024x605.jpg 1024w, https://gifex.com/fr/wp-content/uploads/54416/Carte-du-relief-du-Brabant-wallon-768x454.jpg 768w, https://gifex.com/fr/wp-content/uploads/54416/Carte-du-relief-du-Brabant-wallon-1536x907.jpg 1536w, https://gifex.com/fr/wp-content/uploads/54416/Carte-du-relief-du-Brabant-wallon-2048x1210.jpg 2048w, https://gifex.com/fr/wp-content/uploads/54416/Carte-du-relief-du-Brabant-wallon-1600x945.jpg 1600w" sizes="(max-width: 360px) 100vw, 360px" /></a><figcaption id="caption-attachment-54419" class="wp-caption-text"><label style="font-size: 15px;">Carte du relief du Brabant wallon.</label></figcaption></figure>
<p>Le centre géographique de la Belgique est situé sur le territoire de Nil-Saint-Vincent-Saint-Martin, arrondissement de Walhain. Avant l&#8217;annexion des cantons de l&#8217;Est (à la suite du traité de Versailles), le centre se trouvait à Itter également dans le Brabant wallon. Il y a un monument aux deux endroits qui fait référence à cela. Le point culminant de la province (175 mètres) est situé dans la commune de Perwez à la frontière avec la province de Namur à proximité du Bois de Grand-Leez, le point le plus bas (30 mètres) dans la vallée de la Dyle près de la sous-commune de Nethen de Gravé à la frontière avec le Brabant flamand.</p>
<p><strong>Hydrographie</strong></p>
<p>Les principaux cours d&#8217;eau de la province sont, d&#8217;ouest en est, la Senne, la Dyle qui prend sa source à Houtain-le-Val à l&#8217;extrême sud de la province, et la Grande Gette. Ces cours d&#8217;eau appartiennent tous au bassin de l&#8217;Escaut et s&#8217;étendent chacun du sud au nord. Les cours d&#8217;eau plus petits sont le Hain, le Lasne, le Train et la Petite Gette. A l&#8217;ouest de la province, en partie dans la vallée de la Senne, coule le canal Charleroi-Bruxelles.</p>

<p>Géographie du Brabant wallon. La superficie totale de la province est de 1091 km², la capitale est Wavre. La province a une forme allongée et mesure environ 90 </p>
