{"id":54391,"date":"2024-11-18T14:43:08","date_gmt":"2024-11-18T14:43:08","guid":{"rendered":"https:\/\/gifex.com\/fr\/?post_type=ficha&#038;p=54391"},"modified":"2024-11-18T14:55:44","modified_gmt":"2024-11-18T14:55:44","slug":"carte-physique-de-flandre-orientale","status":"publish","type":"ficha","link":"https:\/\/gifex.com\/fr\/fichier\/carte-physique-de-flandre-orientale\/","title":{"rendered":"Carte physique de Flandre-Orientale"},"content":{"rendered":"<p style=\"text-align: center;\"><label style=\"font-size: 15px;\">Carte physique de Flandre-Orientale <a href=\"https:\/\/gifex.com\/fr\/wp-content\/uploads\/54391\/Carte-physique-de-Flandre-Orientale.pdf\" target=\"_blank\" rel=\"noopener\">(format pdf)<\/a>.<\/label><\/p>\n<p><strong>G\u00e9ographie de Flandre-Orientale<\/strong><\/p>\n<p>La province compte plusieurs r\u00e9gions g\u00e9ographiques ou touristiques :<\/p>\n<ul>\n<li>Pays de la Dendre<\/li>\n<li>Meetjesland<\/li>\n<li>Pays de Waes<\/li>\n<li>Ardennes flamandes<\/li>\n<\/ul>\n<p>Les cours d&#8217;eau importants sont l&#8217;Escaut et la Lys qui se confondent \u00e0 Gand. La Dendre se jette dans l&#8217;Escaut dans la ville de Termonde.<\/p>\n<figure id=\"attachment_54394\" aria-describedby=\"caption-attachment-54394\" style=\"width: 400px\" class=\"wp-caption aligncenter\"><a href=\"https:\/\/gifex.com\/fr\/wp-content\/uploads\/54391\/Carte-du-relief-de-Flandre-Orientale.jpg\" target=\"_blank\" rel=\"noopener\"><img fetchpriority=\"high\" decoding=\"async\" class=\"wp-image-54394\" title=\"Carte du relief de Flandre-Orientale.\" src=\"https:\/\/gifex.com\/fr\/wp-content\/uploads\/54391\/Carte-du-relief-de-Flandre-Orientale-300x297.jpg\" alt=\"Carte du relief de Flandre-Orientale.\" width=\"400\" height=\"396\" srcset=\"https:\/\/gifex.com\/fr\/wp-content\/uploads\/54391\/Carte-du-relief-de-Flandre-Orientale-300x297.jpg 300w, https:\/\/gifex.com\/fr\/wp-content\/uploads\/54391\/Carte-du-relief-de-Flandre-Orientale-1024x1013.jpg 1024w, https:\/\/gifex.com\/fr\/wp-content\/uploads\/54391\/Carte-du-relief-de-Flandre-Orientale-150x150.jpg 150w, https:\/\/gifex.com\/fr\/wp-content\/uploads\/54391\/Carte-du-relief-de-Flandre-Orientale-768x760.jpg 768w, https:\/\/gifex.com\/fr\/wp-content\/uploads\/54391\/Carte-du-relief-de-Flandre-Orientale-1536x1520.jpg 1536w, https:\/\/gifex.com\/fr\/wp-content\/uploads\/54391\/Carte-du-relief-de-Flandre-Orientale-2048x2026.jpg 2048w, https:\/\/gifex.com\/fr\/wp-content\/uploads\/54391\/Carte-du-relief-de-Flandre-Orientale-1600x1583.jpg 1600w\" sizes=\"(max-width: 400px) 100vw, 400px\" \/><\/a><figcaption id=\"caption-attachment-54394\" class=\"wp-caption-text\"><label style=\"font-size: 15px;\">Carte du relief de Flandre-Orientale.<\/label><\/figcaption><\/figure>\n","protected":false},"excerpt":{"rendered":"<p>G\u00e9ographie de Flandre-Orientale. La province compte plusieurs r\u00e9gions g\u00e9ographiques ou touristiques : Pays de la Dendre, Meetjesland, Pays de Waes, Ardennes &#8230;<\/p>\n","protected":false},"author":1,"featured_media":54398,"template":"","categoria_ficha":[1750],"class_list":["post-54391","ficha","type-ficha","status-publish","has-post-thumbnail","hentry","categoria_ficha-cartes-de-la-province-de-flandre-orientale"],"acf":[],"_links":{"self":[{"href":"https:\/\/gifex.com\/fr\/wp-json\/wp\/v2\/ficha\/54391","targetHints":{"allow":["GET"]}}],"collection":[{"href":"https:\/\/gifex.com\/fr\/wp-json\/wp\/v2\/ficha"}],"about":[{"href":"https:\/\/gifex.com\/fr\/wp-json\/wp\/v2\/types\/ficha"}],"author":[{"embeddable":true,"href":"https:\/\/gifex.com\/fr\/wp-json\/wp\/v2\/users\/1"}],"version-history":[{"count":1,"href":"https:\/\/gifex.com\/fr\/wp-json\/wp\/v2\/ficha\/54391\/revisions"}],"predecessor-version":[{"id":54396,"href":"https:\/\/gifex.com\/fr\/wp-json\/wp\/v2\/ficha\/54391\/revisions\/54396"}],"wp:featuredmedia":[{"embeddable":true,"href":"https:\/\/gifex.com\/fr\/wp-json\/wp\/v2\/media\/54398"}],"wp:attachment":[{"href":"https:\/\/gifex.com\/fr\/wp-json\/wp\/v2\/media?parent=54391"}],"wp:term":[{"taxonomy":"categoria_ficha","embeddable":true,"href":"https:\/\/gifex.com\/fr\/wp-json\/wp\/v2\/categoria_ficha?post=54391"}],"curies":[{"name":"wp","href":"https:\/\/api.w.org\/{rel}","templated":true}]}}

<p style="text-align: center;"><label style="font-size: 15px;">Carte physique de Flandre-Orientale <a href="https://gifex.com/fr/wp-content/uploads/54391/Carte-physique-de-Flandre-Orientale.pdf" target="_blank" rel="noopener">(format pdf)</a>.</label></p>
<p><strong>Géographie de Flandre-Orientale</strong></p>
<p>La province compte plusieurs régions géographiques ou touristiques :</p>
<ul>
<li>Pays de la Dendre</li>
<li>Meetjesland</li>
<li>Pays de Waes</li>
<li>Ardennes flamandes</li>
</ul>
<p>Les cours d&#8217;eau importants sont l&#8217;Escaut et la Lys qui se confondent à Gand. La Dendre se jette dans l&#8217;Escaut dans la ville de Termonde.</p>
<figure id="attachment_54394" aria-describedby="caption-attachment-54394" style="width: 400px" class="wp-caption aligncenter"><a href="https://gifex.com/fr/wp-content/uploads/54391/Carte-du-relief-de-Flandre-Orientale.jpg" target="_blank" rel="noopener"><img fetchpriority="high" decoding="async" class="wp-image-54394" title="Carte du relief de Flandre-Orientale." src="https://gifex.com/fr/wp-content/uploads/54391/Carte-du-relief-de-Flandre-Orientale-300x297.jpg" alt="Carte du relief de Flandre-Orientale." width="400" height="396" srcset="https://gifex.com/fr/wp-content/uploads/54391/Carte-du-relief-de-Flandre-Orientale-300x297.jpg 300w, https://gifex.com/fr/wp-content/uploads/54391/Carte-du-relief-de-Flandre-Orientale-1024x1013.jpg 1024w, https://gifex.com/fr/wp-content/uploads/54391/Carte-du-relief-de-Flandre-Orientale-150x150.jpg 150w, https://gifex.com/fr/wp-content/uploads/54391/Carte-du-relief-de-Flandre-Orientale-768x760.jpg 768w, https://gifex.com/fr/wp-content/uploads/54391/Carte-du-relief-de-Flandre-Orientale-1536x1520.jpg 1536w, https://gifex.com/fr/wp-content/uploads/54391/Carte-du-relief-de-Flandre-Orientale-2048x2026.jpg 2048w, https://gifex.com/fr/wp-content/uploads/54391/Carte-du-relief-de-Flandre-Orientale-1600x1583.jpg 1600w" sizes="(max-width: 400px) 100vw, 400px" /></a><figcaption id="caption-attachment-54394" class="wp-caption-text"><label style="font-size: 15px;">Carte du relief de Flandre-Orientale.</label></figcaption></figure>

<p>Géographie de Flandre-Orientale. La province compte plusieurs régions géographiques ou touristiques : Pays de la Dendre, Meetjesland, Pays de Waes, Ardennes &#8230;</p>
